000
CDUS41 KCLE 170532
CLITOL


CLIMATE REPORT
NATIONAL WEATHER SERVICE CLEVELAND OH
132 AM EDT TUE MAY 17 2016


...................................

...THE TOLEDO OH CLIMATE SUMMARY FOR MAY 16 2016...

CLIMATE NORMAL PERIOD 1981 TO 2010
CLIMATE RECORD PERIOD 1873 TO 2016


WEATHER ITEM   OBSERVED TIME   RECORD YEAR NORMAL DEPARTURE LAST
                VALUE   (LST)  VALUE       VALUE  FROM      YEAR
                                                  NORMAL
..................................................................
TEMPERATURE (F)
 YESTERDAY
  MAXIMUM         67    251 PM  93    1991  71     -4       74
  MINIMUM         37    556 AM  32    1967  48    -11       63
  AVERAGE         52                        60     -8       69

PRECIPITATION (IN)
  YESTERDAY        0.00                      0.12  -0.12     0.07
  MONTH TO DATE    1.35                      1.77  -0.42     1.31
  SINCE MAR 1     10.45                      7.44   3.01     5.34
  SINCE JAN 1     13.67                     11.56   2.11     8.96

SNOWFALL (IN)
  YESTERDAY        0.0                       0.0    0.0      0.0
  MONTH TO DATE    0.0                       0.1   -0.1      0.0
  SINCE MAR 1     11.4                       7.1    4.3      5.4
  SINCE JUL 1     26.4                      37.6  -11.2     45.7
  SNOW DEPTH       0

DEGREE DAYS
 HEATING
  YESTERDAY       13                         7      6        0
  MONTH TO DATE  173                       136     37       66
  SINCE MAR 1   1395                      1462    -67     1539
  SINCE JUL 1   5293                      6038   -745     6795

 COOLING
  YESTERDAY        0                         1     -1        4
  MONTH TO DATE    2                        13    -11       38
  SINCE MAR 1      2                        21    -19       38
  SINCE JAN 1      2                        21    -19       38
..................................................................


WIND (MPH)
  HIGHEST WIND SPEED    28   HIGHEST WIND DIRECTION     W (250)
  HIGHEST GUST SPEED    36   HIGHEST GUST DIRECTION    SW (230)
  AVERAGE WIND SPEED    13.2


SKY COVER
  POSSIBLE SUNSHINE  MM
  AVERAGE SKY COVER 0.0


WEATHER CONDITIONS
 THE FOLLOWING WEATHER WAS RECORDED YESTERDAY.
  NO SIGNIFICANT WEATHER WAS OBSERVED.


RELATIVE HUMIDITY (PERCENT)
 HIGHEST    64          1200 AM
 LOWEST     32           200 PM
 AVERAGE    48

..........................................................


THE TOLEDO OH CLIMATE NORMALS FOR TODAY
                         NORMAL    RECORD    YEAR
 MAXIMUM TEMPERATURE (F)   71        95      1962
 MINIMUM TEMPERATURE (F)   49        30      1973


SUNRISE AND SUNSET
MAY 17 2016...........SUNRISE   613 AM EDT   SUNSET   850 PM EDT
MAY 18 2016...........SUNRISE   613 AM EDT   SUNSET   851 PM EDT


-  INDICATES NEGATIVE NUMBERS.
R  INDICATES RECORD WAS SET OR TIED.
MM INDICATES DATA IS MISSING.
T  INDICATES TRACE AMOUNT.




$$
