000
CDUS41 KCLE 132219
CLITOL


CLIMATE REPORT
NATIONAL WEATHER SERVICE CLEVELAND OH
518 PM EST THU NOV 13 2014


...................................

...THE TOLEDO OH CLIMATE SUMMARY FOR NOVEMBER 13 2014...
VALID TODAY AS OF 0500 PM LOCAL TIME.

CLIMATE NORMAL PERIOD 1981 TO 2010
CLIMATE RECORD PERIOD 1873 TO 2014


WEATHER ITEM   OBSERVED TIME   RECORD YEAR NORMAL DEPARTURE LAST
                VALUE   (LST)  VALUE       VALUE  FROM      YEAR
                                                  NORMAL
..................................................................
TEMPERATURE (F)
 TODAY
  MAXIMUM         35    308 PM  72    2010  51    -16       37
                                      1989
  MINIMUM         27    815 AM  13    1911  34     -7       19
  AVERAGE         31                        43    -12       28

PRECIPITATION (IN)
  TODAY            T                         0.10  -0.10     0.00
  MONTH TO DATE    0.34                      1.18  -0.84     0.46
  SINCE SEP 1      7.93                      6.56   1.37     6.07
  SINCE JAN 1     29.12                     29.88  -0.76    32.86

SNOWFALL (IN)
  TODAY            T                         0.0    0.0      0.0
  MONTH TO DATE    T                         0.4   -0.4      0.5
  SINCE SEP 1      T                         0.6   -0.6      0.5
  SINCE JUL 1      T                         0.6   -0.6      0.5
  SNOW DEPTH       0

DEGREE DAYS
 HEATING
  TODAY           34                        22     12       37
  MONTH TO DATE  300                       261     39      301
  SINCE SEP 1    837                       773     64      809
  SINCE JUL 1    851                       787     64      838

 COOLING
  TODAY            0                         0      0        0
  MONTH TO DATE    0                         0      0        0
  SINCE SEP 1     56                        91    -35      111
  SINCE JAN 1    654                       793   -139      793
..................................................................


WIND (MPH)
  HIGHEST WIND SPEED    20   HIGHEST WIND DIRECTION     W (260)
  HIGHEST GUST SPEED    25   HIGHEST GUST DIRECTION    NW (310)


SKY COVER
  POSSIBLE SUNSHINE  MM
  AVERAGE SKY COVER 0.9


WEATHER CONDITIONS
 THE FOLLOWING WEATHER WAS RECORDED TODAY.
  LIGHT SNOW
  FOG
  HAZE


RELATIVE HUMIDITY (PERCENT)
 HIGHEST    85           300 AM
 LOWEST     47           300 PM
 AVERAGE    66

..........................................................


THE TOLEDO OH CLIMATE NORMALS FOR TOMORROW
                         NORMAL    RECORD    YEAR
 MAXIMUM TEMPERATURE (F)   51        72      1909
 MINIMUM TEMPERATURE (F)   34        11      1986


SUNRISE AND SUNSET
NOVEMBER 13 2014......SUNRISE   722 AM EST   SUNSET   517 PM EST
NOVEMBER 14 2014......SUNRISE   723 AM EST   SUNSET   516 PM EST


-  INDICATES NEGATIVE NUMBERS.
R  INDICATES RECORD WAS SET OR TIED.
MM INDICATES DATA IS MISSING.
T  INDICATES TRACE AMOUNT.




$$
