000
CDUS41 KCLE 160545
CLITOL


CLIMATE REPORT
NATIONAL WEATHER SERVICE CLEVELAND OH
145 AM EDT SAT AUG 16 2014


...................................

...THE TOLEDO OH CLIMATE SUMMARY FOR AUGUST 15 2014...

CLIMATE NORMAL PERIOD 1981 TO 2010
CLIMATE RECORD PERIOD 1873 TO 2014


WEATHER ITEM   OBSERVED TIME   RECORD YEAR NORMAL DEPARTURE LAST
                VALUE   (LST)  VALUE       VALUE  FROM      YEAR
                                                  NORMAL
..................................................................
TEMPERATURE (F)
 YESTERDAY
  MAXIMUM         75    518 PM  95    1995  82     -7       74
                                      1944
  MINIMUM         49    627 AM  42    1964  61    -12       46
  AVERAGE         62                        72    -10       60

PRECIPITATION (IN)
  YESTERDAY        0.00                      0.10  -0.10     0.00
  MONTH TO DATE    2.14                      1.57   0.57     1.50
  SINCE JUN 1      6.95                      8.37  -1.42    11.79
  SINCE JAN 1     20.80                     21.74  -0.94    26.29

SNOWFALL (IN)
  YESTERDAY        0.0                       0.0    0.0      0.0
  MONTH TO DATE    0.0                       0.0    0.0      0.0
  SINCE JUN 1      0.0                       0.0    0.0      0.0
  SINCE JUL 1      0.0                       0.0    0.0      0.0
  SNOW DEPTH       0

DEGREE DAYS
 HEATING
  YESTERDAY        3                         0      3        5
  MONTH TO DATE    5                         0      5       16
  SINCE JUN 1     30                        38     -8       60
  SINCE JUL 1     14                         3     11       29

 COOLING
  YESTERDAY        0                         7     -7        0
  MONTH TO DATE   66                       114    -48       56
  SINCE JUN 1    394                       549   -155      463
  SINCE JAN 1    456                       602   -146      557
..................................................................


WIND (MPH)
  HIGHEST WIND SPEED    13   HIGHEST WIND DIRECTION     W (260)
  HIGHEST GUST SPEED    20   HIGHEST GUST DIRECTION    SW (240)
  AVERAGE WIND SPEED     5.6


SKY COVER
  POSSIBLE SUNSHINE  MM
  AVERAGE SKY COVER 0.0


WEATHER CONDITIONS
 THE FOLLOWING WEATHER WAS RECORDED YESTERDAY.
  NO SIGNIFICANT WEATHER WAS OBSERVED.


RELATIVE HUMIDITY (PERCENT)
 HIGHEST    86           600 AM
 LOWEST     35           200 PM
 AVERAGE    61

..........................................................


THE TOLEDO OH CLIMATE NORMALS FOR TODAY
                         NORMAL    RECORD    YEAR
 MAXIMUM TEMPERATURE (F)   82        94      2009
                                             1987
                                             1922
 MINIMUM TEMPERATURE (F)   61        44      1979


SUNRISE AND SUNSET
AUGUST 16 2014........SUNRISE   645 AM EDT   SUNSET   833 PM EDT
AUGUST 17 2014........SUNRISE   646 AM EDT   SUNSET   832 PM EDT


-  INDICATES NEGATIVE NUMBERS.
R  INDICATES RECORD WAS SET OR TIED.
MM INDICATES DATA IS MISSING.
T  INDICATES TRACE AMOUNT.




$$
