000
CDUS41 KCLE 072211
CLITOL


CLIMATE REPORT
NATIONAL WEATHER SERVICE CLEVELAND OH
511 PM EST TUE NOV 7 2017


...................................

...THE TOLEDO OH CLIMATE SUMMARY FOR NOVEMBER 7 2017...
VALID TODAY AS OF 0500 PM LOCAL TIME.

CLIMATE NORMAL PERIOD 1981 TO 2010
CLIMATE RECORD PERIOD 1873 TO 2017


WEATHER ITEM   OBSERVED TIME   RECORD YEAR NORMAL DEPARTURE LAST
                VALUE   (LST)  VALUE       VALUE  FROM      YEAR
                                                  NORMAL
..................................................................
TEMPERATURE (F)
 TODAY
  MAXIMUM         51    234 PM  73    1895  54     -3       67
  MINIMUM         39   1211 AM  18    1991  36      3       36
                                      1967
  AVERAGE         45                        45      0       52

PRECIPITATION (IN)
  TODAY            0.00                      0.09  -0.09     0.00
  MONTH TO DATE    2.82                      0.63   2.19     0.61
  SINCE SEP 1      8.74                      6.01   2.73     7.35
  SINCE JAN 1     35.54                     29.33   6.21    30.66

SNOWFALL (IN)
  TODAY            0.0                       0.0    0.0      0.0
  MONTH TO DATE    0.0                       0.2   -0.2      0.0
  SINCE SEP 1      0.0                       0.4   -0.4      0.0
  SINCE JUL 1      0.0                       0.4   -0.4      0.0
  SNOW DEPTH       0

DEGREE DAYS
 HEATING
  TODAY           20                        20      0       13
  MONTH TO DATE  116                       133    -17       70
  SINCE SEP 1    455                       645   -190      413
  SINCE JUL 1    469                       659   -190      414

 COOLING
  TODAY            0                         0      0        0
  MONTH TO DATE    0                         0      0        4
  SINCE SEP 1    151                        91     60      148
  SINCE JAN 1    744                       793    -49     1037
..................................................................


WIND (MPH)
  HIGHEST WIND SPEED    17   HIGHEST WIND DIRECTION    NE (60)
  HIGHEST GUST SPEED    24   HIGHEST GUST DIRECTION    NE (40)


SKY COVER
  POSSIBLE SUNSHINE  MM
  AVERAGE SKY COVER 0.4


WEATHER CONDITIONS
 THE FOLLOWING WEATHER WAS RECORDED TODAY.
  NO SIGNIFICANT WEATHER WAS OBSERVED.


RELATIVE HUMIDITY (PERCENT)
 HIGHEST    86           200 AM
 LOWEST     46           100 PM
 AVERAGE    66

..........................................................


THE TOLEDO OH CLIMATE NORMALS FOR TOMORROW
                         NORMAL    RECORD    YEAR
 MAXIMUM TEMPERATURE (F)   54        73      1945
 MINIMUM TEMPERATURE (F)   36         9      1991


SUNRISE AND SUNSET
NOVEMBER  7 2017......SUNRISE   715 AM EST   SUNSET   523 PM EST
NOVEMBER  8 2017......SUNRISE   716 AM EST   SUNSET   522 PM EST


-  INDICATES NEGATIVE NUMBERS.
R  INDICATES RECORD WAS SET OR TIED.
MM INDICATES DATA IS MISSING.
T  INDICATES TRACE AMOUNT.




$$
