000
CDUS41 KCLE 200527
CLITOL


CLIMATE REPORT
NATIONAL WEATHER SERVICE CLEVELAND OH
1227 AM EST SAT DEC 20 2014


...................................

...THE TOLEDO OH CLIMATE SUMMARY FOR DECEMBER 19 2014...

CLIMATE NORMAL PERIOD 1981 TO 2010
CLIMATE RECORD PERIOD 1873 TO 2014


WEATHER ITEM   OBSERVED TIME   RECORD YEAR NORMAL DEPARTURE LAST
                VALUE   (LST)  VALUE       VALUE  FROM      YEAR
                                                  NORMAL
..................................................................
TEMPERATURE (F)
 YESTERDAY
  MAXIMUM         30    958 PM  59    1895  35     -5       44
                                      1877
  MINIMUM         28    636 AM  -8    1884  22      6       31
  AVERAGE         29                        28      1       38

PRECIPITATION (IN)
  YESTERDAY        0.00                      0.09  -0.09     0.00
  MONTH TO DATE    0.43                      1.67  -1.24     0.74
  SINCE DEC 1      0.43                      1.67  -1.24     0.74
  SINCE JAN 1     31.04                     33.23  -2.19    34.50

SNOWFALL (IN)
  YESTERDAY        0.0                       0.3   -0.3      0.0
  MONTH TO DATE    T                         4.0   -4.0      9.5
  SINCE DEC 1      T                         4.0   -4.0      9.5
  SINCE JUL 1      2.8                       6.1   -3.3     10.0
  SNOW DEPTH       0

DEGREE DAYS
 HEATING
  YESTERDAY       36                        36      0       27
  MONTH TO DATE  596                       638    -42      737
  SINCE DEC 1    596                       638    -42      737
  SINCE JUL 1   2034                      1871    163     2085

 COOLING
  YESTERDAY        0                         0      0        0
  MONTH TO DATE    0                         0      0        0
  SINCE DEC 1      0                         0      0        0
  SINCE JAN 1    654                       793   -139      793
..................................................................


WIND (MPH)
  HIGHEST WIND SPEED    10   HIGHEST WIND DIRECTION     W (280)
  HIGHEST GUST SPEED    13   HIGHEST GUST DIRECTION     W (280)
  AVERAGE WIND SPEED     2.6


SKY COVER
  POSSIBLE SUNSHINE  MM
  AVERAGE SKY COVER 1.0


WEATHER CONDITIONS
 THE FOLLOWING WEATHER WAS RECORDED YESTERDAY.
  FOG
  HAZE


RELATIVE HUMIDITY (PERCENT)
 HIGHEST    85          1200 AM
 LOWEST     69           800 PM
 AVERAGE    77

..........................................................


THE TOLEDO OH CLIMATE NORMALS FOR TODAY
                         NORMAL    RECORD    YEAR
 MAXIMUM TEMPERATURE (F)   35        62      1895
 MINIMUM TEMPERATURE (F)   22        -7      1963


SUNRISE AND SUNSET
DECEMBER 20 2014......SUNRISE   758 AM EST   SUNSET   508 PM EST
DECEMBER 21 2014......SUNRISE   759 AM EST   SUNSET   508 PM EST


-  INDICATES NEGATIVE NUMBERS.
R  INDICATES RECORD WAS SET OR TIED.
MM INDICATES DATA IS MISSING.
T  INDICATES TRACE AMOUNT.




$$
