000
CDUS41 KCLE 160534
CLITOL


CLIMATE REPORT
NATIONAL WEATHER SERVICE CLEVELAND OH
126 AM EDT SAT APR 16 2016


...................................

...THE TOLEDO OH CLIMATE SUMMARY FOR APRIL 15 2016...

CLIMATE NORMAL PERIOD 1981 TO 2010
CLIMATE RECORD PERIOD 1873 TO 2016


WEATHER ITEM   OBSERVED TIME   RECORD YEAR NORMAL DEPARTURE LAST
                VALUE   (LST)  VALUE       VALUE  FROM      YEAR
                                                  NORMAL
..................................................................
TEMPERATURE (F)
 YESTERDAY
  MAXIMUM         65    409 PM  85    2002  60      5       61
  MINIMUM         35    620 AM  20    1943  39     -4       36
  AVERAGE         50                        49      1       49

PRECIPITATION (IN)
  YESTERDAY        0.00                      0.10  -0.10     0.00
  MONTH TO DATE    1.80                      1.58   0.22     1.75
  SINCE MAR 1      6.90                      4.06   2.84     3.09
  SINCE JAN 1     10.12                      8.18   1.94     6.71

SNOWFALL (IN)
  YESTERDAY        0.0                       0.1   -0.1      0.0
  MONTH TO DATE    8.7                       1.0    7.7      0.0
  SINCE MAR 1     11.4                       6.7    4.7      5.4
  SINCE JUL 1     26.4                      37.2  -10.8     45.7
  SNOW DEPTH       0

DEGREE DAYS
 HEATING
  YESTERDAY       15                        16     -1       16
  MONTH TO DATE  381                       278    103      241
  SINCE MAR 1   1055                      1128    -73     1231
  SINCE JUL 1   4953                      5704   -751     6487

 COOLING
  YESTERDAY        0                         0      0        0
  MONTH TO DATE    0                         0      0        0
  SINCE MAR 1      0                         0      0        0
  SINCE JAN 1      0                         0      0        0
..................................................................


WIND (MPH)
  HIGHEST WIND SPEED    17   HIGHEST WIND DIRECTION     E (90)
  HIGHEST GUST SPEED    22   HIGHEST GUST DIRECTION     E (90)
  AVERAGE WIND SPEED     8.6


SKY COVER
  POSSIBLE SUNSHINE  MM
  AVERAGE SKY COVER 0.0


WEATHER CONDITIONS
 THE FOLLOWING WEATHER WAS RECORDED YESTERDAY.
  NO SIGNIFICANT WEATHER WAS OBSERVED.


RELATIVE HUMIDITY (PERCENT)
 HIGHEST    76          1200 AM
 LOWEST     34           300 PM
 AVERAGE    55

..........................................................


THE TOLEDO OH CLIMATE NORMALS FOR TODAY
                         NORMAL    RECORD    YEAR
 MAXIMUM TEMPERATURE (F)   60        88      2002
 MINIMUM TEMPERATURE (F)   39        19      2014


SUNRISE AND SUNSET
APRIL 16 2016.........SUNRISE   653 AM EDT   SUNSET   817 PM EDT
APRIL 17 2016.........SUNRISE   651 AM EDT   SUNSET   819 PM EDT


-  INDICATES NEGATIVE NUMBERS.
R  INDICATES RECORD WAS SET OR TIED.
MM INDICATES DATA IS MISSING.
T  INDICATES TRACE AMOUNT.




$$
