000
CDUS41 KCLE 150527
CLITOL


CLIMATE REPORT
NATIONAL WEATHER SERVICE CLEVELAND OH
127 AM EDT SUN MAY 15 2016


...................................

...THE TOLEDO OH CLIMATE SUMMARY FOR MAY 14 2016...

CLIMATE NORMAL PERIOD 1981 TO 2010
CLIMATE RECORD PERIOD 1873 TO 2016


WEATHER ITEM   OBSERVED TIME   RECORD YEAR NORMAL DEPARTURE LAST
                VALUE   (LST)  VALUE       VALUE  FROM      YEAR
                                                  NORMAL
..................................................................
TEMPERATURE (F)
 YESTERDAY
  MAXIMUM         58   1251 AM  92    1991  70    -12       62
  MINIMUM         40   1159 PM  29    1973  48     -8       37
  AVERAGE         49                        59    -10       50

PRECIPITATION (IN)
  YESTERDAY        0.18                      0.12   0.06      T
  MONTH TO DATE    1.35                      1.54  -0.19     1.01
  SINCE MAR 1     10.45                      7.21   3.24     5.04
  SINCE JAN 1     13.67                     11.33   2.34     8.66

SNOWFALL (IN)
  YESTERDAY        0.0                       0.0    0.0      0.0
  MONTH TO DATE    0.0                       0.1   -0.1      0.0
  SINCE MAR 1     11.4                       7.1    4.3      5.4
  SINCE JUL 1     26.4                      37.6  -11.2     45.7
  SNOW DEPTH       0

DEGREE DAYS
 HEATING
  YESTERDAY       16                         7      9       15
  MONTH TO DATE  138                       122     16       65
  SINCE MAR 1   1360                      1448    -88     1538
  SINCE JUL 1   5258                      6024   -766     6794

 COOLING
  YESTERDAY        0                         1     -1        0
  MONTH TO DATE    2                        11     -9       34
  SINCE MAR 1      2                        19    -17       34
  SINCE JAN 1      2                        19    -17       34
..................................................................


WIND (MPH)
  HIGHEST WIND SPEED    26   HIGHEST WIND DIRECTION     W (280)
  HIGHEST GUST SPEED    35   HIGHEST GUST DIRECTION     W (280)
  AVERAGE WIND SPEED    15.2


SKY COVER
  POSSIBLE SUNSHINE  MM
  AVERAGE SKY COVER 1.0


WEATHER CONDITIONS
 THE FOLLOWING WEATHER WAS RECORDED YESTERDAY.
  LIGHT RAIN
  FOG


RELATIVE HUMIDITY (PERCENT)
 HIGHEST    93           300 AM
 LOWEST     53           600 PM
 AVERAGE    73

..........................................................


THE TOLEDO OH CLIMATE NORMALS FOR TODAY
                         NORMAL    RECORD    YEAR
 MAXIMUM TEMPERATURE (F)   71        92      1962
 MINIMUM TEMPERATURE (F)   48        34      1964
                                             1895


SUNRISE AND SUNSET
MAY 15 2016...........SUNRISE   615 AM EDT   SUNSET   848 PM EDT
MAY 16 2016...........SUNRISE   614 AM EDT   SUNSET   849 PM EDT


-  INDICATES NEGATIVE NUMBERS.
R  INDICATES RECORD WAS SET OR TIED.
MM INDICATES DATA IS MISSING.
T  INDICATES TRACE AMOUNT.




$$
