816
CDUS41 KCLE 140529
CLITOL


CLIMATE REPORT
NATIONAL WEATHER SERVICE CLEVELAND OH
127 AM EDT THU SEP 14 2017


...................................

...THE TOLEDO OH CLIMATE SUMMARY FOR SEPTEMBER 13 2017...

CLIMATE NORMAL PERIOD 1981 TO 2010
CLIMATE RECORD PERIOD 1873 TO 2017


WEATHER ITEM   OBSERVED TIME   RECORD YEAR NORMAL DEPARTURE LAST
                VALUE   (LST)  VALUE       VALUE  FROM      YEAR
                                                  NORMAL
..................................................................
TEMPERATURE (F)
 YESTERDAY
  MAXIMUM         72    136 PM  96    1952  77     -5       83
  MINIMUM         60   1159 PM  35    1975  54      6       52
  AVERAGE         66                        65      1       68

PRECIPITATION (IN)
  YESTERDAY        0.07                      0.10  -0.03     0.00
  MONTH TO DATE    0.79                      1.23  -0.44     0.87
  SINCE SEP 1      0.79                      1.23  -0.44     0.87
  SINCE JAN 1     27.59                     24.55   3.04    24.18

SNOWFALL (IN)
  YESTERDAY        0.0                       0.0    0.0      0.0
  MONTH TO DATE    0.0                       0.0    0.0      0.0
  SINCE SEP 1      0.0                       0.0    0.0      0.0
  SINCE JUL 1      0.0                       0.0    0.0      0.0
  SNOW DEPTH       0

DEGREE DAYS
 HEATING
  YESTERDAY        0                         3     -3        0
  MONTH TO DATE   61                        21     40        3
  SINCE SEP 1     61                        21     40        3
  SINCE JUL 1     75                        35     40        4

 COOLING
  YESTERDAY        1                         3     -2        3
  MONTH TO DATE   10                        53    -43       70
  SINCE SEP 1     10                        53    -43       70
  SINCE JAN 1    603                       755   -152      959
..................................................................


WIND (MPH)
  HIGHEST WIND SPEED    10   HIGHEST WIND DIRECTION     W (250)
  HIGHEST GUST SPEED    13   HIGHEST GUST DIRECTION    SW (240)
  AVERAGE WIND SPEED     4.4


SKY COVER
  POSSIBLE SUNSHINE  MM
  AVERAGE SKY COVER 0.9


WEATHER CONDITIONS
 THE FOLLOWING WEATHER WAS RECORDED YESTERDAY.
  LIGHT RAIN
  FOG


RELATIVE HUMIDITY (PERCENT)
 HIGHEST   100           700 AM
 LOWEST     78           300 PM
 AVERAGE    89

..........................................................


THE TOLEDO OH CLIMATE NORMALS FOR TODAY
                         NORMAL    RECORD    YEAR
 MAXIMUM TEMPERATURE (F)   76        98      1939
 MINIMUM TEMPERATURE (F)   54        31      1975


SUNRISE AND SUNSET
SEPTEMBER 14 2017.....SUNRISE   715 AM EDT   SUNSET   746 PM EDT
SEPTEMBER 15 2017.....SUNRISE   716 AM EDT   SUNSET   744 PM EDT


-  INDICATES NEGATIVE NUMBERS.
R  INDICATES RECORD WAS SET OR TIED.
MM INDICATES DATA IS MISSING.
T  INDICATES TRACE AMOUNT.




$$
