000
CDUS41 KCLE 110536
CLITOL


CLIMATE REPORT
NATIONAL WEATHER SERVICE CLEVELAND OH
1235 AM EST SAT MAR 11 2017


...................................

...THE TOLEDO OH CLIMATE SUMMARY FOR MARCH 10 2017...

CLIMATE NORMAL PERIOD 1981 TO 2010
CLIMATE RECORD PERIOD 1873 TO 2017


WEATHER ITEM   OBSERVED TIME   RECORD YEAR NORMAL DEPARTURE LAST
                VALUE   (LST)  VALUE       VALUE  FROM      YEAR
                                                  NORMAL
..................................................................
TEMPERATURE (F)
 YESTERDAY
  MAXIMUM         34    216 PM  72    1925  44    -10       58
  MINIMUM         16   1159 PM   6    1972  26    -10       46
  AVERAGE         25                        35    -10       52

PRECIPITATION (IN)
  YESTERDAY        0.00                      0.07  -0.07     0.36
  MONTH TO DATE    0.63                      0.75  -0.12     0.99
  SINCE MAR 1      0.63                      0.75  -0.12     0.99
  SINCE JAN 1      6.40                      4.87   1.53     4.21

SNOWFALL (IN)
  YESTERDAY        0.0                       0.2   -0.2      0.0
  MONTH TO DATE    T                         2.4   -2.4      2.7
  SINCE MAR 1      T                         2.4   -2.4      2.7
  SINCE JUL 1     17.0                      32.9  -15.9     17.7
  SNOW DEPTH       0

DEGREE DAYS
 HEATING
  YESTERDAY       40                        30     10       13
  MONTH TO DATE  273                       314    -41      256
  SINCE MAR 1    273                       314    -41      256
  SINCE JUL 1   4118                      4890   -772     4154

 COOLING
  YESTERDAY        0                         0      0        0
  MONTH TO DATE    0                         0      0        0
  SINCE MAR 1      0                         0      0        0
  SINCE JAN 1      0                         0      0        0
..................................................................


WIND (MPH)
  HIGHEST WIND SPEED    25   HIGHEST WIND DIRECTION    NW (320)
  HIGHEST GUST SPEED    32   HIGHEST GUST DIRECTION    NW (330)
  AVERAGE WIND SPEED    14.1


SKY COVER
  POSSIBLE SUNSHINE  MM
  AVERAGE SKY COVER 0.4


WEATHER CONDITIONS
 THE FOLLOWING WEATHER WAS RECORDED YESTERDAY.
  NO SIGNIFICANT WEATHER WAS OBSERVED.


RELATIVE HUMIDITY (PERCENT)
 HIGHEST    96          1200 AM
 LOWEST     29           400 PM
 AVERAGE    63

..........................................................


THE TOLEDO OH CLIMATE NORMALS FOR TODAY
                         NORMAL    RECORD    YEAR
 MAXIMUM TEMPERATURE (F)   45        76      1990
 MINIMUM TEMPERATURE (F)   27         0      1948


SUNRISE AND SUNSET
MARCH 11 2017.........SUNRISE   653 AM EST   SUNSET   638 PM EST
MARCH 12 2017.........SUNRISE   752 AM EDT   SUNSET   739 PM EDT


-  INDICATES NEGATIVE NUMBERS.
R  INDICATES RECORD WAS SET OR TIED.
MM INDICATES DATA IS MISSING.
T  INDICATES TRACE AMOUNT.




$$
