133
CDUS41 KCLE 042212
CLITOL


CLIMATE REPORT
NATIONAL WEATHER SERVICE CLEVELAND OH
511 PM EST MON DEC 4 2017


...................................

...THE TOLEDO OH CLIMATE SUMMARY FOR DECEMBER 4 2017...
VALID TODAY AS OF 0500 PM LOCAL TIME.

CLIMATE NORMAL PERIOD 1981 TO 2010
CLIMATE RECORD PERIOD 1873 TO 2017


WEATHER ITEM   OBSERVED TIME   RECORD YEAR NORMAL DEPARTURE LAST
                VALUE   (LST)  VALUE       VALUE  FROM      YEAR
                                                  NORMAL
..................................................................
TEMPERATURE (F)
 TODAY
  MAXIMUM         57    436 PM  66    1941  40     17       38
  MINIMUM         31    316 AM  -1    1966  27      4       31
  AVERAGE         44                        34     10       35

PRECIPITATION (IN)
  TODAY            0.00                      0.09  -0.09     0.16
  MONTH TO DATE    0.00                      0.37  -0.37     0.17
  SINCE DEC 1      0.00                      0.37  -0.37     0.17
  SINCE JAN 1     37.90                     31.93   5.97    32.02

SNOWFALL (IN)
  TODAY            0.0                       0.2   -0.2      0.6
  MONTH TO DATE    0.0                       0.7   -0.7      0.6
  SINCE DEC 1      0.0                       0.7   -0.7      0.6
  SINCE JUL 1      T                         2.8   -2.8      0.6
  SNOW DEPTH       0

DEGREE DAYS
 HEATING
  TODAY           21                        32    -11       30
  MONTH TO DATE   96                       124    -28      113
  SINCE DEC 1     96                       124    -28      113
  SINCE JUL 1   1144                      1357   -213     1037

 COOLING
  TODAY            0                         0      0        0
  MONTH TO DATE    0                         0      0        0
  SINCE DEC 1      0                         0      0        0
  SINCE JAN 1    744                       793    -49     1037
..................................................................


WIND (MPH)
  HIGHEST WIND SPEED    18   HIGHEST WIND DIRECTION     S (180)
  HIGHEST GUST SPEED    26   HIGHEST GUST DIRECTION     S (180)


SKY COVER
  POSSIBLE SUNSHINE  MM
  AVERAGE SKY COVER 0.1


WEATHER CONDITIONS
 THE FOLLOWING WEATHER WAS RECORDED TODAY.
  NO SIGNIFICANT WEATHER WAS OBSERVED.


RELATIVE HUMIDITY (PERCENT)
 HIGHEST    92          1200 AM
 LOWEST     51           300 PM
 AVERAGE    72

..........................................................


THE TOLEDO OH CLIMATE NORMALS FOR TOMORROW
                         NORMAL    RECORD    YEAR
 MAXIMUM TEMPERATURE (F)   40        70      2001
 MINIMUM TEMPERATURE (F)   26        -2      1976


SUNRISE AND SUNSET
DECEMBER  4 2017......SUNRISE   746 AM EST   SUNSET   505 PM EST
DECEMBER  5 2017......SUNRISE   747 AM EST   SUNSET   505 PM EST


-  INDICATES NEGATIVE NUMBERS.
R  INDICATES RECORD WAS SET OR TIED.
MM INDICATES DATA IS MISSING.
T  INDICATES TRACE AMOUNT.




$$
