000
CDUS41 KCLE 161054
CLITOL


CLIMATE REPORT
NATIONAL WEATHER SERVICE CLEVELAND OH
654 AM EDT WED JUL 16 2014


...................................

...THE TOLEDO OH CLIMATE SUMMARY FOR JULY 15 2014...

CLIMATE NORMAL PERIOD 1981 TO 2010
CLIMATE RECORD PERIOD 1873 TO 2014


WEATHER ITEM   OBSERVED TIME   RECORD YEAR NORMAL DEPARTURE LAST
                VALUE   (LST)  VALUE       VALUE  FROM      YEAR
                                                  NORMAL
..................................................................
TEMPERATURE (F)
 YESTERDAY
  MAXIMUM         73    238 PM 101    1995  85    -12       90
                                      1977
  MINIMUM         56   1159 PM  48    1987  63     -7       70
  AVERAGE         65                        74     -9       80

PRECIPITATION (IN)
  YESTERDAY        0.00                      0.11  -0.11     0.00
  MONTH TO DATE    0.29                      1.51  -1.22     1.97
  SINCE JUN 1      4.27                      5.08  -0.81     8.32
  SINCE JAN 1     18.12                     18.45  -0.33    22.82

SNOWFALL (IN)
  YESTERDAY        0.0                       0.0    0.0      0.0
  MONTH TO DATE    0.0                       0.0    0.0      0.0
  SINCE JUN 1      0.0                       0.0    0.0      0.0
  SINCE JUL 1      0.0                       0.0    0.0      0.0
  SNOW DEPTH       0

DEGREE DAYS
 HEATING
  YESTERDAY        0                         0      0        0
  MONTH TO DATE    1                         0      1        1
  SINCE JUN 1     17                        35    -18       32
  SINCE JUL 1      1                         0      1        1

 COOLING
  YESTERDAY        0                         9     -9       15
  MONTH TO DATE   91                       133    -42      123
  SINCE JUN 1    282                       303    -21      285
  SINCE JAN 1    344                       356    -12      379
..................................................................


WIND (MPH)
  HIGHEST WIND SPEED    23   HIGHEST WIND DIRECTION     W (250)
  HIGHEST GUST SPEED    28   HIGHEST GUST DIRECTION    NW (300)
  AVERAGE WIND SPEED    11.5


SKY COVER
  POSSIBLE SUNSHINE  MM
  AVERAGE SKY COVER 0.3


WEATHER CONDITIONS
 THE FOLLOWING WEATHER WAS RECORDED YESTERDAY.
  NO SIGNIFICANT WEATHER WAS OBSERVED.


RELATIVE HUMIDITY (PERCENT)
 HIGHEST    93           200 AM
 LOWEST     41          1200 PM
 AVERAGE    67

..........................................................


THE TOLEDO OH CLIMATE NORMALS FOR TODAY
                         NORMAL    RECORD    YEAR
 MAXIMUM TEMPERATURE (F)   85        99      1988
 MINIMUM TEMPERATURE (F)   63        44      1945


SUNRISE AND SUNSET
JULY 16 2014..........SUNRISE   615 AM EDT   SUNSET   907 PM EDT
JULY 17 2014..........SUNRISE   616 AM EDT   SUNSET   906 PM EDT


-  INDICATES NEGATIVE NUMBERS.
R  INDICATES RECORD WAS SET OR TIED.
MM INDICATES DATA IS MISSING.
T  INDICATES TRACE AMOUNT.




$$
