000
CDUS41 KCLE 290526
CLITOL


CLIMATE REPORT
NATIONAL WEATHER SERVICE CLEVELAND OH
1226 AM EST FRI JAN 29 2016


...................................

...THE TOLEDO OH CLIMATE SUMMARY FOR JANUARY 28 2016...

CLIMATE NORMAL PERIOD 1981 TO 2010
CLIMATE RECORD PERIOD 1873 TO 2016


WEATHER ITEM   OBSERVED TIME   RECORD YEAR NORMAL DEPARTURE LAST
                VALUE   (LST)  VALUE       VALUE  FROM      YEAR
                                                  NORMAL
..................................................................
TEMPERATURE (F)
 YESTERDAY
  MAXIMUM         41    129 PM  61    2002  33      8       26
  MINIMUM         27    301 AM -10    2014  18      9        4
                                      1977
  AVERAGE         34                        26      8       15

PRECIPITATION (IN)
  YESTERDAY        0.01                      0.06  -0.05     0.00
  MONTH TO DATE    1.42                      1.86  -0.44     1.90
  SINCE DEC 1      4.40                      4.54  -0.14     2.99
  SINCE JAN 1      1.42                      1.86  -0.44     1.90

SNOWFALL (IN)
  YESTERDAY        T                         0.4   -0.4      0.0
  MONTH TO DATE    5.9                      10.4   -4.5     12.2
  SINCE DEC 1      5.9                      17.8  -11.9     12.2
  SINCE JUL 1      9.4                      19.9  -10.5     15.0
  SNOW DEPTH       0

DEGREE DAYS
 HEATING
  YESTERDAY       31                        39     -8       50
  MONTH TO DATE 1100                      1110    -10     1246
  SINCE DEC 1   1840                      2202   -362     2234
  SINCE JUL 1   2850                      3435   -585     3672

 COOLING
  YESTERDAY        0                         0      0        0
  MONTH TO DATE    0                         0      0        0
  SINCE DEC 1      0                         0      0        0
  SINCE JAN 1      0                         0      0        0
..................................................................


WIND (MPH)
  HIGHEST WIND SPEED    25   HIGHEST WIND DIRECTION     W (250)
  HIGHEST GUST SPEED    31   HIGHEST GUST DIRECTION     W (250)
  AVERAGE WIND SPEED    13.7


SKY COVER
  POSSIBLE SUNSHINE  MM
  AVERAGE SKY COVER 0.7


WEATHER CONDITIONS
 THE FOLLOWING WEATHER WAS RECORDED YESTERDAY.
  LIGHT RAIN


RELATIVE HUMIDITY (PERCENT)
 HIGHEST    89           700 PM
 LOWEST     59          1100 AM
 AVERAGE    74

..........................................................


THE TOLEDO OH CLIMATE NORMALS FOR TODAY
                         NORMAL    RECORD    YEAR
 MAXIMUM TEMPERATURE (F)   33        62      1914
 MINIMUM TEMPERATURE (F)   18        -9      1963
                                             1885


SUNRISE AND SUNSET
JANUARY 29 2016.......SUNRISE   750 AM EST   SUNSET   547 PM EST
JANUARY 30 2016.......SUNRISE   749 AM EST   SUNSET   548 PM EST


-  INDICATES NEGATIVE NUMBERS.
R  INDICATES RECORD WAS SET OR TIED.
MM INDICATES DATA IS MISSING.
T  INDICATES TRACE AMOUNT.




$$
