000
CDUS41 KCLE 132111
CLITOL


CLIMATE REPORT
NATIONAL WEATHER SERVICE CLEVELAND OH
510 PM EDT WED APR 13 2016


...................................

...THE TOLEDO OH CLIMATE SUMMARY FOR APRIL 13 2016...
VALID TODAY AS OF 0500 PM LOCAL TIME.

CLIMATE NORMAL PERIOD 1981 TO 2010
CLIMATE RECORD PERIOD 1873 TO 2016


WEATHER ITEM   OBSERVED TIME   RECORD YEAR NORMAL DEPARTURE LAST
                VALUE   (LST)  VALUE       VALUE  FROM      YEAR
                                                  NORMAL
..................................................................
TEMPERATURE (F)
 TODAY
  MAXIMUM         51    146 PM  86    1977  59     -8       74
  MINIMUM         28    413 AM  19    1976  38    -10       44
                                      1950
  AVERAGE         40                        48     -8       59

PRECIPITATION (IN)
  TODAY            0.00                      0.11  -0.11     0.07
  MONTH TO DATE    1.80                      1.37   0.43     1.75
  SINCE MAR 1      6.90                      3.85   3.05     3.09
  SINCE JAN 1     10.12                      7.97   2.15     6.71

SNOWFALL (IN)
  TODAY            0.0                       0.1   -0.1      0.0
  MONTH TO DATE    8.7                       0.9    7.8      0.0
  SINCE MAR 1     11.4                       6.6    4.8      5.4
  SINCE JUL 1     26.4                      37.1  -10.7     45.7
  SNOW DEPTH       0

DEGREE DAYS
 HEATING
  TODAY           25                        17      8        6
  MONTH TO DATE  344                       246     98      211
  SINCE MAR 1   1018                      1096    -78     1201
  SINCE JUL 1   4916                      5672   -756     6457

 COOLING
  TODAY            0                         0      0        0
  MONTH TO DATE    0                         0      0        0
  SINCE MAR 1      0                         0      0        0
  SINCE JAN 1      0                         0      0        0
..................................................................


WIND (MPH)
  HIGHEST WIND SPEED    18   HIGHEST WIND DIRECTION    NE (60)
  HIGHEST GUST SPEED    22   HIGHEST GUST DIRECTION     E (70)


SKY COVER
  POSSIBLE SUNSHINE  MM
  AVERAGE SKY COVER 0.0


WEATHER CONDITIONS
 THE FOLLOWING WEATHER WAS RECORDED TODAY.
  NO SIGNIFICANT WEATHER WAS OBSERVED.


RELATIVE HUMIDITY (PERCENT)
 HIGHEST    92           400 AM
 LOWEST     39           100 PM
 AVERAGE    66

..........................................................


THE TOLEDO OH CLIMATE NORMALS FOR TOMORROW
                         NORMAL    RECORD    YEAR
 MAXIMUM TEMPERATURE (F)   60        83      1941
 MINIMUM TEMPERATURE (F)   38        20      1973


SUNRISE AND SUNSET
APRIL 13 2016.........SUNRISE   658 AM EDT   SUNSET   814 PM EDT
APRIL 14 2016.........SUNRISE   656 AM EDT   SUNSET   815 PM EDT


-  INDICATES NEGATIVE NUMBERS.
R  INDICATES RECORD WAS SET OR TIED.
MM INDICATES DATA IS MISSING.
T  INDICATES TRACE AMOUNT.




$$
