000
CDUS41 KCLE 010532
CLITOL


CLIMATE REPORT
NATIONAL WEATHER SERVICE CLEVELAND OH
130 AM EDT TUE APR 1 2014


...................................

...THE TOLEDO OH CLIMATE SUMMARY FOR MARCH 31 2014...

CLIMATE NORMAL PERIOD 1981 TO 2010
CLIMATE RECORD PERIOD 1873 TO 2014


WEATHER ITEM   OBSERVED TIME   RECORD YEAR NORMAL DEPARTURE LAST
                VALUE   (LST)  VALUE       VALUE  FROM      YEAR
                                                  NORMAL
..................................................................
TEMPERATURE (F)
 YESTERDAY
  MAXIMUM         63    452 PM  80    1943  54      9       61
  MINIMUM         27    638 AM   7    1923  33     -6       38
  AVERAGE         45                        43      2       50

PRECIPITATION (IN)
  YESTERDAY        0.00                      0.10  -0.10      T
  MONTH TO DATE    1.39                      2.48  -1.09     0.73
  SINCE MAR 1      1.39                      2.48  -1.09     0.73
  SINCE JAN 1      8.57                      6.60   1.97     7.17

SNOWFALL (IN)
  YESTERDAY        0.0                       0.1   -0.1      0.0
  MONTH TO DATE   11.8                       5.7    6.1      1.4
  SINCE MAR 1     11.8                       5.7    6.1      1.4
  SINCE JUL 1     85.3                      36.2   49.1     22.1
  SNOW DEPTH       0

DEGREE DAYS
 HEATING
  YESTERDAY       20                        22     -2       15
  MONTH TO DATE 1118                       850    268      971
  SINCE MAR 1   1118                       850    268      971
  SINCE JUL 1   6444                      5426   1018     5427

 COOLING
  YESTERDAY        0                         0      0        0
  MONTH TO DATE    0                         0      0        0
  SINCE MAR 1      0                         0      0        0
  SINCE JAN 1      0                         0      0        0
..................................................................


WIND (MPH)
  HIGHEST WIND SPEED    13   HIGHEST WIND DIRECTION    SE (150)
  HIGHEST GUST SPEED    18   HIGHEST GUST DIRECTION    SE (140)
  AVERAGE WIND SPEED     4.5


SKY COVER
  POSSIBLE SUNSHINE  MM
  AVERAGE SKY COVER 0.0


WEATHER CONDITIONS
 THE FOLLOWING WEATHER WAS RECORDED YESTERDAY.
  NO SIGNIFICANT WEATHER WAS OBSERVED.


RELATIVE HUMIDITY (PERCENT)
 HIGHEST    85           700 AM
 LOWEST     29           300 PM
 AVERAGE    57

..........................................................


THE TOLEDO OH CLIMATE NORMALS FOR TODAY
                         NORMAL    RECORD    YEAR
 MAXIMUM TEMPERATURE (F)   54        80      2010
 MINIMUM TEMPERATURE (F)   34        11      1964


SUNRISE AND SUNSET
APRIL  1 2014.........SUNRISE   718 AM EDT   SUNSET   801 PM EDT
APRIL  2 2014.........SUNRISE   717 AM EDT   SUNSET   802 PM EDT


-  INDICATES NEGATIVE NUMBERS.
R  INDICATES RECORD WAS SET OR TIED.
MM INDICATES DATA IS MISSING.
T  INDICATES TRACE AMOUNT.




$$
