000
CDUS41 KCLE 150526
CLITOL


CLIMATE REPORT
NATIONAL WEATHER SERVICE CLEVELAND OH
125 AM EDT FRI APR 15 2016


...................................

...THE TOLEDO OH CLIMATE SUMMARY FOR APRIL 14 2016...

CLIMATE NORMAL PERIOD 1981 TO 2010
CLIMATE RECORD PERIOD 1873 TO 2016


WEATHER ITEM   OBSERVED TIME   RECORD YEAR NORMAL DEPARTURE LAST
                VALUE   (LST)  VALUE       VALUE  FROM      YEAR
                                                  NORMAL
..................................................................
TEMPERATURE (F)
 YESTERDAY
  MAXIMUM         54    347 PM  83    1941  60     -6       62
  MINIMUM         32    537 AM  20    1973  38     -6       39
  AVERAGE         43                        49     -6       51

PRECIPITATION (IN)
  YESTERDAY        0.00                      0.11  -0.11     0.00
  MONTH TO DATE    1.80                      1.48   0.32     1.75
  SINCE MAR 1      6.90                      3.96   2.94     3.09
  SINCE JAN 1     10.12                      8.08   2.04     6.71

SNOWFALL (IN)
  YESTERDAY        0.0                       0.0    0.0      0.0
  MONTH TO DATE    8.7                       0.9    7.8      0.0
  SINCE MAR 1     11.4                       6.6    4.8      5.4
  SINCE JUL 1     26.4                      37.1  -10.7     45.7
  SNOW DEPTH       0

DEGREE DAYS
 HEATING
  YESTERDAY       22                        16      6       14
  MONTH TO DATE  366                       262    104      225
  SINCE MAR 1   1040                      1112    -72     1215
  SINCE JUL 1   4938                      5688   -750     6471

 COOLING
  YESTERDAY        0                         0      0        0
  MONTH TO DATE    0                         0      0        0
  SINCE MAR 1      0                         0      0        0
  SINCE JAN 1      0                         0      0        0
..................................................................


WIND (MPH)
  HIGHEST WIND SPEED    18   HIGHEST WIND DIRECTION    NE (60)
  HIGHEST GUST SPEED    31   HIGHEST GUST DIRECTION    NE (60)
  AVERAGE WIND SPEED     9.5


SKY COVER
  POSSIBLE SUNSHINE  MM
  AVERAGE SKY COVER 0.0


WEATHER CONDITIONS
 THE FOLLOWING WEATHER WAS RECORDED YESTERDAY.
  NO SIGNIFICANT WEATHER WAS OBSERVED.


RELATIVE HUMIDITY (PERCENT)
 HIGHEST    85           400 AM
 LOWEST     34           700 PM
 AVERAGE    60

..........................................................


THE TOLEDO OH CLIMATE NORMALS FOR TODAY
                         NORMAL    RECORD    YEAR
 MAXIMUM TEMPERATURE (F)   60        85      2002
 MINIMUM TEMPERATURE (F)   39        20      1943


SUNRISE AND SUNSET
APRIL 15 2016.........SUNRISE   655 AM EDT   SUNSET   816 PM EDT
APRIL 16 2016.........SUNRISE   653 AM EDT   SUNSET   817 PM EDT


-  INDICATES NEGATIVE NUMBERS.
R  INDICATES RECORD WAS SET OR TIED.
MM INDICATES DATA IS MISSING.
T  INDICATES TRACE AMOUNT.




$$
