000
CDUS41 KCLE 140532
CLITOL


CLIMATE REPORT
NATIONAL WEATHER SERVICE CLEVELAND OH
130 AM EDT THU JUL 14 2016


...................................

...THE TOLEDO OH CLIMATE SUMMARY FOR JULY 13 2016...

CLIMATE NORMAL PERIOD 1981 TO 2010
CLIMATE RECORD PERIOD 1873 TO 2016


WEATHER ITEM   OBSERVED TIME   RECORD YEAR NORMAL DEPARTURE LAST
                VALUE   (LST)  VALUE       VALUE  FROM      YEAR
                                                  NORMAL
..................................................................
TEMPERATURE (F)
 YESTERDAY
  MAXIMUM         92    506 PM 100    1936  85      7       79
  MINIMUM         70   1159 PM  47    1940  63      7       60
  AVERAGE         81                        74      7       70

PRECIPITATION (IN)
  YESTERDAY        0.48                      0.11   0.37     0.08
  MONTH TO DATE    1.44                      1.30   0.14     3.20
  SINCE JUN 1      3.06                      4.87  -1.81    10.42
  SINCE JAN 1     16.82                     18.24  -1.42    22.32

SNOWFALL (IN)
  YESTERDAY        0.0                       0.0    0.0      0.0
  MONTH TO DATE    0.0                       0.0    0.0      0.0
  SINCE JUN 1      0.0                       0.0    0.0      0.0
  SINCE JUL 1      0.0                       0.0    0.0      0.0
  SNOW DEPTH       0

DEGREE DAYS
 HEATING
  YESTERDAY        0                         0      0        0
  MONTH TO DATE    1                         0      1        2
  SINCE JUN 1     14                        35    -21       37
  SINCE JUL 1      1                         0      1        2

 COOLING
  YESTERDAY       16                         9      7        5
  MONTH TO DATE  112                       115     -3       33
  SINCE JUN 1    302                       285     17      166
  SINCE JAN 1    371                       338     33      259
..................................................................


WIND (MPH)
  HIGHEST WIND SPEED    24   HIGHEST WIND DIRECTION    SW (220)
  HIGHEST GUST SPEED    33   HIGHEST GUST DIRECTION     W (250)
  AVERAGE WIND SPEED     9.3


SKY COVER
  POSSIBLE SUNSHINE  MM
  AVERAGE SKY COVER 0.0


WEATHER CONDITIONS
 THE FOLLOWING WEATHER WAS RECORDED YESTERDAY.
  HEAVY RAIN
  LIGHT RAIN
  FOG


RELATIVE HUMIDITY (PERCENT)
 HIGHEST    93           600 AM
 LOWEST     47           400 PM
 AVERAGE    70

..........................................................


THE TOLEDO OH CLIMATE NORMALS FOR TODAY
                         NORMAL    RECORD    YEAR
 MAXIMUM TEMPERATURE (F)   85       105      1936
 MINIMUM TEMPERATURE (F)   63        46      1967


SUNRISE AND SUNSET
JULY 14 2016..........SUNRISE   614 AM EDT   SUNSET   908 PM EDT
JULY 15 2016..........SUNRISE   615 AM EDT   SUNSET   907 PM EDT


-  INDICATES NEGATIVE NUMBERS.
R  INDICATES RECORD WAS SET OR TIED.
MM INDICATES DATA IS MISSING.
T  INDICATES TRACE AMOUNT.




$$
