000
CDUS41 KCLE 230528
CLITOL


CLIMATE REPORT
NATIONAL WEATHER SERVICE CLEVELAND OH
1228 AM EST FRI JAN 23 2015


...................................

...THE TOLEDO OH CLIMATE SUMMARY FOR JANUARY 22 2015...

CLIMATE NORMAL PERIOD 1981 TO 2010
CLIMATE RECORD PERIOD 1873 TO 2015


WEATHER ITEM   OBSERVED TIME   RECORD YEAR NORMAL DEPARTURE LAST
                VALUE   (LST)  VALUE       VALUE  FROM      YEAR
                                                  NORMAL
..................................................................
TEMPERATURE (F)
 YESTERDAY
  MAXIMUM         30    527 PM  65    1933  33     -3       10
  MINIMUM         24    852 AM -12    1936  18      6      -10
  AVERAGE         27                        25      2        0

PRECIPITATION (IN)
  YESTERDAY        0.00                      0.06  -0.06     0.06
  MONTH TO DATE    1.85                      1.50   0.35     2.83
  SINCE DEC 1      2.94                      4.18  -1.24     5.90
  SINCE JAN 1      1.85                      1.50   0.35     2.83

SNOWFALL (IN)
  YESTERDAY        0.0                       0.4   -0.4      1.6
  MONTH TO DATE   11.3                       8.1    3.2     32.5
  SINCE DEC 1     11.3                      15.5   -4.2     43.7
  SINCE JUL 1     14.1                      17.6   -3.5     44.2
  SNOW DEPTH       1

DEGREE DAYS
 HEATING
  YESTERDAY       38                        40     -2       65
  MONTH TO DATE  989                       871    118     1036
  SINCE DEC 1   1977                      1963     14     2187
  SINCE JUL 1   3415                      3196    219     3535

 COOLING
  YESTERDAY        0                         0      0        0
  MONTH TO DATE    0                         0      0        0
  SINCE DEC 1      0                         0      0        0
  SINCE JAN 1      0                         0      0        0
..................................................................


WIND (MPH)
  HIGHEST WIND SPEED    13   HIGHEST WIND DIRECTION     W (280)
  HIGHEST GUST SPEED    16   HIGHEST GUST DIRECTION     W (280)
  AVERAGE WIND SPEED     3.9


SKY COVER
  POSSIBLE SUNSHINE  MM
  AVERAGE SKY COVER 1.0


WEATHER CONDITIONS
 THE FOLLOWING WEATHER WAS RECORDED YESTERDAY.
  FOG


RELATIVE HUMIDITY (PERCENT)
 HIGHEST    88           600 AM
 LOWEST     63           500 PM
 AVERAGE    76

..........................................................


THE TOLEDO OH CLIMATE NORMALS FOR TODAY
                         NORMAL    RECORD    YEAR
 MAXIMUM TEMPERATURE (F)   33        66      1909
 MINIMUM TEMPERATURE (F)   18       -17      1963


SUNRISE AND SUNSET
JANUARY 23 2015.......SUNRISE   755 AM EST   SUNSET   539 PM EST
JANUARY 24 2015.......SUNRISE   754 AM EST   SUNSET   541 PM EST


-  INDICATES NEGATIVE NUMBERS.
R  INDICATES RECORD WAS SET OR TIED.
MM INDICATES DATA IS MISSING.
T  INDICATES TRACE AMOUNT.




$$
