000
CDUS41 KCLE 120545
CLITOL


CLIMATE REPORT
NATIONAL WEATHER SERVICE CLEVELAND OH
145 AM EDT WED APR 12 2017


...................................

...THE TOLEDO OH CLIMATE SUMMARY FOR APRIL 11 2017...

CLIMATE NORMAL PERIOD 1981 TO 2010
CLIMATE RECORD PERIOD 1873 TO 2017


WEATHER ITEM   OBSERVED TIME   RECORD YEAR NORMAL DEPARTURE LAST
                VALUE   (LST)  VALUE       VALUE  FROM      YEAR
                                                  NORMAL
..................................................................
TEMPERATURE (F)
 YESTERDAY
  MAXIMUM         64   1104 AM  87    1930  58      6       57
  MINIMUM         45   1159 PM  19    1975  37      8       36
  AVERAGE         55                        48      7       47

PRECIPITATION (IN)
  YESTERDAY        0.02                      0.11  -0.09     0.11
  MONTH TO DATE    1.02                      1.15  -0.13     1.80
  SINCE MAR 1      4.66                      3.63   1.03     6.90
  SINCE JAN 1     10.43                      7.75   2.68    10.12

SNOWFALL (IN)
  YESTERDAY       MM                         0.1   MM        0.0
  MONTH TO DATE    0.7                       0.8   -0.1      8.7
  SINCE MAR 1      5.4                       6.5   -1.1     11.4
  SINCE JUL 1     22.4                      37.0  -14.6     26.4
  SNOW DEPTH       0

DEGREE DAYS
 HEATING
  YESTERDAY       10                        17     -7       18
  MONTH TO DATE  169                       212    -43      295
  SINCE MAR 1   1041                      1062    -21      969
  SINCE JUL 1   4886                      5638   -752     4867

 COOLING
  YESTERDAY        0                         0      0        0
  MONTH TO DATE    2                         0      2        0
  SINCE MAR 1      2                         0      2        0
  SINCE JAN 1      2                         0      2        0
..................................................................


WIND (MPH)
  HIGHEST WIND SPEED    22   HIGHEST WIND DIRECTION     W (280)
  HIGHEST GUST SPEED    30   HIGHEST GUST DIRECTION     W (290)
  AVERAGE WIND SPEED    11.6


SKY COVER
  POSSIBLE SUNSHINE  MM
  AVERAGE SKY COVER 0.3


WEATHER CONDITIONS
 THE FOLLOWING WEATHER WAS RECORDED YESTERDAY.
  THUNDERSTORM
  RAIN
  LIGHT RAIN
  FOG


RELATIVE HUMIDITY (PERCENT)
 HIGHEST   100           500 AM
 LOWEST     62           300 PM
 AVERAGE    81

..........................................................


THE TOLEDO OH CLIMATE NORMALS FOR TODAY
                         NORMAL    RECORD    YEAR
 MAXIMUM TEMPERATURE (F)   59        85      1977
 MINIMUM TEMPERATURE (F)   38        17      1976


SUNRISE AND SUNSET
APRIL 12 2017.........SUNRISE   700 AM EDT   SUNSET   813 PM EDT
APRIL 13 2017.........SUNRISE   658 AM EDT   SUNSET   814 PM EDT


-  INDICATES NEGATIVE NUMBERS.
R  INDICATES RECORD WAS SET OR TIED.
MM INDICATES DATA IS MISSING.
T  INDICATES TRACE AMOUNT.




$$
