658
CDUS41 KCLE 120528
CLITOL


CLIMATE REPORT
NATIONAL WEATHER SERVICE CLEVELAND OH
1227 AM EST SUN FEB 12 2017


...................................

...THE TOLEDO OH CLIMATE SUMMARY FOR FEBRUARY 11 2017...

CLIMATE NORMAL PERIOD 1981 TO 2010
CLIMATE RECORD PERIOD 1873 TO 2017


WEATHER ITEM   OBSERVED TIME   RECORD YEAR NORMAL DEPARTURE LAST
                VALUE   (LST)  VALUE       VALUE  FROM      YEAR
                                                  NORMAL
..................................................................
TEMPERATURE (F)
 YESTERDAY
  MAXIMUM         48    338 PM  71    1999  35     13       22
  MINIMUM         37    315 AM -16    1885  20     17       11
  AVERAGE         43                        27     16       17

PRECIPITATION (IN)
  YESTERDAY        T                         0.07  -0.07      T
  MONTH TO DATE    0.97                      0.76   0.21     0.43
  SINCE DEC 1      7.60                      5.49   2.11     4.88
  SINCE JAN 1      5.12                      2.81   2.31     1.90

SNOWFALL (IN)
  YESTERDAY        0.0                       0.3   -0.3       T
  MONTH TO DATE    1.0                       4.0   -3.0      0.9
  SINCE DEC 1     17.0                      23.0   -6.0      6.8
  SINCE JUL 1     17.0                      25.1   -8.1     10.3
  SNOW DEPTH       0

DEGREE DAYS
 HEATING
  YESTERDAY       22                        38    -16       48
  MONTH TO DATE  366                       424    -58      369
  SINCE DEC 1   2556                      2740   -184     2291
  SINCE JUL 1   3480                      3973   -493     3301

 COOLING
  YESTERDAY        0                         0      0        0
  MONTH TO DATE    0                         0      0        0
  SINCE DEC 1      0                         0      0        0
  SINCE JAN 1      0                         0      0        0
..................................................................


WIND (MPH)
  HIGHEST WIND SPEED    16   HIGHEST WIND DIRECTION     W (250)
  HIGHEST GUST SPEED    20   HIGHEST GUST DIRECTION    SW (240)
  AVERAGE WIND SPEED     7.4


SKY COVER
  POSSIBLE SUNSHINE  MM
  AVERAGE SKY COVER 0.4


WEATHER CONDITIONS
 THE FOLLOWING WEATHER WAS RECORDED YESTERDAY.
  NO SIGNIFICANT WEATHER WAS OBSERVED.


RELATIVE HUMIDITY (PERCENT)
 HIGHEST    92           800 AM
 LOWEST     66           300 PM
 AVERAGE    79

..........................................................


THE TOLEDO OH CLIMATE NORMALS FOR TODAY
                         NORMAL    RECORD    YEAR
 MAXIMUM TEMPERATURE (F)   35        61      1984
 MINIMUM TEMPERATURE (F)   20       -14      2014


SUNRISE AND SUNSET
FEBRUARY 12 2017......SUNRISE   734 AM EST   SUNSET   605 PM EST
FEBRUARY 13 2017......SUNRISE   733 AM EST   SUNSET   607 PM EST


-  INDICATES NEGATIVE NUMBERS.
R  INDICATES RECORD WAS SET OR TIED.
MM INDICATES DATA IS MISSING.
T  INDICATES TRACE AMOUNT.




$$
