000
CDUS41 KCLE 022211
CLITOL


CLIMATE REPORT
NATIONAL WEATHER SERVICE CLEVELAND OH
511 PM EST THU FEB 2 2017


...................................

...THE TOLEDO OH CLIMATE SUMMARY FOR FEBRUARY 2 2017...
VALID TODAY AS OF 0500 PM LOCAL TIME.

CLIMATE NORMAL PERIOD 1981 TO 2010
CLIMATE RECORD PERIOD 1873 TO 2017


WEATHER ITEM   OBSERVED TIME   RECORD YEAR NORMAL DEPARTURE LAST
                VALUE   (LST)  VALUE       VALUE  FROM      YEAR
                                                  NORMAL
..................................................................
TEMPERATURE (F)
 TODAY
  MAXIMUM         32   1238 AM  56    1903  33     -1       54
  MINIMUM         20    914 AM -11    1951  19      1       24
  AVERAGE         26                        26      0       39

PRECIPITATION (IN)
  TODAY            T                         0.07  -0.07     0.31
  MONTH TO DATE    0.03                      0.13  -0.10     0.31
  SINCE DEC 1      6.66                      4.86   1.80     4.76
  SINCE JAN 1      4.18                      2.18   2.00     1.78

SNOWFALL (IN)
  TODAY            T                         0.4   -0.4      0.0
  MONTH TO DATE    0.3                       0.8   -0.5      0.0
  SINCE DEC 1     16.3                      19.8   -3.5      5.9
  SINCE JUL 1     16.3                      21.9   -5.6      9.4
  SNOW DEPTH       T

DEGREE DAYS
 HEATING
  TODAY           39                        39      0       26
  MONTH TO DATE   69                        78     -9       55
  SINCE DEC 1   2259                      2394   -135     1977
  SINCE JUL 1   3183                      3627   -444     2987

 COOLING
  TODAY            0                         0      0        0
  MONTH TO DATE    0                         0      0        0
  SINCE DEC 1      0                         0      0        0
  SINCE JAN 1      0                         0      0        0
..................................................................


WIND (MPH)
  HIGHEST WIND SPEED    23   HIGHEST WIND DIRECTION     W (290)
  HIGHEST GUST SPEED    30   HIGHEST GUST DIRECTION    NW (300)


SKY COVER
  POSSIBLE SUNSHINE  MM
  AVERAGE SKY COVER 0.4


WEATHER CONDITIONS
 THE FOLLOWING WEATHER WAS RECORDED TODAY.
  NO SIGNIFICANT WEATHER WAS OBSERVED.


RELATIVE HUMIDITY (PERCENT)
 HIGHEST    78           100 AM
 LOWEST     50           200 PM
 AVERAGE    64

..........................................................


THE TOLEDO OH CLIMATE NORMALS FOR TOMORROW
                         NORMAL    RECORD    YEAR
 MAXIMUM TEMPERATURE (F)   33        55      2016
 MINIMUM TEMPERATURE (F)   19       -14      1976


SUNRISE AND SUNSET
FEBRUARY  2 2017......SUNRISE   746 AM EST   SUNSET   553 PM EST
FEBRUARY  3 2017......SUNRISE   745 AM EST   SUNSET   554 PM EST


-  INDICATES NEGATIVE NUMBERS.
R  INDICATES RECORD WAS SET OR TIED.
MM INDICATES DATA IS MISSING.
T  INDICATES TRACE AMOUNT.




$$
