000
CDUS41 KCLE 100540
CLITOL


CLIMATE REPORT
NATIONAL WEATHER SERVICE CLEVELAND OH
140 AM EDT SUN AUG 10 2014


...................................

...THE TOLEDO OH CLIMATE SUMMARY FOR AUGUST 9 2014...

CLIMATE NORMAL PERIOD 1981 TO 2010
CLIMATE RECORD PERIOD 1873 TO 2014


WEATHER ITEM   OBSERVED TIME   RECORD YEAR NORMAL DEPARTURE LAST
                VALUE   (LST)  VALUE       VALUE  FROM      YEAR
                                                  NORMAL
..................................................................
TEMPERATURE (F)
 YESTERDAY
  MAXIMUM         82    234 PM  96    1949  83     -1       81
                                      1934
  MINIMUM         57    211 AM  44    1964  62     -5       63
  AVERAGE         70                        72     -2       72

PRECIPITATION (IN)
  YESTERDAY        0.00                      0.11  -0.11     0.00
  MONTH TO DATE    0.09                      0.98  -0.89     1.49
  SINCE JUN 1      4.90                      7.78  -2.88    11.78
  SINCE JAN 1     18.75                     21.15  -2.40    26.28

SNOWFALL (IN)
  YESTERDAY        0.0                       0.0    0.0      0.0
  MONTH TO DATE    0.0                       0.0    0.0      0.0
  SINCE JUN 1      0.0                       0.0    0.0      0.0
  SINCE JUL 1      0.0                       0.0    0.0      0.0
  SNOW DEPTH       0

DEGREE DAYS
 HEATING
  YESTERDAY        0                         0      0        0
  MONTH TO DATE    0                         0      0        4
  SINCE JUN 1     25                        38    -13       48
  SINCE JUL 1      9                         3      6       17

 COOLING
  YESTERDAY        5                         8     -3        7
  MONTH TO DATE   46                        72    -26       41
  SINCE JUN 1    374                       507   -133      448
  SINCE JAN 1    436                       560   -124      542
..................................................................


WIND (MPH)
  HIGHEST WIND SPEED    20   HIGHEST WIND DIRECTION    NE (50)
  HIGHEST GUST SPEED    25   HIGHEST GUST DIRECTION    NE (60)
  AVERAGE WIND SPEED     7.5


SKY COVER
  POSSIBLE SUNSHINE  MM
  AVERAGE SKY COVER 0.1


WEATHER CONDITIONS
 THE FOLLOWING WEATHER WAS RECORDED YESTERDAY.
  FOG


RELATIVE HUMIDITY (PERCENT)
 HIGHEST    93           200 AM
 LOWEST     39           200 PM
 AVERAGE    66

..........................................................


THE TOLEDO OH CLIMATE NORMALS FOR TODAY
                         NORMAL    RECORD    YEAR
 MAXIMUM TEMPERATURE (F)   83        97      1944
 MINIMUM TEMPERATURE (F)   62        44      1972


SUNRISE AND SUNSET
AUGUST 10 2014........SUNRISE   639 AM EDT   SUNSET   842 PM EDT
AUGUST 11 2014........SUNRISE   640 AM EDT   SUNSET   840 PM EDT


-  INDICATES NEGATIVE NUMBERS.
R  INDICATES RECORD WAS SET OR TIED.
MM INDICATES DATA IS MISSING.
T  INDICATES TRACE AMOUNT.




$$
