000
CDUS41 KCLE 022116
CLITOL


CLIMATE REPORT
NATIONAL WEATHER SERVICE CLEVELAND OH
515 PM EDT WED JUL 2 2014


...................................

...THE TOLEDO OH CLIMATE SUMMARY FOR JULY 2 2014...
VALID TODAY AS OF 0500 PM LOCAL TIME.

CLIMATE NORMAL PERIOD 1981 TO 2010
CLIMATE RECORD PERIOD 1873 TO 2014


WEATHER ITEM   OBSERVED TIME   RECORD YEAR NORMAL DEPARTURE LAST
                VALUE   (LST)  VALUE       VALUE  FROM      YEAR
                                                  NORMAL
..................................................................
TEMPERATURE (F)
 TODAY
  MAXIMUM         81    227 PM  98    2011  85     -4       71
  MINIMUM         67    540 AM  46    2001  62      5       60
                                      1988
  AVERAGE         74                        73      1       66

PRECIPITATION (IN)
  TODAY            0.00                      0.10  -0.10     0.03
  MONTH TO DATE    0.07                      0.21  -0.14     0.11
  SINCE JUN 1      4.05                      3.78   0.27     6.46
  SINCE JAN 1     17.90                     17.15   0.75    20.96

SNOWFALL (IN)
  TODAY            0.0                       0.0    0.0      0.0
  MONTH TO DATE    0.0                       0.0    0.0      0.0
  SINCE JUN 1      0.0                       0.0    0.0      0.0
  SINCE JUL 1      0.0                       0.0    0.0      0.0
  SNOW DEPTH       0

DEGREE DAYS
 HEATING
  TODAY            0                         0      0        0
  MONTH TO DATE    0                         0      0        1
  SINCE JUN 1     16                        35    -19       32
  SINCE JUL 1      0                         0      0        1

 COOLING
  TODAY            9                         8      1        1
  MONTH TO DATE   20                        16      4        1
  SINCE JUN 1    211                       186     25      163
  SINCE JAN 1    273                       239     34      257
..................................................................


WIND (MPH)
  HIGHEST WIND SPEED    23   HIGHEST WIND DIRECTION     W (250)
  HIGHEST GUST SPEED    30   HIGHEST GUST DIRECTION    SW (240)


SKY COVER
  POSSIBLE SUNSHINE  MM
  AVERAGE SKY COVER 0.2


WEATHER CONDITIONS
 THE FOLLOWING WEATHER WAS RECORDED TODAY.
  NO SIGNIFICANT WEATHER WAS OBSERVED.


RELATIVE HUMIDITY (PERCENT)
 HIGHEST    87           500 AM
 LOWEST     48           200 PM
 AVERAGE    68

..........................................................


THE TOLEDO OH CLIMATE NORMALS FOR TOMORROW
                         NORMAL    RECORD    YEAR
 MAXIMUM TEMPERATURE (F)   85       100      1911
 MINIMUM TEMPERATURE (F)   62        47      1988


SUNRISE AND SUNSET
JULY  2 2014..........SUNRISE   605 AM EDT   SUNSET   913 PM EDT
JULY  3 2014..........SUNRISE   606 AM EDT   SUNSET   913 PM EDT


-  INDICATES NEGATIVE NUMBERS.
R  INDICATES RECORD WAS SET OR TIED.
MM INDICATES DATA IS MISSING.
T  INDICATES TRACE AMOUNT.




$$
