000
CDUS41 KCLE 200528
CLITOL


CLIMATE REPORT
NATIONAL WEATHER SERVICE CLEVELAND OH
127 AM EDT FRI MAR 20 2015


...................................

...THE TOLEDO OH CLIMATE SUMMARY FOR MARCH 19 2015...

CLIMATE NORMAL PERIOD 1981 TO 2010
CLIMATE RECORD PERIOD 1873 TO 2015


WEATHER ITEM   OBSERVED TIME   RECORD YEAR NORMAL DEPARTURE LAST
                VALUE   (LST)  VALUE       VALUE  FROM      YEAR
                                                  NORMAL
..................................................................
TEMPERATURE (F)
 YESTERDAY
  MAXIMUM         41    323 PM  81    2012  48     -7       50
  MINIMUM         27    655 AM   8    1923  29     -2       32
                                      1885
  AVERAGE         34                        39     -5       41

PRECIPITATION (IN)
  YESTERDAY        0.00                      0.08  -0.08     0.07
  MONTH TO DATE    0.41                      1.44  -1.03     1.22
  SINCE MAR 1      0.41                      1.44  -1.03     1.22
  SINCE JAN 1      4.03                      5.56  -1.53     8.40

SNOWFALL (IN)
  YESTERDAY        0.0                       0.1   -0.1      0.0
  MONTH TO DATE    4.3                       4.1    0.2     11.3
  SINCE MAR 1      4.3                       4.1    0.2     11.3
  SINCE JUL 1     44.6                      34.6   10.0     84.8
  SNOW DEPTH       0

DEGREE DAYS
 HEATING
  YESTERDAY       31                        26      5       24
  MONTH TO DATE  623                       564     59      743
  SINCE MAR 1    623                       564     59      743
  SINCE JUL 1   5879                      5140    739     6069

 COOLING
  YESTERDAY        0                         0      0        0
  MONTH TO DATE    0                         0      0        0
  SINCE MAR 1      0                         0      0        0
  SINCE JAN 1      0                         0      0        0
..................................................................


WIND (MPH)
  HIGHEST WIND SPEED    16   HIGHEST WIND DIRECTION    NE (60)
  HIGHEST GUST SPEED    20   HIGHEST GUST DIRECTION     E (80)
  AVERAGE WIND SPEED     9.1


SKY COVER
  POSSIBLE SUNSHINE  MM
  AVERAGE SKY COVER 0.3


WEATHER CONDITIONS
 THE FOLLOWING WEATHER WAS RECORDED YESTERDAY.
  NO SIGNIFICANT WEATHER WAS OBSERVED.


RELATIVE HUMIDITY (PERCENT)
 HIGHEST    75           600 AM
 LOWEST     29          1200 PM
 AVERAGE    52

..........................................................


THE TOLEDO OH CLIMATE NORMALS FOR TODAY
                         NORMAL    RECORD    YEAR
 MAXIMUM TEMPERATURE (F)   49        82      2012
 MINIMUM TEMPERATURE (F)   30        -2      1885


SUNRISE AND SUNSET
MARCH 20 2015.........SUNRISE   739 AM EDT   SUNSET   747 PM EDT
MARCH 21 2015.........SUNRISE   737 AM EDT   SUNSET   748 PM EDT


-  INDICATES NEGATIVE NUMBERS.
R  INDICATES RECORD WAS SET OR TIED.
MM INDICATES DATA IS MISSING.
T  INDICATES TRACE AMOUNT.




$$
