000
CDUS41 KCLE 302123
CLITOL


CLIMATE REPORT
NATIONAL WEATHER SERVICE CLEVELAND OH
523 PM EDT MON OCT 30 2017


...................................

...THE TOLEDO OH CLIMATE SUMMARY FOR OCTOBER 30 2017...
VALID TODAY AS OF 0500 PM LOCAL TIME.

CLIMATE NORMAL PERIOD 1981 TO 2010
CLIMATE RECORD PERIOD 1873 TO 2017


WEATHER ITEM   OBSERVED TIME   RECORD YEAR NORMAL DEPARTURE LAST
                VALUE   (LST)  VALUE       VALUE  FROM      YEAR
                                                  NORMAL
..................................................................
TEMPERATURE (F)
 TODAY
  MAXIMUM         46    359 PM  77    1971  58    -12       62
                                      1901
  MINIMUM         36    315 AM  18    1988  38     -2       45
  AVERAGE         41                        48     -7       54

PRECIPITATION (IN)
  TODAY            0.02                      0.08  -0.06     0.18
  MONTH TO DATE    3.28                      2.52   0.76     2.77
  SINCE SEP 1      5.92                      5.30   0.62     6.74
  SINCE JAN 1     32.72                     28.62   4.10    30.05

SNOWFALL (IN)
  TODAY            0.0                       0.0    0.0      0.0
  MONTH TO DATE    0.0                       0.2   -0.2      0.0
  SINCE SEP 1      0.0                       0.2   -0.2      0.0
  SINCE JUL 1      0.0                       0.2   -0.2      0.0
  SNOW DEPTH       0

DEGREE DAYS
 HEATING
  TODAY           24                        17      7       11
  MONTH TO DATE  235                       385   -150      288
  SINCE SEP 1    314                       495   -181      326
  SINCE JUL 1    328                       509   -181      327

 COOLING
  TODAY            0                         0      0        0
  MONTH TO DATE   29                         8     21       25
  SINCE SEP 1    151                        90     61      144
  SINCE JAN 1    744                       792    -48     1033
..................................................................


WIND (MPH)
  HIGHEST WIND SPEED    22   HIGHEST WIND DIRECTION    SW (240)
  HIGHEST GUST SPEED    27   HIGHEST GUST DIRECTION    SW (240)


SKY COVER
  POSSIBLE SUNSHINE  MM
  AVERAGE SKY COVER 0.9


WEATHER CONDITIONS
 THE FOLLOWING WEATHER WAS RECORDED TODAY.
  LIGHT RAIN


RELATIVE HUMIDITY (PERCENT)
 HIGHEST    92           100 AM
 LOWEST     65           900 AM
 AVERAGE    79

..........................................................


THE TOLEDO OH CLIMATE NORMALS FOR TOMORROW
                         NORMAL    RECORD    YEAR
 MAXIMUM TEMPERATURE (F)   57        80      1950
 MINIMUM TEMPERATURE (F)   38        16      1988


SUNRISE AND SUNSET
OCTOBER 30 2017.......SUNRISE   805 AM EDT   SUNSET   632 PM EDT
OCTOBER 31 2017.......SUNRISE   806 AM EDT   SUNSET   631 PM EDT


-  INDICATES NEGATIVE NUMBERS.
R  INDICATES RECORD WAS SET OR TIED.
MM INDICATES DATA IS MISSING.
T  INDICATES TRACE AMOUNT.




$$
