000
CDUS41 KCLE 120526
CLITOL


CLIMATE REPORT
NATIONAL WEATHER SERVICE CLEVELAND OH
1226 AM EST THU JAN 12 2017


...................................

...THE TOLEDO OH CLIMATE SUMMARY FOR JANUARY 11 2017...

CLIMATE NORMAL PERIOD 1981 TO 2010
CLIMATE RECORD PERIOD 1873 TO 2017


WEATHER ITEM   OBSERVED TIME   RECORD YEAR NORMAL DEPARTURE LAST
                VALUE   (LST)  VALUE       VALUE  FROM      YEAR
                                                  NORMAL
..................................................................
TEMPERATURE (F)
 YESTERDAY
  MAXIMUM         58   1159 PM  68    1890  33     25       20
  MINIMUM         30    753 AM -14    1979  18     12        7
  AVERAGE         44                        25     19       14

PRECIPITATION (IN)
  YESTERDAY        0.01                      0.07  -0.06     0.05
  MONTH TO DATE    1.50                      0.81   0.69     0.90
  SINCE DEC 1      3.98                      3.49   0.49     3.88
  SINCE JAN 1      1.50                      0.81   0.69     0.90

SNOWFALL (IN)
  YESTERDAY        0.0                       0.3   -0.3      0.6
  MONTH TO DATE    1.1                       3.8   -2.7      2.1
  SINCE DEC 1     14.3                      11.2    3.1      2.1
  SINCE JUL 1     14.3                      13.3    1.0      5.6
  SNOW DEPTH       0

DEGREE DAYS
 HEATING
  YESTERDAY       21                        40    -19       51
  MONTH TO DATE  437                       431      6      405
  SINCE DEC 1   1595                      1523     72     1145
  SINCE JUL 1   2519                      2756   -237     2155

 COOLING
  YESTERDAY        0                         0      0        0
  MONTH TO DATE    0                         0      0        0
  SINCE DEC 1      0                         0      0        0
  SINCE JAN 1      0                         0      0        0
..................................................................


WIND (MPH)
  HIGHEST WIND SPEED    32   HIGHEST WIND DIRECTION     W (250)
  HIGHEST GUST SPEED    42   HIGHEST GUST DIRECTION     W (250)
  AVERAGE WIND SPEED    12.9


SKY COVER
  POSSIBLE SUNSHINE  MM
  AVERAGE SKY COVER 0.5


WEATHER CONDITIONS
 THE FOLLOWING WEATHER WAS RECORDED YESTERDAY.
  LIGHT RAIN
  FOG


RELATIVE HUMIDITY (PERCENT)
 HIGHEST   100           800 AM
 LOWEST     73           100 PM
 AVERAGE    87

..........................................................


THE TOLEDO OH CLIMATE NORMALS FOR TODAY
                         NORMAL    RECORD    YEAR
 MAXIMUM TEMPERATURE (F)   32        64      1898
 MINIMUM TEMPERATURE (F)   18       -15      1918


SUNRISE AND SUNSET
JANUARY 12 2017.......SUNRISE   801 AM EST   SUNSET   527 PM EST
JANUARY 13 2017.......SUNRISE   800 AM EST   SUNSET   528 PM EST


-  INDICATES NEGATIVE NUMBERS.
R  INDICATES RECORD WAS SET OR TIED.
MM INDICATES DATA IS MISSING.
T  INDICATES TRACE AMOUNT.




$$
