000
CDUS41 KCLE 100551
CLITOL


CLIMATE REPORT
NATIONAL WEATHER SERVICE CLEVELAND OH
149 AM EDT SUN JUL 10 2016


...................................

...THE TOLEDO OH CLIMATE SUMMARY FOR JULY 9 2016...

CLIMATE NORMAL PERIOD 1981 TO 2010
CLIMATE RECORD PERIOD 1873 TO 2016


WEATHER ITEM   OBSERVED TIME   RECORD YEAR NORMAL DEPARTURE LAST
                VALUE   (LST)  VALUE       VALUE  FROM      YEAR
                                                  NORMAL
..................................................................
TEMPERATURE (F)
 YESTERDAY
  MAXIMUM         79    501 PM 100    1936  85     -6       69
  MINIMUM         64    530 AM  43    1961  63      1       62
  AVERAGE         72                        74     -2       66

PRECIPITATION (IN)
  YESTERDAY        0.00                      0.10  -0.10     1.87
  MONTH TO DATE    0.96                      0.89   0.07     2.87
  SINCE JUN 1      2.58                      4.46  -1.88    10.09
  SINCE JAN 1     16.34                     17.83  -1.49    21.99

SNOWFALL (IN)
  YESTERDAY        0.0                       0.0    0.0      0.0
  MONTH TO DATE    0.0                       0.0    0.0      0.0
  SINCE JUN 1      0.0                       0.0    0.0      0.0
  SINCE JUL 1      0.0                       0.0    0.0      0.0
  SNOW DEPTH       0

DEGREE DAYS
 HEATING
  YESTERDAY        0                         0      0        0
  MONTH TO DATE    1                         0      1        2
  SINCE JUN 1     14                        35    -21       37
  SINCE JUL 1      1                         0      1        2

 COOLING
  YESTERDAY        7                         9     -2        1
  MONTH TO DATE   63                        79    -16       18
  SINCE JUN 1    253                       249      4      151
  SINCE JAN 1    322                       302     20      244
..................................................................


WIND (MPH)
  HIGHEST WIND SPEED    20   HIGHEST WIND DIRECTION    NW (320)
  HIGHEST GUST SPEED    23   HIGHEST GUST DIRECTION    NW (320)
  AVERAGE WIND SPEED     9.3


SKY COVER
  POSSIBLE SUNSHINE  MM
  AVERAGE SKY COVER 0.4


WEATHER CONDITIONS
 THE FOLLOWING WEATHER WAS RECORDED YESTERDAY.
  NO SIGNIFICANT WEATHER WAS OBSERVED.


RELATIVE HUMIDITY (PERCENT)
 HIGHEST    87           400 AM
 LOWEST     50           300 PM
 AVERAGE    69

..........................................................


THE TOLEDO OH CLIMATE NORMALS FOR TODAY
                         NORMAL    RECORD    YEAR
 MAXIMUM TEMPERATURE (F)   85       102      1936
 MINIMUM TEMPERATURE (F)   63        43      1961


SUNRISE AND SUNSET
JULY 10 2016..........SUNRISE   611 AM EDT   SUNSET   910 PM EDT
JULY 11 2016..........SUNRISE   611 AM EDT   SUNSET   910 PM EDT


-  INDICATES NEGATIVE NUMBERS.
R  INDICATES RECORD WAS SET OR TIED.
MM INDICATES DATA IS MISSING.
T  INDICATES TRACE AMOUNT.




$$
