000
CDUS41 KCLE 310531
CLITOL


CLIMATE REPORT
NATIONAL WEATHER SERVICE CLEVELAND OH
1230 AM EST SUN JAN 31 2016


...................................

...THE TOLEDO OH CLIMATE SUMMARY FOR JANUARY 30 2016...

CLIMATE NORMAL PERIOD 1981 TO 2010
CLIMATE RECORD PERIOD 1873 TO 2016


WEATHER ITEM   OBSERVED TIME   RECORD YEAR NORMAL DEPARTURE LAST
                VALUE   (LST)  VALUE       VALUE  FROM      YEAR
                                                  NORMAL
..................................................................
TEMPERATURE (F)
 YESTERDAY
  MAXIMUM         52    313 PM  63    2013  33     19       31
  MINIMUM         29    343 AM  -5    1965  18     11       11
  AVERAGE         41                        26     15       21

PRECIPITATION (IN)
  YESTERDAY        0.00                      0.06  -0.06      T
  MONTH TO DATE    1.42                      1.99  -0.57     2.05
  SINCE DEC 1      4.40                      4.67  -0.27     3.14
  SINCE JAN 1      1.42                      1.99  -0.57     2.05

SNOWFALL (IN)
  YESTERDAY        0.0                       0.4   -0.4       T
  MONTH TO DATE    5.9                      11.2   -5.3     12.2
  SINCE DEC 1      5.9                      18.6  -12.7     12.2
  SINCE JUL 1      9.4                      20.7  -11.3     15.0
  SNOW DEPTH       0

DEGREE DAYS
 HEATING
  YESTERDAY       24                        39    -15       44
  MONTH TO DATE 1162                      1188    -26     1324
  SINCE DEC 1   1902                      2280   -378     2312
  SINCE JUL 1   2912                      3513   -601     3750

 COOLING
  YESTERDAY        0                         0      0        0
  MONTH TO DATE    0                         0      0        0
  SINCE DEC 1      0                         0      0        0
  SINCE JAN 1      0                         0      0        0
..................................................................


WIND (MPH)
  HIGHEST WIND SPEED    22   HIGHEST WIND DIRECTION    SW (240)
  HIGHEST GUST SPEED    28   HIGHEST GUST DIRECTION    SW (240)
  AVERAGE WIND SPEED     8.3


SKY COVER
  POSSIBLE SUNSHINE  MM
  AVERAGE SKY COVER 0.0


WEATHER CONDITIONS
 THE FOLLOWING WEATHER WAS RECORDED YESTERDAY.
  NO SIGNIFICANT WEATHER WAS OBSERVED.


RELATIVE HUMIDITY (PERCENT)
 HIGHEST    89          1000 PM
 LOWEST     50          1200 PM
 AVERAGE    70

..........................................................


THE TOLEDO OH CLIMATE NORMALS FOR TODAY
                         NORMAL    RECORD    YEAR
 MAXIMUM TEMPERATURE (F)   33        62      1989
 MINIMUM TEMPERATURE (F)   18        -5      1971


SUNRISE AND SUNSET
JANUARY 31 2016.......SUNRISE   749 AM EST   SUNSET   549 PM EST
FEBRUARY  1 2016......SUNRISE   748 AM EST   SUNSET   550 PM EST


-  INDICATES NEGATIVE NUMBERS.
R  INDICATES RECORD WAS SET OR TIED.
MM INDICATES DATA IS MISSING.
T  INDICATES TRACE AMOUNT.




$$
