000
CDUS41 KCLE 262115
CLITOL


CLIMATE REPORT
NATIONAL WEATHER SERVICE CLEVELAND OH
515 PM EDT THU MAY 26 2016


...................................

...THE TOLEDO OH CLIMATE SUMMARY FOR MAY 26 2016...
VALID TODAY AS OF 0500 PM LOCAL TIME.

CLIMATE NORMAL PERIOD 1981 TO 2010
CLIMATE RECORD PERIOD 1873 TO 2016


WEATHER ITEM   OBSERVED TIME   RECORD YEAR NORMAL DEPARTURE LAST
                VALUE   (LST)  VALUE       VALUE  FROM      YEAR
                                                  NORMAL
..................................................................
TEMPERATURE (F)
 TODAY
  MAXIMUM         87    306 PM  93    1911  74     13       87
  MINIMUM         66    445 AM  36    1983  52     14       63
                                      1969
  AVERAGE         77                        63     14       75

PRECIPITATION (IN)
  TODAY            0.00                      0.12  -0.12     0.13
  MONTH TO DATE    1.43                      2.97  -1.54     1.67
  SINCE MAR 1     10.53                      8.64   1.89     5.70
  SINCE JAN 1     13.75                     12.76   0.99     9.32

SNOWFALL (IN)
  TODAY            0.0                       0.0    0.0      0.0
  MONTH TO DATE    0.0                       0.1   -0.1      0.0
  SINCE MAR 1     11.4                       7.1    4.3      5.4
  SINCE JUL 1     26.4                      37.6  -11.2     45.7
  SNOW DEPTH       0

DEGREE DAYS
 HEATING
  TODAY            0                         4     -4        0
  MONTH TO DATE  224                       189     35      119
  SINCE MAR 1   1446                      1515    -69     1592
  SINCE JUL 1   5344                      6091   -747     6848

 COOLING
  TODAY           12                         2     10       10
  MONTH TO DATE   20                        31    -11       72
  SINCE MAR 1     20                        39    -19       72
  SINCE JAN 1     20                        39    -19       72
..................................................................


WIND (MPH)
  HIGHEST WIND SPEED    18   HIGHEST WIND DIRECTION    SW (240)
  HIGHEST GUST SPEED    22   HIGHEST GUST DIRECTION    SW (240)


SKY COVER
  POSSIBLE SUNSHINE  MM
  AVERAGE SKY COVER 0.3


WEATHER CONDITIONS
 THE FOLLOWING WEATHER WAS RECORDED TODAY.
  NO SIGNIFICANT WEATHER WAS OBSERVED.


RELATIVE HUMIDITY (PERCENT)
 HIGHEST    87           500 AM
 LOWEST     48           100 PM
 AVERAGE    68

..........................................................


THE TOLEDO OH CLIMATE NORMALS FOR TOMORROW
                         NORMAL    RECORD    YEAR
 MAXIMUM TEMPERATURE (F)   75        92      1911
 MINIMUM TEMPERATURE (F)   52        33      1961


SUNRISE AND SUNSET
MAY 26 2016...........SUNRISE   606 AM EDT   SUNSET   859 PM EDT
MAY 27 2016...........SUNRISE   606 AM EDT   SUNSET   859 PM EDT


-  INDICATES NEGATIVE NUMBERS.
R  INDICATES RECORD WAS SET OR TIED.
MM INDICATES DATA IS MISSING.
T  INDICATES TRACE AMOUNT.




$$
