000
CDUS41 KCLE 262112
CLITOL


CLIMATE REPORT
NATIONAL WEATHER SERVICE CLEVELAND OH
511 PM EDT FRI JUN 26 2015


...................................

...THE TOLEDO OH CLIMATE SUMMARY FOR JUNE 26 2015...
VALID TODAY AS OF 0500 PM LOCAL TIME.

CLIMATE NORMAL PERIOD 1981 TO 2010
CLIMATE RECORD PERIOD 1873 TO 2015


WEATHER ITEM   OBSERVED TIME   RECORD YEAR NORMAL DEPARTURE LAST
                VALUE   (LST)  VALUE       VALUE  FROM      YEAR
                                                  NORMAL
..................................................................
TEMPERATURE (F)
 TODAY
  MAXIMUM         73    218 PM 100    1952  84    -11       82
  MINIMUM         61    429 AM  40    1979  61      0       64
  AVERAGE         67                        72     -5       73

PRECIPITATION (IN)
  TODAY            0.00                      0.11  -0.11     0.00
  MONTH TO DATE    3.77                      3.14   0.63     3.97
  SINCE JUN 1      3.77                      3.14   0.63     3.97
  SINCE JAN 1     15.67                     16.51  -0.84    17.82

SNOWFALL (IN)
  TODAY            0.0                       0.0    0.0      0.0
  MONTH TO DATE    0.0                       0.0    0.0      0.0
  SINCE JUN 1      0.0                       0.0    0.0      0.0
  SINCE JUL 1     45.7                      37.6    8.1     86.3
  SNOW DEPTH       0

DEGREE DAYS
 HEATING
  TODAY            0                         0      0        0
  MONTH TO DATE   27                        35     -8       16
  SINCE JUN 1     27                        35     -8       16
  SINCE JUL 1   6888                      6145    743     7132

 COOLING
  TODAY            2                         8     -6        8
  MONTH TO DATE  128                       138    -10      144
  SINCE JUN 1    128                       138    -10      144
  SINCE JAN 1    221                       191     30      206
..................................................................


WIND (MPH)
  HIGHEST WIND SPEED    20   HIGHEST WIND DIRECTION    NE (60)
  HIGHEST GUST SPEED    24   HIGHEST GUST DIRECTION     E (70)


SKY COVER
  POSSIBLE SUNSHINE  MM
  AVERAGE SKY COVER 0.5


WEATHER CONDITIONS
 THE FOLLOWING WEATHER WAS RECORDED TODAY.
  FOG
  HAZE


RELATIVE HUMIDITY (PERCENT)
 HIGHEST   100           100 AM
 LOWEST     61           200 PM
 AVERAGE    81

..........................................................


THE TOLEDO OH CLIMATE NORMALS FOR TOMORROW
                         NORMAL    RECORD    YEAR
 MAXIMUM TEMPERATURE (F)   84        98      1971
                                             1944
 MINIMUM TEMPERATURE (F)   61        45      1988


SUNRISE AND SUNSET
JUNE 26 2015..........SUNRISE   603 AM EDT   SUNSET   913 PM EDT
JUNE 27 2015..........SUNRISE   603 AM EDT   SUNSET   913 PM EDT


-  INDICATES NEGATIVE NUMBERS.
R  INDICATES RECORD WAS SET OR TIED.
MM INDICATES DATA IS MISSING.
T  INDICATES TRACE AMOUNT.




$$
