000
CDUS41 KCLE 030527
CLITOL


CLIMATE REPORT
NATIONAL WEATHER SERVICE CLEVELAND OH
1226 AM EST SAT FEB 3 2018


...................................

...THE TOLEDO OH CLIMATE SUMMARY FOR FEBRUARY 2 2018...

CLIMATE NORMAL PERIOD 1981 TO 2010
CLIMATE RECORD PERIOD 1873 TO 2018


WEATHER ITEM   OBSERVED TIME   RECORD YEAR NORMAL DEPARTURE LAST
                VALUE   (LST)  VALUE       VALUE  FROM      YEAR
                                                  NORMAL
..................................................................
TEMPERATURE (F)
 YESTERDAY
  MAXIMUM         19    537 PM  56    1903  33    -14       32
  MINIMUM          8   1142 PM -11    1951  19    -11       15
  AVERAGE         14                        26    -12       24

PRECIPITATION (IN)
  YESTERDAY        T                         0.07  -0.07      T
  MONTH TO DATE    T                         0.13  -0.13     0.03
  SINCE DEC 1      2.25                      4.86  -2.61     6.66
  SINCE JAN 1      1.13                      2.18  -1.05     4.18

SNOWFALL (IN)
  YESTERDAY        T                         0.4   -0.4       T
  MONTH TO DATE    T                         0.8   -0.8      0.3
  SINCE DEC 1     20.5                      19.8    0.7     16.3
  SINCE JUL 1     20.5                      21.9   -1.4     16.3
  SNOW DEPTH       0

DEGREE DAYS
 HEATING
  YESTERDAY       51                        39     12       41
  MONTH TO DATE   90                        78     12       71
  SINCE DEC 1   2513                      2394    119     2261
  SINCE JUL 1   3561                      3627    -66     3185

 COOLING
  YESTERDAY        0                         0      0        0
  MONTH TO DATE    0                         0      0        0
  SINCE DEC 1      0                         0      0        0
  SINCE JAN 1      0                         0      0        0
..................................................................


WIND (MPH)
  HIGHEST WIND SPEED    20   HIGHEST WIND DIRECTION     W (250)
  HIGHEST GUST SPEED    25   HIGHEST GUST DIRECTION     W (280)
  AVERAGE WIND SPEED     9.8


SKY COVER
  POSSIBLE SUNSHINE  MM
  AVERAGE SKY COVER 0.5


WEATHER CONDITIONS
 THE FOLLOWING WEATHER WAS RECORDED YESTERDAY.
  LIGHT SNOW
  FOG
  HAZE


RELATIVE HUMIDITY (PERCENT)
 HIGHEST    80          1000 AM
 LOWEST     49           200 PM
 AVERAGE    65

..........................................................


THE TOLEDO OH CLIMATE NORMALS FOR TODAY
                         NORMAL    RECORD    YEAR
 MAXIMUM TEMPERATURE (F)   33        55      2016
 MINIMUM TEMPERATURE (F)   19       -14      1976


SUNRISE AND SUNSET
FEBRUARY  3 2018......SUNRISE   745 AM EST   SUNSET   554 PM EST
FEBRUARY  4 2018......SUNRISE   744 AM EST   SUNSET   555 PM EST


-  INDICATES NEGATIVE NUMBERS.
R  INDICATES RECORD WAS SET OR TIED.
MM INDICATES DATA IS MISSING.
T  INDICATES TRACE AMOUNT.




$$
