000
CDUS41 KCLE 080527
CLITOL


CLIMATE REPORT
NATIONAL WEATHER SERVICE CLEVELAND OH
126 AM EDT FRI JUL 8 2016


...................................

...THE TOLEDO OH CLIMATE SUMMARY FOR JULY 7 2016...

CLIMATE NORMAL PERIOD 1981 TO 2010
CLIMATE RECORD PERIOD 1873 TO 2016


WEATHER ITEM   OBSERVED TIME   RECORD YEAR NORMAL DEPARTURE LAST
                VALUE   (LST)  VALUE       VALUE  FROM      YEAR
                                                  NORMAL
..................................................................
TEMPERATURE (F)
 YESTERDAY
  MAXIMUM         91    430 PM 103    1988  85      6       78
  MINIMUM         67    459 AM  47    1990  62      5       62
                                      1984
                                      1983
  AVERAGE         79                        74      5       70

PRECIPITATION (IN)
  YESTERDAY        0.59                      0.10   0.49     0.99
  MONTH TO DATE    0.75                      0.69   0.06     0.99
  SINCE JUN 1      2.37                      4.26  -1.89     8.21
  SINCE JAN 1     16.13                     17.63  -1.50    20.11

SNOWFALL (IN)
  YESTERDAY        0.0                       0.0    0.0      0.0
  MONTH TO DATE    0.0                       0.0    0.0      0.0
  SINCE JUN 1      0.0                       0.0    0.0      0.0
  SINCE JUL 1      0.0                       0.0    0.0      0.0
  SNOW DEPTH       0

DEGREE DAYS
 HEATING
  YESTERDAY        0                         0      0        0
  MONTH TO DATE    1                         0      1        1
  SINCE JUN 1     14                        35    -21       36
  SINCE JUL 1      1                         0      1        1

 COOLING
  YESTERDAY       14                         9      5        5
  MONTH TO DATE   43                        61    -18       17
  SINCE JUN 1    233                       231      2      150
  SINCE JAN 1    302                       284     18      243
..................................................................


WIND (MPH)
  HIGHEST WIND SPEED    18   HIGHEST WIND DIRECTION     W (290)
  HIGHEST GUST SPEED    24   HIGHEST GUST DIRECTION    NW (300)
  AVERAGE WIND SPEED     7.0


SKY COVER
  POSSIBLE SUNSHINE  MM
  AVERAGE SKY COVER 0.2


WEATHER CONDITIONS
 THE FOLLOWING WEATHER WAS RECORDED YESTERDAY.
  HEAVY RAIN
  RAIN
  LIGHT RAIN
  FOG
  HAZE


RELATIVE HUMIDITY (PERCENT)
 HIGHEST    93           500 AM
 LOWEST     44           400 PM
 AVERAGE    69

..........................................................


THE TOLEDO OH CLIMATE NORMALS FOR TODAY
                         NORMAL    RECORD    YEAR
 MAXIMUM TEMPERATURE (F)   85       103      1936
 MINIMUM TEMPERATURE (F)   63        44      1961


SUNRISE AND SUNSET
JULY  8 2016..........SUNRISE   609 AM EDT   SUNSET   911 PM EDT
JULY  9 2016..........SUNRISE   610 AM EDT   SUNSET   911 PM EDT


-  INDICATES NEGATIVE NUMBERS.
R  INDICATES RECORD WAS SET OR TIED.
MM INDICATES DATA IS MISSING.
T  INDICATES TRACE AMOUNT.




$$
