000
CDUS41 KCLE 200527
CLITOL


CLIMATE REPORT
NATIONAL WEATHER SERVICE CLEVELAND OH
1226 AM EST TUE JAN 20 2015


...................................

...THE TOLEDO OH CLIMATE SUMMARY FOR JANUARY 19 2015...

CLIMATE NORMAL PERIOD 1981 TO 2010
CLIMATE RECORD PERIOD 1873 TO 2015


WEATHER ITEM   OBSERVED TIME   RECORD YEAR NORMAL DEPARTURE LAST
                VALUE   (LST)  VALUE       VALUE  FROM      YEAR
                                                  NORMAL
..................................................................
TEMPERATURE (F)
 YESTERDAY
  MAXIMUM         40    201 PM  65    1907  32      8       30
  MINIMUM         30   1159 PM -18    1994  18     12       10
  AVERAGE         35                        25     10       20

PRECIPITATION (IN)
  YESTERDAY        0.00                      0.06  -0.06      T
  MONTH TO DATE    1.72                      1.32   0.40     2.70
  SINCE DEC 1      2.81                      4.00  -1.19     5.77
  SINCE JAN 1      1.72                      1.32   0.40     2.70

SNOWFALL (IN)
  YESTERDAY        0.0                       0.4   -0.4       T
  MONTH TO DATE   10.0                       6.9    3.1     29.3
  SINCE DEC 1     10.0                      14.3   -4.3     40.5
  SINCE JUL 1     12.8                      16.4   -3.6     41.0
  SNOW DEPTH       1

DEGREE DAYS
 HEATING
  YESTERDAY       30                        40    -10       45
  MONTH TO DATE  876                       751    125      870
  SINCE DEC 1   1864                      1843     21     2021
  SINCE JUL 1   3302                      3076    226     3369

 COOLING
  YESTERDAY        0                         0      0        0
  MONTH TO DATE    0                         0      0        0
  SINCE DEC 1      0                         0      0        0
  SINCE JAN 1      0                         0      0        0
..................................................................


WIND (MPH)
  HIGHEST WIND SPEED    13   HIGHEST WIND DIRECTION     W (260)
  HIGHEST GUST SPEED    15   HIGHEST GUST DIRECTION     W (260)
  AVERAGE WIND SPEED     5.9


SKY COVER
  POSSIBLE SUNSHINE  MM
  AVERAGE SKY COVER 0.9


WEATHER CONDITIONS
 THE FOLLOWING WEATHER WAS RECORDED YESTERDAY.
  FOG


RELATIVE HUMIDITY (PERCENT)
 HIGHEST    92           900 AM
 LOWEST     59           200 PM
 AVERAGE    76

..........................................................


THE TOLEDO OH CLIMATE NORMALS FOR TODAY
                         NORMAL    RECORD    YEAR
 MAXIMUM TEMPERATURE (F)   32        67      1906
 MINIMUM TEMPERATURE (F)   18       -17      1985


SUNRISE AND SUNSET
JANUARY 20 2015.......SUNRISE   757 AM EST   SUNSET   536 PM EST
JANUARY 21 2015.......SUNRISE   756 AM EST   SUNSET   537 PM EST


-  INDICATES NEGATIVE NUMBERS.
R  INDICATES RECORD WAS SET OR TIED.
MM INDICATES DATA IS MISSING.
T  INDICATES TRACE AMOUNT.




$$
