000
CDUS41 KCLE 140528
CLITOL


CLIMATE REPORT
NATIONAL WEATHER SERVICE CLEVELAND OH
128 AM EDT THU MAY 14 2015


...................................

...THE TOLEDO OH CLIMATE SUMMARY FOR MAY 13 2015...

CLIMATE NORMAL PERIOD 1981 TO 2010
CLIMATE RECORD PERIOD 1873 TO 2015


WEATHER ITEM   OBSERVED TIME   RECORD YEAR NORMAL DEPARTURE LAST
                VALUE   (LST)  VALUE       VALUE  FROM      YEAR
                                                  NORMAL
..................................................................
TEMPERATURE (F)
 YESTERDAY
  MAXIMUM         58    428 PM  89    1991  70    -12       87
  MINIMUM         40   1150 PM  30    2013  48     -8       62
                                      1946
  AVERAGE         49                        59    -10       75

PRECIPITATION (IN)
  YESTERDAY        0.00                      0.11  -0.11     0.29
  MONTH TO DATE    1.01                      1.42  -0.41     0.85
  SINCE MAR 1      5.04                      7.09  -2.05     5.55
  SINCE JAN 1      8.66                     11.21  -2.55    12.73

SNOWFALL (IN)
  YESTERDAY        0.0                       0.0    0.0      0.0
  MONTH TO DATE    0.0                       0.1   -0.1      0.0
  SINCE MAR 1      5.4                       7.1   -1.7     12.8
  SINCE JUL 1     45.7                      37.6    8.1     86.3
  SNOW DEPTH       0

DEGREE DAYS
 HEATING
  YESTERDAY       16                         7      9        0
  MONTH TO DATE   50                       115    -65      104
  SINCE MAR 1   1523                      1441     82     1703
  SINCE JUL 1   6779                      6017    762     7029

 COOLING
  YESTERDAY        0                         1     -1       10
  MONTH TO DATE   34                        10     24       24
  SINCE MAR 1     34                        18     16       26
  SINCE JAN 1     34                        18     16       26
..................................................................


WIND (MPH)
  HIGHEST WIND SPEED    16   HIGHEST WIND DIRECTION    NW (320)
  HIGHEST GUST SPEED    22   HIGHEST GUST DIRECTION    NW (320)
  AVERAGE WIND SPEED     8.1


SKY COVER
  POSSIBLE SUNSHINE  MM
  AVERAGE SKY COVER 0.6


WEATHER CONDITIONS
 THE FOLLOWING WEATHER WAS RECORDED YESTERDAY.
  NO SIGNIFICANT WEATHER WAS OBSERVED.


RELATIVE HUMIDITY (PERCENT)
 HIGHEST    89          1100 PM
 LOWEST     54           100 PM
 AVERAGE    72

..........................................................


THE TOLEDO OH CLIMATE NORMALS FOR TODAY
                         NORMAL    RECORD    YEAR
 MAXIMUM TEMPERATURE (F)   70        92      1991
 MINIMUM TEMPERATURE (F)   48        29      1973


SUNRISE AND SUNSET
MAY 14 2015...........SUNRISE   617 AM EDT   SUNSET   847 PM EDT
MAY 15 2015...........SUNRISE   616 AM EDT   SUNSET   848 PM EDT


-  INDICATES NEGATIVE NUMBERS.
R  INDICATES RECORD WAS SET OR TIED.
MM INDICATES DATA IS MISSING.
T  INDICATES TRACE AMOUNT.




$$
