000
CDUS41 KCLE 140540
CLITOL


CLIMATE REPORT
NATIONAL WEATHER SERVICE CLEVELAND OH
139 AM EDT TUE MAR 14 2017


...................................

...THE TOLEDO OH CLIMATE SUMMARY FOR MARCH 13 2017...

CLIMATE NORMAL PERIOD 1981 TO 2010
CLIMATE RECORD PERIOD 1873 TO 2017


WEATHER ITEM   OBSERVED TIME   RECORD YEAR NORMAL DEPARTURE LAST
                VALUE   (LST)  VALUE       VALUE  FROM      YEAR
                                                  NORMAL
..................................................................
TEMPERATURE (F)
 YESTERDAY
  MAXIMUM         26    321 PM  74    1995  46    -20       51
  MINIMUM         20   1159 PM  -4    2014  27     -7       41
  AVERAGE         23                        36    -13       46

PRECIPITATION (IN)
  YESTERDAY        0.14                      0.07   0.07     0.63
  MONTH TO DATE    0.77                      0.97  -0.20     1.62
  SINCE MAR 1      0.77                      0.97  -0.20     1.62
  SINCE JAN 1      6.54                      5.09   1.45     4.84

SNOWFALL (IN)
  YESTERDAY        2.0                       0.2    1.8      0.0
  MONTH TO DATE    2.0                       3.1   -1.1      2.7
  SINCE MAR 1      2.0                       3.1   -1.1      2.7
  SINCE JUL 1     19.0                      33.6  -14.6     17.7
  SNOW DEPTH       0

DEGREE DAYS
 HEATING
  YESTERDAY       42                        29     13       19
  MONTH TO DATE  399                       401     -2      318
  SINCE MAR 1    399                       401     -2      318
  SINCE JUL 1   4244                      4977   -733     4216

 COOLING
  YESTERDAY        0                         0      0        0
  MONTH TO DATE    0                         0      0        0
  SINCE MAR 1      0                         0      0        0
  SINCE JAN 1      0                         0      0        0
..................................................................


WIND (MPH)
  HIGHEST WIND SPEED    20   HIGHEST WIND DIRECTION    NE (40)
  HIGHEST GUST SPEED    26   HIGHEST GUST DIRECTION    NE (40)
  AVERAGE WIND SPEED    12.6


SKY COVER
  POSSIBLE SUNSHINE  MM
  AVERAGE SKY COVER 1.0


WEATHER CONDITIONS
 THE FOLLOWING WEATHER WAS RECORDED YESTERDAY.
  LIGHT SNOW
  FOG


RELATIVE HUMIDITY (PERCENT)
 HIGHEST   100           400 PM
 LOWEST     46           300 AM
 AVERAGE    73

..........................................................


THE TOLEDO OH CLIMATE NORMALS FOR TODAY
                         NORMAL    RECORD    YEAR
 MAXIMUM TEMPERATURE (F)   46        79      1990
 MINIMUM TEMPERATURE (F)   28         4      1895


SUNRISE AND SUNSET
MARCH 14 2017.........SUNRISE   748 AM EDT   SUNSET   741 PM EDT
MARCH 15 2017.........SUNRISE   747 AM EDT   SUNSET   742 PM EDT


-  INDICATES NEGATIVE NUMBERS.
R  INDICATES RECORD WAS SET OR TIED.
MM INDICATES DATA IS MISSING.
T  INDICATES TRACE AMOUNT.




$$
