980
CDUS41 KCLE 190546
CLITOL


CLIMATE REPORT
NATIONAL WEATHER SERVICE CLEVELAND OH
145 AM EDT THU MAY 19 2016


...................................

...THE TOLEDO OH CLIMATE SUMMARY FOR MAY 18 2016...

CLIMATE NORMAL PERIOD 1981 TO 2010
CLIMATE RECORD PERIOD 1873 TO 2016


WEATHER ITEM   OBSERVED TIME   RECORD YEAR NORMAL DEPARTURE LAST
                VALUE   (LST)  VALUE       VALUE  FROM      YEAR
                                                  NORMAL
..................................................................
TEMPERATURE (F)
 YESTERDAY
  MAXIMUM         65    431 PM  95    1962  72     -7       82
  MINIMUM         43    531 AM  30    1973  49     -6       64
  AVERAGE         54                        60     -6       73

PRECIPITATION (IN)
  YESTERDAY        T                         0.12  -0.12      T
  MONTH TO DATE    1.41                      2.00  -0.59     1.52
  SINCE MAR 1     10.51                      7.67   2.84     5.55
  SINCE JAN 1     13.73                     11.79   1.94     9.17

SNOWFALL (IN)
  YESTERDAY       MM                         0.0   MM        0.0
  MONTH TO DATE    0.0                       0.1   -0.1      0.0
  SINCE MAR 1     11.4                       7.1    4.3      5.4
  SINCE JUL 1     26.4                      37.6  -11.2     45.7
  SNOW DEPTH       0

DEGREE DAYS
 HEATING
  YESTERDAY       11                         6      5        0
  MONTH TO DATE  192                       148     44       66
  SINCE MAR 1   1414                      1474    -60     1539
  SINCE JUL 1   5312                      6050   -738     6795

 COOLING
  YESTERDAY        0                         1     -1        8
  MONTH TO DATE    2                        15    -13       54
  SINCE MAR 1      2                        23    -21       54
  SINCE JAN 1      2                        23    -21       54
..................................................................


WIND (MPH)
  HIGHEST WIND SPEED    20   HIGHEST WIND DIRECTION    NE (40)
  HIGHEST GUST SPEED    25   HIGHEST GUST DIRECTION    NE (60)
  AVERAGE WIND SPEED     7.2


SKY COVER
  POSSIBLE SUNSHINE  MM
  AVERAGE SKY COVER 0.3


WEATHER CONDITIONS
 THE FOLLOWING WEATHER WAS RECORDED YESTERDAY.
  LIGHT RAIN


RELATIVE HUMIDITY (PERCENT)
 HIGHEST    76          1100 PM
 LOWEST     36           100 PM
 AVERAGE    56

..........................................................


THE TOLEDO OH CLIMATE NORMALS FOR TODAY
                         NORMAL    RECORD    YEAR
 MAXIMUM TEMPERATURE (F)   72        92      1996
                                             1964
 MINIMUM TEMPERATURE (F)   49        34      1894


SUNRISE AND SUNSET
MAY 19 2016...........SUNRISE   612 AM EDT   SUNSET   852 PM EDT
MAY 20 2016...........SUNRISE   611 AM EDT   SUNSET   853 PM EDT


-  INDICATES NEGATIVE NUMBERS.
R  INDICATES RECORD WAS SET OR TIED.
MM INDICATES DATA IS MISSING.
T  INDICATES TRACE AMOUNT.




$$
