000
CDUS41 KCLE 260545
CLITOL


CLIMATE REPORT
NATIONAL WEATHER SERVICE CLEVELAND OH
145 AM EDT WED MAR 26 2014


...................................

...THE TOLEDO OH CLIMATE SUMMARY FOR MARCH 25 2014...

CLIMATE NORMAL PERIOD 1981 TO 2010
CLIMATE RECORD PERIOD 1873 TO 2014


WEATHER ITEM   OBSERVED TIME   RECORD YEAR NORMAL DEPARTURE LAST
                VALUE   (LST)  VALUE       VALUE  FROM      YEAR
                                                  NORMAL
..................................................................
TEMPERATURE (F)
 YESTERDAY
  MAXIMUM         33    230 PM  82    1945  51    -18       37
  MINIMUM         16    253 AM  -4    1974  31    -15       29
  AVERAGE         25                        41    -16       33

PRECIPITATION (IN)
  YESTERDAY        0.03                      0.09  -0.06     0.19
  MONTH TO DATE    1.26                      1.94  -0.68     0.73
  SINCE MAR 1      1.26                      1.94  -0.68     0.73
  SINCE JAN 1      8.44                      6.06   2.38     7.17

SNOWFALL (IN)
  YESTERDAY       MM                         0.1   MM        1.3
  MONTH TO DATE   11.3                       5.0    6.3      1.4
  SINCE MAR 1     11.3                       5.0    6.3      1.4
  SINCE JUL 1     84.8                      35.5   49.3     22.1
  SNOW DEPTH       0

DEGREE DAYS
 HEATING
  YESTERDAY       40                        24     16       32
  MONTH TO DATE  950                       714    236      829
  SINCE MAR 1    950                       714    236      829
  SINCE JUL 1   6276                      5290    986     5285

 COOLING
  YESTERDAY        0                         0      0        0
  MONTH TO DATE    0                         0      0        0
  SINCE MAR 1      0                         0      0        0
  SINCE JAN 1      0                         0      0        0
..................................................................


WIND (MPH)
  HIGHEST WIND SPEED    25   HIGHEST WIND DIRECTION     W (280)
  HIGHEST GUST SPEED    32   HIGHEST GUST DIRECTION     W (280)
  AVERAGE WIND SPEED    10.5


SKY COVER
  POSSIBLE SUNSHINE  MM
  AVERAGE SKY COVER 0.6


WEATHER CONDITIONS
 THE FOLLOWING WEATHER WAS RECORDED YESTERDAY.
  LIGHT SNOW
  FOG


RELATIVE HUMIDITY (PERCENT)
 HIGHEST    88           300 AM
 LOWEST     50           800 PM
 AVERAGE    69

..........................................................


THE TOLEDO OH CLIMATE NORMALS FOR TODAY
                         NORMAL    RECORD    YEAR
 MAXIMUM TEMPERATURE (F)   51        79      2007
 MINIMUM TEMPERATURE (F)   32        11      1894


SUNRISE AND SUNSET
MARCH 26 2014.........SUNRISE   728 AM EDT   SUNSET   754 PM EDT
MARCH 27 2014.........SUNRISE   727 AM EDT   SUNSET   755 PM EDT


-  INDICATES NEGATIVE NUMBERS.
R  INDICATES RECORD WAS SET OR TIED.
MM INDICATES DATA IS MISSING.
T  INDICATES TRACE AMOUNT.




$$
