862
CDUS41 KCLE 300527
CLITOL


CLIMATE REPORT
NATIONAL WEATHER SERVICE CLEVELAND OH
1226 AM EST SAT JAN 30 2016


...................................

...THE TOLEDO OH CLIMATE SUMMARY FOR JANUARY 29 2016...

CLIMATE NORMAL PERIOD 1981 TO 2010
CLIMATE RECORD PERIOD 1873 TO 2016


WEATHER ITEM   OBSERVED TIME   RECORD YEAR NORMAL DEPARTURE LAST
                VALUE   (LST)  VALUE       VALUE  FROM      YEAR
                                                  NORMAL
..................................................................
TEMPERATURE (F)
 YESTERDAY
  MAXIMUM         32    426 PM  62    1914  33     -1       38
  MINIMUM         22    840 PM  -9    1963  18      4       24
                                      1885
  AVERAGE         27                        26      1       31

PRECIPITATION (IN)
  YESTERDAY        0.00                      0.07  -0.07     0.15
  MONTH TO DATE    1.42                      1.93  -0.51     2.05
  SINCE DEC 1      4.40                      4.61  -0.21     3.14
  SINCE JAN 1      1.42                      1.93  -0.51     2.05

SNOWFALL (IN)
  YESTERDAY        0.0                       0.4   -0.4       T
  MONTH TO DATE    5.9                      10.8   -4.9     12.2
  SINCE DEC 1      5.9                      18.2  -12.3     12.2
  SINCE JUL 1      9.4                      20.3  -10.9     15.0
  SNOW DEPTH       0

DEGREE DAYS
 HEATING
  YESTERDAY       38                        39     -1       34
  MONTH TO DATE 1138                      1149    -11     1280
  SINCE DEC 1   1878                      2241   -363     2268
  SINCE JUL 1   2888                      3474   -586     3706

 COOLING
  YESTERDAY        0                         0      0        0
  MONTH TO DATE    0                         0      0        0
  SINCE DEC 1      0                         0      0        0
  SINCE JAN 1      0                         0      0        0
..................................................................


WIND (MPH)
  HIGHEST WIND SPEED    20   HIGHEST WIND DIRECTION    NW (330)
  HIGHEST GUST SPEED    29   HIGHEST GUST DIRECTION    NW (320)
  AVERAGE WIND SPEED    10.6


SKY COVER
  POSSIBLE SUNSHINE  MM
  AVERAGE SKY COVER 0.6


WEATHER CONDITIONS
 THE FOLLOWING WEATHER WAS RECORDED YESTERDAY.
  NO SIGNIFICANT WEATHER WAS OBSERVED.


RELATIVE HUMIDITY (PERCENT)
 HIGHEST    78          1200 AM
 LOWEST     45           300 PM
 AVERAGE    62

..........................................................


THE TOLEDO OH CLIMATE NORMALS FOR TODAY
                         NORMAL    RECORD    YEAR
 MAXIMUM TEMPERATURE (F)   33        63      2013
 MINIMUM TEMPERATURE (F)   18        -5      1965


SUNRISE AND SUNSET
JANUARY 30 2016.......SUNRISE   749 AM EST   SUNSET   548 PM EST
JANUARY 31 2016.......SUNRISE   749 AM EST   SUNSET   549 PM EST


-  INDICATES NEGATIVE NUMBERS.
R  INDICATES RECORD WAS SET OR TIED.
MM INDICATES DATA IS MISSING.
T  INDICATES TRACE AMOUNT.




$$
