000
CDUS41 KCLE 312216
CLITOL


CLIMATE REPORT
NATIONAL WEATHER SERVICE CLEVELAND OH
515 PM EST SUN DEC 31 2017


...................................

...THE TOLEDO OH CLIMATE SUMMARY FOR DECEMBER 31 2017...
VALID TODAY AS OF 0500 PM LOCAL TIME.

CLIMATE NORMAL PERIOD 1981 TO 2010
CLIMATE RECORD PERIOD 1873 TO 2017


WEATHER ITEM   OBSERVED TIME   RECORD YEAR NORMAL DEPARTURE LAST
                VALUE   (LST)  VALUE       VALUE  FROM      YEAR
                                                  NORMAL
..................................................................
TEMPERATURE (F)
 TODAY
  MAXIMUM         15    410 PM  66    1875  33    -18       43
  MINIMUM          0    233 AM  -9    1976  20    -20       27
                                      1963
  AVERAGE          8                        26    -18       35

PRECIPITATION (IN)
  TODAY            0.00                      0.08  -0.08     0.00
  MONTH TO DATE    1.12                      2.68  -1.56     2.48
  SINCE DEC 1      1.12                      2.68  -1.56     2.48
  SINCE JAN 1     39.02                     34.24   4.78    34.33

SNOWFALL (IN)
  TODAY            0.0                       0.3   -0.3      0.0
  MONTH TO DATE   13.9                       7.4    6.5     13.2
  SINCE DEC 1     13.9                       7.4    6.5     13.2
  SINCE JUL 1     13.9                       9.5    4.4     13.2
  SNOW DEPTH       5

DEGREE DAYS
 HEATING
  TODAY           57                        39     18       30
  MONTH TO DATE 1187                      1092     95     1158
  SINCE DEC 1   1187                      1092     95     1158
  SINCE JUL 1   2235                      2325    -90     2082

 COOLING
  TODAY            0                         0      0        0
  MONTH TO DATE    0                         0      0        0
  SINCE DEC 1      0                         0      0        0
  SINCE JAN 1    744                       793    -49     1037
..................................................................


WIND (MPH)
  HIGHEST WIND SPEED    10   HIGHEST WIND DIRECTION    NW (310)
  HIGHEST GUST SPEED    12   HIGHEST GUST DIRECTION    NW (300)


SKY COVER
  POSSIBLE SUNSHINE  MM
  AVERAGE SKY COVER 0.3


WEATHER CONDITIONS
 THE FOLLOWING WEATHER WAS RECORDED TODAY.
  NO SIGNIFICANT WEATHER WAS OBSERVED.


RELATIVE HUMIDITY (PERCENT)
 HIGHEST    95           400 AM
 LOWEST     58           300 PM
 AVERAGE    77

..........................................................


THE TOLEDO OH CLIMATE NORMALS FOR TOMORROW
                         NORMAL    RECORD    YEAR
 MAXIMUM TEMPERATURE (F)   33        66      1876
 MINIMUM TEMPERATURE (F)   19       -15      1879


SUNRISE AND SUNSET
DECEMBER 31 2017......SUNRISE   802 AM EST   SUNSET   515 PM EST
JANUARY  1 2018.......SUNRISE   802 AM EST   SUNSET   516 PM EST


-  INDICATES NEGATIVE NUMBERS.
R  INDICATES RECORD WAS SET OR TIED.
MM INDICATES DATA IS MISSING.
T  INDICATES TRACE AMOUNT.




$$
