000
CDUS41 KCLE 310538
CLITOL


CLIMATE REPORT
NATIONAL WEATHER SERVICE CLEVELAND OH
137 AM EDT WED MAY 31 2017


...................................

...THE TOLEDO OH CLIMATE SUMMARY FOR MAY 30 2017...

CLIMATE NORMAL PERIOD 1981 TO 2010
CLIMATE RECORD PERIOD 1873 TO 2017


WEATHER ITEM   OBSERVED TIME   RECORD YEAR NORMAL DEPARTURE LAST
                VALUE   (LST)  VALUE       VALUE  FROM      YEAR
                                                  NORMAL
..................................................................
TEMPERATURE (F)
 YESTERDAY
  MAXIMUM         74    338 PM  94    1942  76     -2       87
  MINIMUM         51   1049 PM  35    1990  53     -2       57
  AVERAGE         63                        64     -1       72

PRECIPITATION (IN)
  YESTERDAY        T                         0.13  -0.13     0.00
  MONTH TO DATE    4.97                      3.46   1.51     1.44
  SINCE MAR 1     12.08                      9.13   2.95    10.54
  SINCE JAN 1     17.85                     13.25   4.60    13.76

SNOWFALL (IN)
  YESTERDAY        0.0                       0.0    0.0      0.0
  MONTH TO DATE    0.0                       0.1   -0.1      0.0
  SINCE MAR 1      5.4                       7.1   -1.7     11.4
  SINCE JUL 1     22.4                      37.6  -15.2     26.4
  SNOW DEPTH       0

DEGREE DAYS
 HEATING
  YESTERDAY        2                         4     -2        0
  MONTH TO DATE  236                       205     31      224
  SINCE MAR 1   1446                      1531    -85     1446
  SINCE JUL 1   5291                      6107   -816     5344

 COOLING
  YESTERDAY        0                         3     -3        7
  MONTH TO DATE   37                        42     -5       63
  SINCE MAR 1     45                        50     -5       63
  SINCE JAN 1     45                        50     -5       63
..................................................................


WIND (MPH)
  HIGHEST WIND SPEED    26   HIGHEST WIND DIRECTION    SW (240)
  HIGHEST GUST SPEED    33   HIGHEST GUST DIRECTION     W (250)
  AVERAGE WIND SPEED     9.8


SKY COVER
  POSSIBLE SUNSHINE  MM
  AVERAGE SKY COVER 0.4


WEATHER CONDITIONS
 THE FOLLOWING WEATHER WAS RECORDED YESTERDAY.
  LIGHT RAIN


RELATIVE HUMIDITY (PERCENT)
 HIGHEST   100           100 AM
 LOWEST     33           400 PM
 AVERAGE    67

..........................................................


THE TOLEDO OH CLIMATE NORMALS FOR TODAY
                         NORMAL    RECORD    YEAR
 MAXIMUM TEMPERATURE (F)   76        94      1988
 MINIMUM TEMPERATURE (F)   53        36      1984


SUNRISE AND SUNSET
MAY 31 2017...........SUNRISE   604 AM EDT   SUNSET   902 PM EDT
JUNE  1 2017..........SUNRISE   603 AM EDT   SUNSET   903 PM EDT


-  INDICATES NEGATIVE NUMBERS.
R  INDICATES RECORD WAS SET OR TIED.
MM INDICATES DATA IS MISSING.
T  INDICATES TRACE AMOUNT.




$$
