000
CDUS41 KCLE 312212
CLITOL


CLIMATE REPORT
NATIONAL WEATHER SERVICE CLEVELAND OH
511 PM EST SAT DEC 31 2016


...................................

...THE TOLEDO OH CLIMATE SUMMARY FOR DECEMBER 31 2016...
VALID TODAY AS OF 0500 PM LOCAL TIME.

CLIMATE NORMAL PERIOD 1981 TO 2010
CLIMATE RECORD PERIOD 1873 TO 2016


WEATHER ITEM   OBSERVED TIME   RECORD YEAR NORMAL DEPARTURE LAST
                VALUE   (LST)  VALUE       VALUE  FROM      YEAR
                                                  NORMAL
..................................................................
TEMPERATURE (F)
 TODAY
  MAXIMUM         43    354 PM  66    1875  33     10       32
  MINIMUM         27   1223 AM  -9    1976  20      7       29
                                      1963
  AVERAGE         35                        26      9       31

PRECIPITATION (IN)
  TODAY            0.00                      0.08  -0.08     0.00
  MONTH TO DATE    2.48                      2.68  -0.20     2.98
  SINCE DEC 1      2.48                      2.68  -0.20     2.98
  SINCE JAN 1     34.33                     34.24   0.09    36.51

SNOWFALL (IN)
  TODAY            0.0                       0.3   -0.3      0.0
  MONTH TO DATE   13.2                       7.4    5.8       T
  SINCE DEC 1     13.2                       7.4    5.8       T
  SINCE JUL 1     13.2                       9.5    3.7      3.5
  SNOW DEPTH       0

DEGREE DAYS
 HEATING
  TODAY           30                        39     -9       34
  MONTH TO DATE 1158                      1092     66      740
  SINCE DEC 1   1158                      1092     66      740
  SINCE JUL 1   2082                      2325   -243     1750

 COOLING
  TODAY            0                         0      0        0
  MONTH TO DATE    0                         0      0        0
  SINCE DEC 1      0                         0      0        0
  SINCE JAN 1   1037                       793    244      719
..................................................................


WIND (MPH)
  HIGHEST WIND SPEED    31   HIGHEST WIND DIRECTION    SW (230)
  HIGHEST GUST SPEED    41   HIGHEST GUST DIRECTION    SW (240)


SKY COVER
  POSSIBLE SUNSHINE  MM
  AVERAGE SKY COVER 0.3


WEATHER CONDITIONS
 THE FOLLOWING WEATHER WAS RECORDED TODAY.
  NO SIGNIFICANT WEATHER WAS OBSERVED.


RELATIVE HUMIDITY (PERCENT)
 HIGHEST    75          1200 AM
 LOWEST     46          1200 PM
 AVERAGE    61

..........................................................


THE TOLEDO OH CLIMATE NORMALS FOR TOMORROW
                         NORMAL    RECORD    YEAR
 MAXIMUM TEMPERATURE (F)   33        66      1876
 MINIMUM TEMPERATURE (F)   19       -15      1879


SUNRISE AND SUNSET
DECEMBER 31 2016......SUNRISE   802 AM EST   SUNSET   515 PM EST
JANUARY  1 2017.......SUNRISE   802 AM EST   SUNSET   516 PM EST


-  INDICATES NEGATIVE NUMBERS.
R  INDICATES RECORD WAS SET OR TIED.
MM INDICATES DATA IS MISSING.
T  INDICATES TRACE AMOUNT.




$$
