000
CDUS41 KCLE 030546
CLITOL


CLIMATE REPORT
NATIONAL WEATHER SERVICE CLEVELAND OH
145 AM EDT SUN JUL 3 2016


...................................

...THE TOLEDO OH CLIMATE SUMMARY FOR JULY 2 2016...

CLIMATE NORMAL PERIOD 1981 TO 2010
CLIMATE RECORD PERIOD 1873 TO 2016


WEATHER ITEM   OBSERVED TIME   RECORD YEAR NORMAL DEPARTURE LAST
                VALUE   (LST)  VALUE       VALUE  FROM      YEAR
                                                  NORMAL
..................................................................
TEMPERATURE (F)
 YESTERDAY
  MAXIMUM         75    337 PM  98    2011  85    -10       74
  MINIMUM         52    451 AM  46    2001  62    -10       56
                                      1988
  AVERAGE         64                        73     -9       65

PRECIPITATION (IN)
  YESTERDAY        0.00                      0.10  -0.10     0.00
  MONTH TO DATE    0.16                      0.21  -0.05     0.00
  SINCE JUN 1      1.78                      3.78  -2.00     7.22
  SINCE JAN 1     15.54                     17.15  -1.61    19.12

SNOWFALL (IN)
  YESTERDAY        0.0                       0.0    0.0      0.0
  MONTH TO DATE    0.0                       0.0    0.0      0.0
  SINCE JUN 1      0.0                       0.0    0.0      0.0
  SINCE JUL 1      0.0                       0.0    0.0      0.0
  SNOW DEPTH       0

DEGREE DAYS
 HEATING
  YESTERDAY        1                         0      1        0
  MONTH TO DATE    1                         0      1        0
  SINCE JUN 1     14                        35    -21       35
  SINCE JUL 1      1                         0      1        0

 COOLING
  YESTERDAY        0                         8     -8        0
  MONTH TO DATE    4                        16    -12        3
  SINCE JUN 1    194                       186      8      136
  SINCE JAN 1    263                       239     24      229
..................................................................


WIND (MPH)
  HIGHEST WIND SPEED     9   HIGHEST WIND DIRECTION    SW (240)
  HIGHEST GUST SPEED    16   HIGHEST GUST DIRECTION     S (190)
  AVERAGE WIND SPEED     2.7


SKY COVER
  POSSIBLE SUNSHINE  MM
  AVERAGE SKY COVER 0.0


WEATHER CONDITIONS
 THE FOLLOWING WEATHER WAS RECORDED YESTERDAY.
  NO SIGNIFICANT WEATHER WAS OBSERVED.


RELATIVE HUMIDITY (PERCENT)
 HIGHEST    84           900 PM
 LOWEST     35           400 PM
 AVERAGE    60

..........................................................


THE TOLEDO OH CLIMATE NORMALS FOR TODAY
                         NORMAL    RECORD    YEAR
 MAXIMUM TEMPERATURE (F)   85       100      1911
 MINIMUM TEMPERATURE (F)   62        47      1988


SUNRISE AND SUNSET
JULY  3 2016..........SUNRISE   606 AM EDT   SUNSET   913 PM EDT
JULY  4 2016..........SUNRISE   607 AM EDT   SUNSET   912 PM EDT


-  INDICATES NEGATIVE NUMBERS.
R  INDICATES RECORD WAS SET OR TIED.
MM INDICATES DATA IS MISSING.
T  INDICATES TRACE AMOUNT.




$$
