000
CDUS41 KCLE 050536
CLITOL


CLIMATE REPORT
NATIONAL WEATHER SERVICE CLEVELAND OH
126 AM EDT WED APR 5 2017


...................................

...THE TOLEDO OH CLIMATE SUMMARY FOR APRIL 4 2017...

CLIMATE NORMAL PERIOD 1981 TO 2010
CLIMATE RECORD PERIOD 1873 TO 2017


WEATHER ITEM   OBSERVED TIME   RECORD YEAR NORMAL DEPARTURE LAST
                VALUE   (LST)  VALUE       VALUE  FROM      YEAR
                                                  NORMAL
..................................................................
TEMPERATURE (F)
 YESTERDAY
  MAXIMUM         57    203 AM  78    1882  55      2       55
  MINIMUM         46   1159 PM  14    1971  35     11       27
                                      1874
  AVERAGE         52                        45      7       41

PRECIPITATION (IN)
  YESTERDAY        0.08                      0.10  -0.02     0.00
  MONTH TO DATE    0.23                      0.40  -0.17     0.15
  SINCE MAR 1      3.87                      2.88   0.99     5.25
  SINCE JAN 1      9.64                      7.00   2.64     8.47

SNOWFALL (IN)
  YESTERDAY        0.0                       0.1   -0.1      0.0
  MONTH TO DATE    0.0                       0.4   -0.4      0.7
  SINCE MAR 1      4.7                       6.1   -1.4      3.4
  SINCE JUL 1     21.7                      36.6  -14.9     18.4
  SNOW DEPTH       0

DEGREE DAYS
 HEATING
  YESTERDAY       13                        20     -7       24
  MONTH TO DATE   65                        82    -17       98
  SINCE MAR 1    937                       932      5      772
  SINCE JUL 1   4782                      5508   -726     4670

 COOLING
  YESTERDAY        0                         0      0        0
  MONTH TO DATE    0                         0      0        0
  SINCE MAR 1      0                         0      0        0
  SINCE JAN 1      0                         0      0        0
..................................................................


WIND (MPH)
  HIGHEST WIND SPEED    33   HIGHEST WIND DIRECTION     W (260)
  HIGHEST GUST SPEED    44   HIGHEST GUST DIRECTION     W (250)
  AVERAGE WIND SPEED    18.0


SKY COVER
  POSSIBLE SUNSHINE  MM
  AVERAGE SKY COVER 1.0


WEATHER CONDITIONS
 THE FOLLOWING WEATHER WAS RECORDED YESTERDAY.
  LIGHT RAIN
  FOG


RELATIVE HUMIDITY (PERCENT)
 HIGHEST   100          1200 AM
 LOWEST     66           500 PM
 AVERAGE    83

..........................................................


THE TOLEDO OH CLIMATE NORMALS FOR TODAY
                         NORMAL    RECORD    YEAR
 MAXIMUM TEMPERATURE (F)   56        82      1988
 MINIMUM TEMPERATURE (F)   35        12      1995


SUNRISE AND SUNSET
APRIL  5 2017.........SUNRISE   711 AM EDT   SUNSET   805 PM EDT
APRIL  6 2017.........SUNRISE   709 AM EDT   SUNSET   806 PM EDT


-  INDICATES NEGATIVE NUMBERS.
R  INDICATES RECORD WAS SET OR TIED.
MM INDICATES DATA IS MISSING.
T  INDICATES TRACE AMOUNT.




$$
