000
CDUS41 KCLE 042213
CLITOL


CLIMATE REPORT
NATIONAL WEATHER SERVICE CLEVELAND OH
512 PM EST TUE NOV 4 2014


...................................

...THE TOLEDO OH CLIMATE SUMMARY FOR NOVEMBER 4 2014...
VALID TODAY AS OF 0500 PM LOCAL TIME.

CLIMATE NORMAL PERIOD 1981 TO 2010
CLIMATE RECORD PERIOD 1873 TO 2014


WEATHER ITEM   OBSERVED TIME   RECORD YEAR NORMAL DEPARTURE LAST
                VALUE   (LST)  VALUE       VALUE  FROM      YEAR
                                                  NORMAL
..................................................................
TEMPERATURE (F)
 TODAY
  MAXIMUM         55   1016 AM  80    2003  55      0       51
  MINIMUM         49    102 AM  17    1951  37     12       31
  AVERAGE         52                        46      6       41

PRECIPITATION (IN)
  TODAY            0.05                      0.08  -0.03     0.00
  MONTH TO DATE    0.05                      0.35  -0.30     0.07
  SINCE SEP 1      7.64                      5.73   1.91     5.68
  SINCE JAN 1     28.83                     29.05  -0.22    32.47

SNOWFALL (IN)
  TODAY            0.0                       0.0    0.0      0.0
  MONTH TO DATE    0.0                       0.1   -0.1      0.0
  SINCE SEP 1      0.0                       0.3   -0.3      0.0
  SINCE JUL 1      0.0                       0.3   -0.3      0.0
  SNOW DEPTH       0

DEGREE DAYS
 HEATING
  TODAY           13                        19     -6       24
  MONTH TO DATE   93                        74     19       81
  SINCE SEP 1    630                       586     44      589
  SINCE JUL 1    644                       600     44      618

 COOLING
  TODAY            0                         0      0        0
  MONTH TO DATE    0                         0      0        0
  SINCE SEP 1     56                        91    -35      111
  SINCE JAN 1    654                       793   -139      793
..................................................................


WIND (MPH)
  HIGHEST WIND SPEED    23   HIGHEST WIND DIRECTION    SW (220)
  HIGHEST GUST SPEED    30   HIGHEST GUST DIRECTION    SW (230)


SKY COVER
  POSSIBLE SUNSHINE  MM
  AVERAGE SKY COVER 0.9


WEATHER CONDITIONS
 THE FOLLOWING WEATHER WAS RECORDED TODAY.
  LIGHT RAIN
  FOG


RELATIVE HUMIDITY (PERCENT)
 HIGHEST    93           400 PM
 LOWEST     38           300 AM
 AVERAGE    66

..........................................................


THE TOLEDO OH CLIMATE NORMALS FOR TOMORROW
                         NORMAL    RECORD    YEAR
 MAXIMUM TEMPERATURE (F)   55        76      1978
 MINIMUM TEMPERATURE (F)   37        16      1991


SUNRISE AND SUNSET
NOVEMBER  4 2014......SUNRISE   711 AM EST   SUNSET   526 PM EST
NOVEMBER  5 2014......SUNRISE   712 AM EST   SUNSET   525 PM EST


-  INDICATES NEGATIVE NUMBERS.
R  INDICATES RECORD WAS SET OR TIED.
MM INDICATES DATA IS MISSING.
T  INDICATES TRACE AMOUNT.




$$
