000
CDUS41 KCLE 280534
CLITOL


CLIMATE REPORT
NATIONAL WEATHER SERVICE CLEVELAND OH
133 AM EDT FRI MAR 28 2014


...................................

...THE TOLEDO OH CLIMATE SUMMARY FOR MARCH 27 2014...

CLIMATE NORMAL PERIOD 1981 TO 2010
CLIMATE RECORD PERIOD 1873 TO 2014


WEATHER ITEM   OBSERVED TIME   RECORD YEAR NORMAL DEPARTURE LAST
                VALUE   (LST)  VALUE       VALUE  FROM      YEAR
                                                  NORMAL
..................................................................
TEMPERATURE (F)
 YESTERDAY
  MAXIMUM         46    937 PM  80    1945  52     -6       45
                                      1910
  MINIMUM         27   1201 AM   6    1965  32     -5       31
  AVERAGE         37                        42     -5       38

PRECIPITATION (IN)
  YESTERDAY        0.09                      0.09   0.00      T
  MONTH TO DATE    1.35                      2.11  -0.76     0.73
  SINCE MAR 1      1.35                      2.11  -0.76     0.73
  SINCE JAN 1      8.53                      6.23   2.30     7.17

SNOWFALL (IN)
  YESTERDAY        0.0                       0.2   -0.2       T
  MONTH TO DATE   11.6                       5.3    6.3      1.4
  SINCE MAR 1     11.6                       5.3    6.3      1.4
  SINCE JUL 1     85.1                      35.8   49.3     22.1
  SNOW DEPTH       0

DEGREE DAYS
 HEATING
  YESTERDAY       28                        23      5       27
  MONTH TO DATE 1022                       761    261      883
  SINCE MAR 1   1022                       761    261      883
  SINCE JUL 1   6348                      5337   1011     5339

 COOLING
  YESTERDAY        0                         0      0        0
  MONTH TO DATE    0                         0      0        0
  SINCE MAR 1      0                         0      0        0
  SINCE JAN 1      0                         0      0        0
..................................................................


WIND (MPH)
  HIGHEST WIND SPEED    18   HIGHEST WIND DIRECTION     S (190)
  HIGHEST GUST SPEED    26   HIGHEST GUST DIRECTION     S (180)
  AVERAGE WIND SPEED     9.9


SKY COVER
  POSSIBLE SUNSHINE  MM
  AVERAGE SKY COVER 0.9


WEATHER CONDITIONS
 THE FOLLOWING WEATHER WAS RECORDED YESTERDAY.
  LIGHT RAIN


RELATIVE HUMIDITY (PERCENT)
 HIGHEST    85           500 PM
 LOWEST     53           200 AM
 AVERAGE    69

..........................................................


THE TOLEDO OH CLIMATE NORMALS FOR TODAY
                         NORMAL    RECORD    YEAR
 MAXIMUM TEMPERATURE (F)   52        81      1910
 MINIMUM TEMPERATURE (F)   32        11      1934


SUNRISE AND SUNSET
MARCH 28 2014.........SUNRISE   725 AM EDT   SUNSET   756 PM EDT
MARCH 29 2014.........SUNRISE   723 AM EDT   SUNSET   757 PM EDT


-  INDICATES NEGATIVE NUMBERS.
R  INDICATES RECORD WAS SET OR TIED.
MM INDICATES DATA IS MISSING.
T  INDICATES TRACE AMOUNT.




$$
