000
CDUS41 KCLE 090527
CLITOL


CLIMATE REPORT
NATIONAL WEATHER SERVICE CLEVELAND OH
126 AM EDT MON MAY 9 2016


...................................

...THE TOLEDO OH CLIMATE SUMMARY FOR MAY 8 2016...

CLIMATE NORMAL PERIOD 1981 TO 2010
CLIMATE RECORD PERIOD 1873 TO 2016


WEATHER ITEM   OBSERVED TIME   RECORD YEAR NORMAL DEPARTURE LAST
                VALUE   (LST)  VALUE       VALUE  FROM      YEAR
                                                  NORMAL
..................................................................
TEMPERATURE (F)
 YESTERDAY
  MAXIMUM         69    327 PM  88    2015  69      0       88
                                      1979
                                      1896
  MINIMUM         39    526 AM  28    1976  46     -7       55
  AVERAGE         54                        57     -3       72

PRECIPITATION (IN)
  YESTERDAY        0.00                      0.11  -0.11     0.00
  MONTH TO DATE    0.48                      0.87  -0.39     0.20
  SINCE MAR 1      9.58                      6.54   3.04     4.23
  SINCE JAN 1     12.80                     10.66   2.14     7.85

SNOWFALL (IN)
  YESTERDAY        0.0                       0.0    0.0      0.0
  MONTH TO DATE    0.0                       0.1   -0.1      0.0
  SINCE MAR 1     11.4                       7.1    4.3      5.4
  SINCE JUL 1     26.4                      37.6  -11.2     45.7
  SNOW DEPTH       0

DEGREE DAYS
 HEATING
  YESTERDAY       11                         9      2        0
  MONTH TO DATE   86                        76     10       26
  SINCE MAR 1   1308                      1402    -94     1499
  SINCE JUL 1   5206                      5978   -772     6755

 COOLING
  YESTERDAY        0                         1     -1        7
  MONTH TO DATE    0                         5     -5       12
  SINCE MAR 1      0                        13    -13       12
  SINCE JAN 1      0                        13    -13       12
..................................................................


WIND (MPH)
  HIGHEST WIND SPEED    22   HIGHEST WIND DIRECTION    SW (240)
  HIGHEST GUST SPEED    27   HIGHEST GUST DIRECTION    SW (230)
  AVERAGE WIND SPEED     7.3


SKY COVER
  POSSIBLE SUNSHINE  MM
  AVERAGE SKY COVER 0.2


WEATHER CONDITIONS
 THE FOLLOWING WEATHER WAS RECORDED YESTERDAY.
  NO SIGNIFICANT WEATHER WAS OBSERVED.


RELATIVE HUMIDITY (PERCENT)
 HIGHEST    79           500 AM
 LOWEST     24           500 PM
 AVERAGE    52

..........................................................


THE TOLEDO OH CLIMATE NORMALS FOR TODAY
                         NORMAL    RECORD    YEAR
 MAXIMUM TEMPERATURE (F)   69        90      1963
 MINIMUM TEMPERATURE (F)   46        27      1983


SUNRISE AND SUNSET
MAY  9 2016...........SUNRISE   622 AM EDT   SUNSET   842 PM EDT
MAY 10 2016...........SUNRISE   621 AM EDT   SUNSET   843 PM EDT


-  INDICATES NEGATIVE NUMBERS.
R  INDICATES RECORD WAS SET OR TIED.
MM INDICATES DATA IS MISSING.
T  INDICATES TRACE AMOUNT.




$$
