000
CDUS41 KCLE 300527
CLITOL


CLIMATE REPORT
NATIONAL WEATHER SERVICE CLEVELAND OH
126 AM EDT TUE MAY 30 2017


...................................

...THE TOLEDO OH CLIMATE SUMMARY FOR MAY 29 2017...

CLIMATE NORMAL PERIOD 1981 TO 2010
CLIMATE RECORD PERIOD 1873 TO 2017


WEATHER ITEM   OBSERVED TIME   RECORD YEAR NORMAL DEPARTURE LAST
                VALUE   (LST)  VALUE       VALUE  FROM      YEAR
                                                  NORMAL
..................................................................
TEMPERATURE (F)
 YESTERDAY
  MAXIMUM         80    221 PM  93    2006  75      5       90
                                      1962
                                      1942
  MINIMUM         56   1039 PM  33    1966  53      3       64
  AVERAGE         68                        64      4       77

PRECIPITATION (IN)
  YESTERDAY        0.08                      0.12  -0.04     0.01
  MONTH TO DATE    4.97                      3.33   1.64     1.44
  SINCE MAR 1     12.08                      9.00   3.08    10.54
  SINCE JAN 1     17.85                     13.12   4.73    13.76

SNOWFALL (IN)
  YESTERDAY        0.0                       0.0    0.0      0.0
  MONTH TO DATE    0.0                       0.1   -0.1      0.0
  SINCE MAR 1      5.4                       7.1   -1.7     11.4
  SINCE JUL 1     22.4                      37.6  -15.2     26.4
  SNOW DEPTH       0

DEGREE DAYS
 HEATING
  YESTERDAY        0                         4     -4        0
  MONTH TO DATE  234                       201     33      224
  SINCE MAR 1   1444                      1527    -83     1446
  SINCE JUL 1   5289                      6103   -814     5344

 COOLING
  YESTERDAY        3                         3      0       12
  MONTH TO DATE   37                        39     -2       56
  SINCE MAR 1     45                        47     -2       56
  SINCE JAN 1     45                        47     -2       56
..................................................................


WIND (MPH)
  HIGHEST WIND SPEED    28   HIGHEST WIND DIRECTION     W (280)
  HIGHEST GUST SPEED    36   HIGHEST GUST DIRECTION     W (290)
  AVERAGE WIND SPEED     9.0


SKY COVER
  POSSIBLE SUNSHINE  MM
  AVERAGE SKY COVER 0.3


WEATHER CONDITIONS
 THE FOLLOWING WEATHER WAS RECORDED YESTERDAY.
  THUNDERSTORM
  LIGHT RAIN


RELATIVE HUMIDITY (PERCENT)
 HIGHEST   100           200 AM
 LOWEST     35           200 PM
 AVERAGE    68

..........................................................


THE TOLEDO OH CLIMATE NORMALS FOR TODAY
                         NORMAL    RECORD    YEAR
 MAXIMUM TEMPERATURE (F)   76        94      1942
 MINIMUM TEMPERATURE (F)   53        35      1990


SUNRISE AND SUNSET
MAY 30 2017...........SUNRISE   604 AM EDT   SUNSET   902 PM EDT
MAY 31 2017...........SUNRISE   604 AM EDT   SUNSET   902 PM EDT


-  INDICATES NEGATIVE NUMBERS.
R  INDICATES RECORD WAS SET OR TIED.
MM INDICATES DATA IS MISSING.
T  INDICATES TRACE AMOUNT.




$$
