000
CDUS41 KCLE 272113
CLITOL


CLIMATE REPORT
NATIONAL WEATHER SERVICE CLEVELAND OH
512 PM EDT FRI JUN 27 2014


...................................

...THE TOLEDO OH CLIMATE SUMMARY FOR JUNE 27 2014...
VALID TODAY AS OF 0500 PM LOCAL TIME.

CLIMATE NORMAL PERIOD 1981 TO 2010
CLIMATE RECORD PERIOD 1873 TO 2014


WEATHER ITEM   OBSERVED TIME   RECORD YEAR NORMAL DEPARTURE LAST
                VALUE   (LST)  VALUE       VALUE  FROM      YEAR
                                                  NORMAL
..................................................................
TEMPERATURE (F)
 TODAY
  MAXIMUM         84    348 PM  98    1971  84      0       84
                                      1944
  MINIMUM         61    310 AM  45    1988  61      0       65
  AVERAGE         73                        73      0       75

PRECIPITATION (IN)
  TODAY            0.00                      0.10  -0.10     0.23
  MONTH TO DATE    3.97                      3.24   0.73     6.07
  SINCE JUN 1      3.97                      3.24   0.73     6.07
  SINCE JAN 1     17.82                     16.61   1.21    20.57

SNOWFALL (IN)
  TODAY            0.0                       0.0    0.0      0.0
  MONTH TO DATE    0.0                       0.0    0.0      0.0
  SINCE JUN 1      0.0                       0.0    0.0      0.0
  SINCE JUL 1     86.3                      37.6   48.7     22.4
  SNOW DEPTH       0

DEGREE DAYS
 HEATING
  TODAY            0                         0      0        0
  MONTH TO DATE   16                        35    -19       31
  SINCE JUN 1     16                        35    -19       31
  SINCE JUL 1   7132                      6145    987     6165

 COOLING
  TODAY            8                         8      0       10
  MONTH TO DATE  152                       146      6      147
  SINCE JUN 1    152                       146      6      147
  SINCE JAN 1    214                       199     15      241
..................................................................


WIND (MPH)
  HIGHEST WIND SPEED     9   HIGHEST WIND DIRECTION     E (90)
  HIGHEST GUST SPEED    15   HIGHEST GUST DIRECTION     E (90)


SKY COVER
  POSSIBLE SUNSHINE  MM
  AVERAGE SKY COVER 0.2


WEATHER CONDITIONS
 THE FOLLOWING WEATHER WAS RECORDED TODAY.
  FOG


RELATIVE HUMIDITY (PERCENT)
 HIGHEST   100           100 AM
 LOWEST     51           200 PM
 AVERAGE    76

..........................................................


THE TOLEDO OH CLIMATE NORMALS FOR TOMORROW
                         NORMAL    RECORD    YEAR
 MAXIMUM TEMPERATURE (F)   84       103      2012
 MINIMUM TEMPERATURE (F)   62        47      1970


SUNRISE AND SUNSET
JUNE 27 2014..........SUNRISE   603 AM EDT   SUNSET   913 PM EDT
JUNE 28 2014..........SUNRISE   603 AM EDT   SUNSET   913 PM EDT


-  INDICATES NEGATIVE NUMBERS.
R  INDICATES RECORD WAS SET OR TIED.
MM INDICATES DATA IS MISSING.
T  INDICATES TRACE AMOUNT.




$$
