000
CDUS41 KCLE 250527
CLITOL


CLIMATE REPORT
NATIONAL WEATHER SERVICE CLEVELAND OH
1227 AM EST SUN DEC 25 2016


...................................

...THE TOLEDO OH CLIMATE SUMMARY FOR DECEMBER 24 2016...

CLIMATE NORMAL PERIOD 1981 TO 2010
CLIMATE RECORD PERIOD 1873 TO 2016


WEATHER ITEM   OBSERVED TIME   RECORD YEAR NORMAL DEPARTURE LAST
                VALUE   (LST)  VALUE       VALUE  FROM      YEAR
                                                  NORMAL
..................................................................
TEMPERATURE (F)
 YESTERDAY
  MAXIMUM         37    453 PM  65    1889  34      3       57
  MINIMUM         34   1159 PM -15    1983  21     13       39
  AVERAGE         36                        27      9       48

PRECIPITATION (IN)
  YESTERDAY        0.06                      0.09  -0.03     0.00
  MONTH TO DATE    1.71                      2.11  -0.40     1.33
  SINCE DEC 1      1.71                      2.11  -0.40     1.33
  SINCE JAN 1     33.56                     33.67  -0.11    34.86

SNOWFALL (IN)
  YESTERDAY        0.0                       0.3   -0.3      0.0
  MONTH TO DATE   12.8                       5.3    7.5       T
  SINCE DEC 1     12.8                       5.3    7.5       T
  SINCE JUL 1     12.8                       7.4    5.4      3.5
  SNOW DEPTH       2

DEGREE DAYS
 HEATING
  YESTERDAY       29                        38     -9       17
  MONTH TO DATE  951                       824    127      545
  SINCE DEC 1    951                       824    127      545
  SINCE JUL 1   1875                      2057   -182     1555

 COOLING
  YESTERDAY        0                         0      0        0
  MONTH TO DATE    0                         0      0        0
  SINCE DEC 1      0                         0      0        0
  SINCE JAN 1   1037                       793    244      719
..................................................................


WIND (MPH)
  HIGHEST WIND SPEED    14   HIGHEST WIND DIRECTION     W (260)
  HIGHEST GUST SPEED    18   HIGHEST GUST DIRECTION    SW (210)
  AVERAGE WIND SPEED     6.1


SKY COVER
  POSSIBLE SUNSHINE  MM
  AVERAGE SKY COVER 1.0


WEATHER CONDITIONS
 THE FOLLOWING WEATHER WAS RECORDED YESTERDAY.
  LIGHT RAIN
  FOG


RELATIVE HUMIDITY (PERCENT)
 HIGHEST   100           100 AM
 LOWEST     82           500 PM
 AVERAGE    91

..........................................................


THE TOLEDO OH CLIMATE NORMALS FOR TODAY
                         NORMAL    RECORD    YEAR
 MAXIMUM TEMPERATURE (F)   34        63      1982
 MINIMUM TEMPERATURE (F)   21       -13      1983


SUNRISE AND SUNSET
DECEMBER 25 2016......SUNRISE   800 AM EST   SUNSET   511 PM EST
DECEMBER 26 2016......SUNRISE   801 AM EST   SUNSET   511 PM EST


-  INDICATES NEGATIVE NUMBERS.
R  INDICATES RECORD WAS SET OR TIED.
MM INDICATES DATA IS MISSING.
T  INDICATES TRACE AMOUNT.




$$
