000
CDUS41 KCLE 012127
CLITOL


CLIMATE REPORT
NATIONAL WEATHER SERVICE CLEVELAND OH
526 PM EDT MON MAY 1 2017


...................................

...THE TOLEDO OH CLIMATE SUMMARY FOR MAY 1 2017...
VALID TODAY AS OF 0500 PM LOCAL TIME.

CLIMATE NORMAL PERIOD 1981 TO 2010
CLIMATE RECORD PERIOD 1873 TO 2017


WEATHER ITEM   OBSERVED TIME   RECORD YEAR NORMAL DEPARTURE LAST
                VALUE   (LST)  VALUE       VALUE  FROM      YEAR
                                                  NORMAL
..................................................................
TEMPERATURE (F)
 TODAY
  MAXIMUM         67    639 AM  88    1942  66      1       56
  MINIMUM         56    800 AM  28    1978  44     12       48
                                      1963
                                      1945
  AVERAGE         62                        55      7       52

PRECIPITATION (IN)
  TODAY            0.13                      0.11   0.02     0.21
  MONTH TO DATE    0.13                      0.11   0.02     0.21
  SINCE MAR 1      7.24                      5.78   1.46     9.31
  SINCE JAN 1     13.01                      9.90   3.11    12.53

SNOWFALL (IN)
  TODAY            0.0                       0.0    0.0      0.0
  MONTH TO DATE    0.0                       0.0    0.0      0.0
  SINCE MAR 1      5.4                       7.0   -1.6     11.4
  SINCE JUL 1     22.4                      37.5  -15.1     26.4
  SNOW DEPTH       0

DEGREE DAYS
 HEATING
  TODAY            3                        10     -7       13
  MONTH TO DATE    3                        10     -7       13
  SINCE MAR 1   1213                      1336   -123     1235
  SINCE JUL 1   5058                      5912   -854     5133

 COOLING
  TODAY            0                         0      0        0
  MONTH TO DATE    0                         0      0        0
  SINCE MAR 1      8                         8      0        0
  SINCE JAN 1      8                         8      0        0
..................................................................


WIND (MPH)
  HIGHEST WIND SPEED    26   HIGHEST WIND DIRECTION     W (250)
  HIGHEST GUST SPEED    35   HIGHEST GUST DIRECTION    SW (240)


SKY COVER
  POSSIBLE SUNSHINE  MM
  AVERAGE SKY COVER 0.9


WEATHER CONDITIONS
 THE FOLLOWING WEATHER WAS RECORDED TODAY.
  RAIN
  LIGHT RAIN
  FOG


RELATIVE HUMIDITY (PERCENT)
 HIGHEST   100          1200 AM
 LOWEST     45           100 PM
 AVERAGE    73

..........................................................


THE TOLEDO OH CLIMATE NORMALS FOR TOMORROW
                         NORMAL    RECORD    YEAR
 MAXIMUM TEMPERATURE (F)   67        87      1965
 MINIMUM TEMPERATURE (F)   44        28      1963


SUNRISE AND SUNSET
MAY  1 2017...........SUNRISE   632 AM EDT   SUNSET   833 PM EDT
MAY  2 2017...........SUNRISE   630 AM EDT   SUNSET   835 PM EDT


-  INDICATES NEGATIVE NUMBERS.
R  INDICATES RECORD WAS SET OR TIED.
MM INDICATES DATA IS MISSING.
T  INDICATES TRACE AMOUNT.




$$
