000
CDUS41 KCLE 142123
CLITOL


CLIMATE REPORT
NATIONAL WEATHER SERVICE CLEVELAND OH
523 PM EDT SAT MAR 14 2015


...................................

...THE TOLEDO OH CLIMATE SUMMARY FOR MARCH 14 2015...
VALID TODAY AS OF 0500 PM LOCAL TIME.

CLIMATE NORMAL PERIOD 1981 TO 2010
CLIMATE RECORD PERIOD 1873 TO 2015


WEATHER ITEM   OBSERVED TIME   RECORD YEAR NORMAL DEPARTURE LAST
                VALUE   (LST)  VALUE       VALUE  FROM      YEAR
                                                  NORMAL
..................................................................
TEMPERATURE (F)
 TODAY
  MAXIMUM         51    359 PM  79    1990  46      5       52
  MINIMUM         41    827 AM   4    1895  28     13       27
  AVERAGE         46                        37      9       40

PRECIPITATION (IN)
  TODAY            0.01                      0.08  -0.07     0.00
  MONTH TO DATE    0.41                      1.05  -0.64     1.15
  SINCE MAR 1      0.41                      1.05  -0.64     1.15
  SINCE JAN 1      4.03                      5.17  -1.14     8.33

SNOWFALL (IN)
  TODAY            0.0                       0.1   -0.1      0.0
  MONTH TO DATE    4.3                       3.2    1.1     11.3
  SINCE MAR 1      4.3                       3.2    1.1     11.3
  SINCE JUL 1     44.6                      33.7   10.9     84.8
  SNOW DEPTH       0

DEGREE DAYS
 HEATING
  TODAY           19                        28     -9       25
  MONTH TO DATE  505                       429     76      572
  SINCE MAR 1    505                       429     76      572
  SINCE JUL 1   5761                      5005    756     5898

 COOLING
  TODAY            0                         0      0        0
  MONTH TO DATE    0                         0      0        0
  SINCE MAR 1      0                         0      0        0
  SINCE JAN 1      0                         0      0        0
..................................................................


WIND (MPH)
  HIGHEST WIND SPEED    21   HIGHEST WIND DIRECTION    NW (300)
  HIGHEST GUST SPEED    28   HIGHEST GUST DIRECTION    NW (300)


SKY COVER
  POSSIBLE SUNSHINE  MM
  AVERAGE SKY COVER 0.7


WEATHER CONDITIONS
 THE FOLLOWING WEATHER WAS RECORDED TODAY.
  LIGHT RAIN
  FOG
  FOG W/VISIBILITY <= 1/4 MILE
  HAZE


RELATIVE HUMIDITY (PERCENT)
 HIGHEST   100           100 AM
 LOWEST     56           400 PM
 AVERAGE    78

..........................................................


THE TOLEDO OH CLIMATE NORMALS FOR TOMORROW
                         NORMAL    RECORD    YEAR
 MAXIMUM TEMPERATURE (F)   46        78      2012
                                             1990
 MINIMUM TEMPERATURE (F)   28         3      1993


SUNRISE AND SUNSET
MARCH 14 2015.........SUNRISE   749 AM EDT   SUNSET   740 PM EDT
MARCH 15 2015.........SUNRISE   747 AM EDT   SUNSET   742 PM EDT


-  INDICATES NEGATIVE NUMBERS.
R  INDICATES RECORD WAS SET OR TIED.
MM INDICATES DATA IS MISSING.
T  INDICATES TRACE AMOUNT.




$$
