000
CDUS41 KCLE 010545
CLITOL


CLIMATE REPORT
NATIONAL WEATHER SERVICE CLEVELAND OH
145 AM EDT TUE JUL 1 2014


...................................

...THE TOLEDO OH CLIMATE SUMMARY FOR JUNE 30 2014...

CLIMATE NORMAL PERIOD 1981 TO 2010
CLIMATE RECORD PERIOD 1873 TO 2014


WEATHER ITEM   OBSERVED TIME   RECORD YEAR NORMAL DEPARTURE LAST
                VALUE   (LST)  VALUE       VALUE  FROM      YEAR
                                                  NORMAL
..................................................................
TEMPERATURE (F)
 YESTERDAY
  MAXIMUM         86    515 PM  97    1953  84      2       76
                                      1913
  MINIMUM         71    620 AM  42    1943  62      9       62
  AVERAGE         79                        73      6       69

PRECIPITATION (IN)
  YESTERDAY        0.00                      0.11  -0.11     0.03
  MONTH TO DATE    3.98                      3.57   0.41     6.35
  SINCE JUN 1      3.98                      3.57   0.41     6.35
  SINCE JAN 1     17.83                     16.94   0.89    20.85

SNOWFALL (IN)
  YESTERDAY        0.0                       0.0    0.0      0.0
  MONTH TO DATE    0.0                       0.0    0.0      0.0
  SINCE JUN 1      0.0                       0.0    0.0      0.0
  SINCE JUL 1     86.3                      37.6   48.7     22.4
  SNOW DEPTH       0

DEGREE DAYS
 HEATING
  YESTERDAY        0                         0      0        0
  MONTH TO DATE   16                        35    -19       31
  SINCE JUN 1     16                        35    -19       31
  SINCE JUL 1   7132                      6145    987     6165

 COOLING
  YESTERDAY       14                         8      6        4
  MONTH TO DATE  191                       170     21      162
  SINCE JUN 1    191                       170     21      162
  SINCE JAN 1    253                       223     30      256
..................................................................


WIND (MPH)
  HIGHEST WIND SPEED    18   HIGHEST WIND DIRECTION    SW (220)
  HIGHEST GUST SPEED    25   HIGHEST GUST DIRECTION    SW (210)
  AVERAGE WIND SPEED     8.9


SKY COVER
  POSSIBLE SUNSHINE  MM
  AVERAGE SKY COVER 0.2


WEATHER CONDITIONS
 THE FOLLOWING WEATHER WAS RECORDED YESTERDAY.
  FOG


RELATIVE HUMIDITY (PERCENT)
 HIGHEST    93           200 AM
 LOWEST     61           300 PM
 AVERAGE    77

..........................................................


THE TOLEDO OH CLIMATE NORMALS FOR TODAY
                         NORMAL    RECORD    YEAR
 MAXIMUM TEMPERATURE (F)   85        98      1931
 MINIMUM TEMPERATURE (F)   62        40      1988


SUNRISE AND SUNSET
JULY  1 2014..........SUNRISE   605 AM EDT   SUNSET   913 PM EDT
JULY  2 2014..........SUNRISE   605 AM EDT   SUNSET   913 PM EDT


-  INDICATES NEGATIVE NUMBERS.
R  INDICATES RECORD WAS SET OR TIED.
MM INDICATES DATA IS MISSING.
T  INDICATES TRACE AMOUNT.




$$
