000
CDUS41 KCLE 310604
CLITOL


CLIMATE REPORT
NATIONAL WEATHER SERVICE CLEVELAND OH
203 AM EDT FRI MAR 31 2017


...................................

...THE TOLEDO OH CLIMATE SUMMARY FOR MARCH 30 2017...

CLIMATE NORMAL PERIOD 1981 TO 2010
CLIMATE RECORD PERIOD 1873 TO 2017


WEATHER ITEM   OBSERVED TIME   RECORD YEAR NORMAL DEPARTURE LAST
                VALUE   (LST)  VALUE       VALUE  FROM      YEAR
                                                  NORMAL
..................................................................
TEMPERATURE (F)
 YESTERDAY
  MAXIMUM         43    107 PM  81    1998  53    -10       65
  MINIMUM         38    950 AM  12    1969  33      5       30
                                      1887
  AVERAGE         41                        43     -2       48

PRECIPITATION (IN)
  YESTERDAY        1.81                      0.09   1.72     0.14
  MONTH TO DATE    3.64                      2.38   1.26     4.23
  SINCE MAR 1      3.64                      2.38   1.26     4.23
  SINCE JAN 1      9.41                      6.50   2.91     7.45

SNOWFALL (IN)
  YESTERDAY        0.0                       0.1   -0.1      0.0
  MONTH TO DATE    4.7                       5.6   -0.9      2.7
  SINCE MAR 1      4.7                       5.6   -0.9      2.7
  SINCE JUL 1     21.7                      36.1  -14.4     17.7
  SNOW DEPTH       0

DEGREE DAYS
 HEATING
  YESTERDAY       24                        22      2       17
  MONTH TO DATE  847                       828     19      668
  SINCE MAR 1    847                       828     19      668
  SINCE JUL 1   4692                      5404   -712     4566

 COOLING
  YESTERDAY        0                         0      0        0
  MONTH TO DATE    0                         0      0        0
  SINCE MAR 1      0                         0      0        0
  SINCE JAN 1      0                         0      0        0
..................................................................


WIND (MPH)
  HIGHEST WIND SPEED    26   HIGHEST WIND DIRECTION     E (80)
  HIGHEST GUST SPEED    32   HIGHEST GUST DIRECTION     E (70)
  AVERAGE WIND SPEED    14.9


SKY COVER
  POSSIBLE SUNSHINE  MM
  AVERAGE SKY COVER 0.9


WEATHER CONDITIONS
 THE FOLLOWING WEATHER WAS RECORDED YESTERDAY.
  THUNDERSTORM
  HEAVY RAIN
  RAIN
  LIGHT RAIN
  FOG


RELATIVE HUMIDITY (PERCENT)
 HIGHEST   100           800 AM
 LOWEST     67          1200 AM
 AVERAGE    84

..........................................................


THE TOLEDO OH CLIMATE NORMALS FOR TODAY
                         NORMAL    RECORD    YEAR
 MAXIMUM TEMPERATURE (F)   54        80      1943
 MINIMUM TEMPERATURE (F)   33         7      1923


SUNRISE AND SUNSET
MARCH 31 2017.........SUNRISE   719 AM EDT   SUNSET   800 PM EDT
APRIL  1 2017.........SUNRISE   718 AM EDT   SUNSET   801 PM EDT


-  INDICATES NEGATIVE NUMBERS.
R  INDICATES RECORD WAS SET OR TIED.
MM INDICATES DATA IS MISSING.
T  INDICATES TRACE AMOUNT.




$$
