000
CDUS41 KCLE 172111
CLITOL


CLIMATE REPORT
NATIONAL WEATHER SERVICE CLEVELAND OH
510 PM EDT SUN MAY 17 2015


...................................

...THE TOLEDO OH CLIMATE SUMMARY FOR MAY 17 2015...
VALID TODAY AS OF 0500 PM LOCAL TIME.

CLIMATE NORMAL PERIOD 1981 TO 2010
CLIMATE RECORD PERIOD 1873 TO 2015


WEATHER ITEM   OBSERVED TIME   RECORD YEAR NORMAL DEPARTURE LAST
                VALUE   (LST)  VALUE       VALUE  FROM      YEAR
                                                  NORMAL
..................................................................
TEMPERATURE (F)
 TODAY
  MAXIMUM         82    324 PM  95    1962  71     11       56
  MINIMUM         63    252 AM  30    1973  49     14       42
  AVERAGE         73                        60     13       49

PRECIPITATION (IN)
  TODAY            0.10                      0.11  -0.01     0.04
  MONTH TO DATE    1.41                      1.88  -0.47     1.58
  SINCE MAR 1      5.44                      7.55  -2.11     6.28
  SINCE JAN 1      9.06                     11.67  -2.61    13.46

SNOWFALL (IN)
  TODAY            0.0                       0.0    0.0      0.0
  MONTH TO DATE    0.0                       0.1   -0.1      0.0
  SINCE MAR 1      5.4                       7.1   -1.7     12.8
  SINCE JUL 1     45.7                      37.6    8.1     86.3
  SNOW DEPTH       0

DEGREE DAYS
 HEATING
  TODAY            0                         6     -6       16
  MONTH TO DATE   66                       142    -76      161
  SINCE MAR 1   1539                      1468     71     1760
  SINCE JUL 1   6795                      6044    751     7086

 COOLING
  TODAY            8                         1      7        0
  MONTH TO DATE   46                        14     32       24
  SINCE MAR 1     46                        22     24       26
  SINCE JAN 1     46                        22     24       26
..................................................................


WIND (MPH)
  HIGHEST WIND SPEED    18   HIGHEST WIND DIRECTION    SW (210)
  HIGHEST GUST SPEED    25   HIGHEST GUST DIRECTION     E (80)


SKY COVER
  POSSIBLE SUNSHINE  MM
  AVERAGE SKY COVER 0.7


WEATHER CONDITIONS
 THE FOLLOWING WEATHER WAS RECORDED TODAY.
  HEAVY RAIN
  RAIN
  LIGHT RAIN
  FOG
  HAZE


RELATIVE HUMIDITY (PERCENT)
 HIGHEST   100          1200 AM
 LOWEST     62           400 PM
 AVERAGE    81

..........................................................


THE TOLEDO OH CLIMATE NORMALS FOR TOMORROW
                         NORMAL    RECORD    YEAR
 MAXIMUM TEMPERATURE (F)   72        95      1962
 MINIMUM TEMPERATURE (F)   49        30      1973


SUNRISE AND SUNSET
MAY 17 2015...........SUNRISE   614 AM EDT   SUNSET   850 PM EDT
MAY 18 2015...........SUNRISE   613 AM EDT   SUNSET   851 PM EDT


-  INDICATES NEGATIVE NUMBERS.
R  INDICATES RECORD WAS SET OR TIED.
MM INDICATES DATA IS MISSING.
T  INDICATES TRACE AMOUNT.




$$
