000
CDUS41 KCLE 122212
CLITOL


CLIMATE REPORT
NATIONAL WEATHER SERVICE CLEVELAND OH
511 PM EST SAT NOV 12 2016


...................................

...THE TOLEDO OH CLIMATE SUMMARY FOR NOVEMBER 12 2016...
VALID TODAY AS OF 0500 PM LOCAL TIME.

CLIMATE NORMAL PERIOD 1981 TO 2010
CLIMATE RECORD PERIOD 1873 TO 2016


WEATHER ITEM   OBSERVED TIME   RECORD YEAR NORMAL DEPARTURE LAST
                VALUE   (LST)  VALUE       VALUE  FROM      YEAR
                                                  NORMAL
..................................................................
TEMPERATURE (F)
 TODAY
  MAXIMUM         48    416 PM  72    1964  52     -4       55
  MINIMUM         24    722 AM  15    1976  35    -11       45
                                      1911
  AVERAGE         36                        43     -7       50

PRECIPITATION (IN)
  TODAY            0.00                      0.10  -0.10     0.03
  MONTH TO DATE    0.63                      1.08  -0.45     0.45
  SINCE SEP 1      7.37                      6.46   0.91     3.90
  SINCE JAN 1     30.68                     29.78   0.90    32.23

SNOWFALL (IN)
  TODAY            0.0                       0.0    0.0      0.0
  MONTH TO DATE    0.0                       0.4   -0.4      0.0
  SINCE SEP 1      0.0                       0.6   -0.6      0.0
  SINCE JUL 1      0.0                       0.6   -0.6      0.0
  SNOW DEPTH       0

DEGREE DAYS
 HEATING
  TODAY           29                        22      7       15
  MONTH TO DATE  175                       239    -64      179
  SINCE SEP 1    518                       751   -233      582
  SINCE JUL 1    519                       765   -246      594

 COOLING
  TODAY            0                         0      0        0
  MONTH TO DATE    4                         0      4        0
  SINCE SEP 1    148                        91     57      138
  SINCE JAN 1   1037                       793    244      719
..................................................................


WIND (MPH)
  HIGHEST WIND SPEED    14   HIGHEST WIND DIRECTION    SW (240)
  HIGHEST GUST SPEED    18   HIGHEST GUST DIRECTION    SW (220)


SKY COVER
  POSSIBLE SUNSHINE  MM
  AVERAGE SKY COVER 0.0


WEATHER CONDITIONS
 THE FOLLOWING WEATHER WAS RECORDED TODAY.
  NO SIGNIFICANT WEATHER WAS OBSERVED.


RELATIVE HUMIDITY (PERCENT)
 HIGHEST    92           300 AM
 LOWEST     42           300 PM
 AVERAGE    67

..........................................................


THE TOLEDO OH CLIMATE NORMALS FOR TOMORROW
                         NORMAL    RECORD    YEAR
 MAXIMUM TEMPERATURE (F)   51        72      2010
                                             1989
 MINIMUM TEMPERATURE (F)   34        13      1911


SUNRISE AND SUNSET
NOVEMBER 12 2016......SUNRISE   721 AM EST   SUNSET   517 PM EST
NOVEMBER 13 2016......SUNRISE   722 AM EST   SUNSET   516 PM EST


-  INDICATES NEGATIVE NUMBERS.
R  INDICATES RECORD WAS SET OR TIED.
MM INDICATES DATA IS MISSING.
T  INDICATES TRACE AMOUNT.




$$
