000
CDUS41 KCLE 160541
CLITOL


CLIMATE REPORT
NATIONAL WEATHER SERVICE CLEVELAND OH
141 AM EDT WED AUG 16 2017


...................................

...THE TOLEDO OH CLIMATE SUMMARY FOR AUGUST 15 2017...

CLIMATE NORMAL PERIOD 1981 TO 2010
CLIMATE RECORD PERIOD 1873 TO 2017


WEATHER ITEM   OBSERVED TIME   RECORD YEAR NORMAL DEPARTURE LAST
                VALUE   (LST)  VALUE       VALUE  FROM      YEAR
                                                  NORMAL
..................................................................
TEMPERATURE (F)
 YESTERDAY
  MAXIMUM         86    415 PM  95    1995  82      4       76
                                      1944
  MINIMUM         63    505 AM  42    1964  61      2       69
  AVERAGE         75                        72      3       73

PRECIPITATION (IN)
  YESTERDAY        0.00                      0.10  -0.10     0.28
  MONTH TO DATE    0.65                      1.57  -0.92     1.40
  SINCE JUN 1      7.64                      8.37  -0.73     6.06
  SINCE JAN 1     25.50                     21.74   3.76    19.82

SNOWFALL (IN)
  YESTERDAY        0.0                       0.0    0.0      0.0
  MONTH TO DATE    0.0                       0.0    0.0      0.0
  SINCE JUN 1      0.0                       0.0    0.0      0.0
  SINCE JUL 1      0.0                       0.0    0.0      0.0
  SNOW DEPTH       0

DEGREE DAYS
 HEATING
  YESTERDAY        0                         0      0        0
  MONTH TO DATE    0                         0      0        0
  SINCE JUN 1     21                        38    -17       14
  SINCE JUL 1      0                         3     -3        1

 COOLING
  YESTERDAY       10                         7      3        8
  MONTH TO DATE   72                       114    -42      184
  SINCE JUN 1    485                       549    -64      683
  SINCE JAN 1    530                       602    -72      752
..................................................................


WIND (MPH)
  HIGHEST WIND SPEED    13   HIGHEST WIND DIRECTION     N (340)
  HIGHEST GUST SPEED    17   HIGHEST GUST DIRECTION    NW (300)
  AVERAGE WIND SPEED     4.9


SKY COVER
  POSSIBLE SUNSHINE  MM
  AVERAGE SKY COVER 0.1


WEATHER CONDITIONS
 THE FOLLOWING WEATHER WAS RECORDED YESTERDAY.
  FOG


RELATIVE HUMIDITY (PERCENT)
 HIGHEST   100           200 AM
 LOWEST     48           400 PM
 AVERAGE    74

..........................................................


THE TOLEDO OH CLIMATE NORMALS FOR TODAY
                         NORMAL    RECORD    YEAR
 MAXIMUM TEMPERATURE (F)   82        94      2009
                                             1987
                                             1922
 MINIMUM TEMPERATURE (F)   61        44      1979


SUNRISE AND SUNSET
AUGUST 16 2017........SUNRISE   645 AM EDT   SUNSET   833 PM EDT
AUGUST 17 2017........SUNRISE   646 AM EDT   SUNSET   831 PM EDT


-  INDICATES NEGATIVE NUMBERS.
R  INDICATES RECORD WAS SET OR TIED.
MM INDICATES DATA IS MISSING.
T  INDICATES TRACE AMOUNT.




$$
