000
CDUS41 KCLE 062218
CLITOL


CLIMATE REPORT
NATIONAL WEATHER SERVICE CLEVELAND OH
513 PM EST TUE FEB 6 2018


...................................

...THE TOLEDO OH CLIMATE SUMMARY FOR FEBRUARY 6 2018...
VALID TODAY AS OF 0500 PM LOCAL TIME.

CLIMATE NORMAL PERIOD 1981 TO 2010
CLIMATE RECORD PERIOD 1873 TO 2018


WEATHER ITEM   OBSERVED TIME   RECORD YEAR NORMAL DEPARTURE LAST
                VALUE   (LST)  VALUE       VALUE  FROM      YEAR
                                                  NORMAL
..................................................................
TEMPERATURE (F)
 TODAY
  MAXIMUM         23    233 PM  61    1938  34    -11       52
  MINIMUM          2    720 AM  -6    2014  19    -17       20
                                      1982
                                      1979
  AVERAGE         13                        26    -13       36

PRECIPITATION (IN)
  TODAY            0.04                      0.07  -0.03      T
  MONTH TO DATE    0.35                      0.40  -0.05     0.03
  SINCE DEC 1      2.60                      5.13  -2.53     6.66
  SINCE JAN 1      1.48                      2.45  -0.97     4.18

SNOWFALL (IN)
  TODAY            1.0                       0.3    0.7      0.0
  MONTH TO DATE    4.3                       2.2    2.1      0.3
  SINCE DEC 1     24.8                      21.2    3.6     16.3
  SINCE JUL 1     24.8                      23.3    1.5     16.3
  SNOW DEPTH       4

DEGREE DAYS
 HEATING
  TODAY           52                        39     13       29
  MONTH TO DATE  281                       234     47      215
  SINCE DEC 1   2704                      2550    154     2405
  SINCE JUL 1   3752                      3783    -31     3329

 COOLING
  TODAY            0                         0      0        0
  MONTH TO DATE    0                         0      0        0
  SINCE DEC 1      0                         0      0        0
  SINCE JAN 1      0                         0      0        0
..................................................................


WIND (MPH)
  HIGHEST WIND SPEED    12   HIGHEST WIND DIRECTION     W (270)
  HIGHEST GUST SPEED    14   HIGHEST GUST DIRECTION     W (260)


SKY COVER
  POSSIBLE SUNSHINE  MM
  AVERAGE SKY COVER 0.5


WEATHER CONDITIONS
 THE FOLLOWING WEATHER WAS RECORDED TODAY.
  LIGHT SNOW
  FOG


RELATIVE HUMIDITY (PERCENT)
 HIGHEST   100           500 AM
 LOWEST     59           200 PM
 AVERAGE    80

..........................................................


THE TOLEDO OH CLIMATE NORMALS FOR TOMORROW
                         NORMAL    RECORD    YEAR
 MAXIMUM TEMPERATURE (F)   34        58      2017
 MINIMUM TEMPERATURE (F)   19        -9      1972


SUNRISE AND SUNSET
FEBRUARY  6 2018......SUNRISE   742 AM EST   SUNSET   557 PM EST
FEBRUARY  7 2018......SUNRISE   740 AM EST   SUNSET   559 PM EST


-  INDICATES NEGATIVE NUMBERS.
R  INDICATES RECORD WAS SET OR TIED.
MM INDICATES DATA IS MISSING.
T  INDICATES TRACE AMOUNT.




$$
