000
CDUS41 KCLE 312112
CLITOL


CLIMATE REPORT
NATIONAL WEATHER SERVICE CLEVELAND OH
512 PM EDT THU AUG 31 2017


...................................

...THE TOLEDO OH CLIMATE SUMMARY FOR AUGUST 31 2017...
VALID TODAY AS OF 0500 PM LOCAL TIME.

CLIMATE NORMAL PERIOD 1981 TO 2010
CLIMATE RECORD PERIOD 1873 TO 2017


WEATHER ITEM   OBSERVED TIME   RECORD YEAR NORMAL DEPARTURE LAST
                VALUE   (LST)  VALUE       VALUE  FROM      YEAR
                                                  NORMAL
..................................................................
TEMPERATURE (F)
 TODAY
  MAXIMUM         72    210 PM 101    1951  81     -9       82
  MINIMUM         59    628 AM  44    1967  59      0       62
  AVERAGE         66                        70     -4       72

PRECIPITATION (IN)
  TODAY            0.00                      0.10  -0.10     0.00
  MONTH TO DATE    1.95                      3.15  -1.20     4.89
  SINCE JUN 1      8.94                      9.95  -1.01     9.55
  SINCE JAN 1     26.80                     23.32   3.48    23.31

SNOWFALL (IN)
  TODAY            0.0                       0.0    0.0      0.0
  MONTH TO DATE    0.0                       0.0    0.0      0.0
  SINCE JUN 1      0.0                       0.0    0.0      0.0
  SINCE JUL 1      0.0                       0.0    0.0      0.0
  SNOW DEPTH       0

DEGREE DAYS
 HEATING
  TODAY            0                         1     -1        0
  MONTH TO DATE   13                         7      6        0
  SINCE JUN 1     34                        49    -15       14
  SINCE JUL 1     13                        14     -1        1

 COOLING
  TODAY            1                         5     -4        7
  MONTH TO DATE  136                       214    -78      321
  SINCE JUN 1    549                       649   -100      820
  SINCE JAN 1    594                       702   -108      889
..................................................................


WIND (MPH)
  HIGHEST WIND SPEED    16   HIGHEST WIND DIRECTION    NE (50)
  HIGHEST GUST SPEED    18   HIGHEST GUST DIRECTION    NE (40)


SKY COVER
  POSSIBLE SUNSHINE  MM
  AVERAGE SKY COVER 0.4


WEATHER CONDITIONS
 THE FOLLOWING WEATHER WAS RECORDED TODAY.
  FOG


RELATIVE HUMIDITY (PERCENT)
 HIGHEST   100           500 AM
 LOWEST     61           200 PM
 AVERAGE    81

..........................................................


THE TOLEDO OH CLIMATE NORMALS FOR TOMORROW
                         NORMAL    RECORD    YEAR
 MAXIMUM TEMPERATURE (F)   80       100      1953
 MINIMUM TEMPERATURE (F)   58        41      1967


SUNRISE AND SUNSET
AUGUST 31 2017........SUNRISE   700 AM EDT   SUNSET   810 PM EDT
SEPTEMBER  1 2017.....SUNRISE   701 AM EDT   SUNSET   808 PM EDT


-  INDICATES NEGATIVE NUMBERS.
R  INDICATES RECORD WAS SET OR TIED.
MM INDICATES DATA IS MISSING.
T  INDICATES TRACE AMOUNT.




$$
