000
CDUS41 KCLE 140526
CLITOL


CLIMATE REPORT
NATIONAL WEATHER SERVICE CLEVELAND OH
1226 AM EST SAT FEB 14 2015


...................................

...THE TOLEDO OH CLIMATE SUMMARY FOR FEBRUARY 13 2015...

CLIMATE NORMAL PERIOD 1981 TO 2010
CLIMATE RECORD PERIOD 1873 TO 2015


WEATHER ITEM   OBSERVED TIME   RECORD YEAR NORMAL DEPARTURE LAST
                VALUE   (LST)  VALUE       VALUE  FROM      YEAR
                                                  NORMAL
..................................................................
TEMPERATURE (F)
 YESTERDAY
  MAXIMUM         24   1159 PM  66    1938  35    -11       29
  MINIMUM         -7    710 AM -12    1905  20    -27       -1
  AVERAGE          9                        28    -19       14

PRECIPITATION (IN)
  YESTERDAY        T                         0.07  -0.07     0.00
  MONTH TO DATE    1.15                      0.91   0.24     1.73
  SINCE DEC 1      4.29                      5.64  -1.35     8.09
  SINCE JAN 1      3.20                      2.96   0.24     5.02

SNOWFALL (IN)
  YESTERDAY        T                         0.3   -0.3      0.0
  MONTH TO DATE   16.8                       4.7   12.1     15.5
  SINCE DEC 1     29.0                      23.7    5.3     66.9
  SINCE JUL 1     31.8                      25.8    6.0     67.4
  SNOW DEPTH       7

DEGREE DAYS
 HEATING
  YESTERDAY       56                        37     19       51
  MONTH TO DATE  592                       499     93      689
  SINCE DEC 1   2947                      2815    132     3350
  SINCE JUL 1   4385                      4048    337     4698

 COOLING
  YESTERDAY        0                         0      0        0
  MONTH TO DATE    0                         0      0        0
  SINCE DEC 1      0                         0      0        0
  SINCE JAN 1      0                         0      0        0
..................................................................


WIND (MPH)
  HIGHEST WIND SPEED    23   HIGHEST WIND DIRECTION    SW (240)
  HIGHEST GUST SPEED    29   HIGHEST GUST DIRECTION    SW (240)
  AVERAGE WIND SPEED     7.4


SKY COVER
  POSSIBLE SUNSHINE  MM
  AVERAGE SKY COVER 0.5


WEATHER CONDITIONS
 THE FOLLOWING WEATHER WAS RECORDED YESTERDAY.
  LIGHT SNOW


RELATIVE HUMIDITY (PERCENT)
 HIGHEST    87           500 AM
 LOWEST     58          1100 AM
 AVERAGE    73

..........................................................


THE TOLEDO OH CLIMATE NORMALS FOR TODAY
                         NORMAL    RECORD    YEAR
 MAXIMUM TEMPERATURE (F)   36        60      1918
 MINIMUM TEMPERATURE (F)   20       -14      1905


SUNRISE AND SUNSET
FEBRUARY 14 2015......SUNRISE   732 AM EST   SUNSET   607 PM EST
FEBRUARY 15 2015......SUNRISE   731 AM EST   SUNSET   608 PM EST


-  INDICATES NEGATIVE NUMBERS.
R  INDICATES RECORD WAS SET OR TIED.
MM INDICATES DATA IS MISSING.
T  INDICATES TRACE AMOUNT.




$$
