000
CDUS41 KCLE 082115
CLITOL


CLIMATE REPORT
NATIONAL WEATHER SERVICE CLEVELAND OH
515 PM EDT FRI APR 8 2016


...................................

...THE TOLEDO OH CLIMATE SUMMARY FOR APRIL 8 2016...
VALID TODAY AS OF 0500 PM LOCAL TIME.

CLIMATE NORMAL PERIOD 1981 TO 2010
CLIMATE RECORD PERIOD 1873 TO 2016


WEATHER ITEM   OBSERVED TIME   RECORD YEAR NORMAL DEPARTURE LAST
                VALUE   (LST)  VALUE       VALUE  FROM      YEAR
                                                  NORMAL
..................................................................
TEMPERATURE (F)
 TODAY
  MAXIMUM         42    252 PM  79    2001  57    -15       47
  MINIMUM         28    636 AM  10    1982  36     -8       35
  AVERAGE         35                        47    -12       41

PRECIPITATION (IN)
  TODAY            0.02                      0.11  -0.09     0.01
  MONTH TO DATE    0.71                      0.82  -0.11     0.79
  SINCE MAR 1      5.81                      3.30   2.51     2.13
  SINCE JAN 1      9.03                      7.42   1.61     5.75

SNOWFALL (IN)
  TODAY            0.0                       0.0    0.0      0.0
  MONTH TO DATE    0.7                       0.6    0.1      0.0
  SINCE MAR 1      3.4                       6.3   -2.9      5.4
  SINCE JUL 1     18.4                      36.8  -18.4     45.7
  SNOW DEPTH       0

DEGREE DAYS
 HEATING
  TODAY           30                        19     11       24
  MONTH TO DATE  209                       159     50      151
  SINCE MAR 1    883                      1009   -126     1141
  SINCE JUL 1   4781                      5585   -804     6397

 COOLING
  TODAY            0                         0      0        0
  MONTH TO DATE    0                         0      0        0
  SINCE MAR 1      0                         0      0        0
  SINCE JAN 1      0                         0      0        0
..................................................................


WIND (MPH)
  HIGHEST WIND SPEED    17   HIGHEST WIND DIRECTION     W (290)
  HIGHEST GUST SPEED    23   HIGHEST GUST DIRECTION    NW (310)


SKY COVER
  POSSIBLE SUNSHINE  MM
  AVERAGE SKY COVER 0.6


WEATHER CONDITIONS
 THE FOLLOWING WEATHER WAS RECORDED TODAY.
  LIGHT RAIN
  FOG


RELATIVE HUMIDITY (PERCENT)
 HIGHEST    78           400 AM
 LOWEST     54           100 PM
 AVERAGE    66

..........................................................


THE TOLEDO OH CLIMATE NORMALS FOR TOMORROW
                         NORMAL    RECORD    YEAR
 MAXIMUM TEMPERATURE (F)   58        80      1967
 MINIMUM TEMPERATURE (F)   37        15      1972
                                             1957


SUNRISE AND SUNSET
APRIL  8 2016.........SUNRISE   706 AM EDT   SUNSET   809 PM EDT
APRIL  9 2016.........SUNRISE   704 AM EDT   SUNSET   810 PM EDT


-  INDICATES NEGATIVE NUMBERS.
R  INDICATES RECORD WAS SET OR TIED.
MM INDICATES DATA IS MISSING.
T  INDICATES TRACE AMOUNT.




$$
