000
CDUS41 KCLE 290528
CLITOL


CLIMATE REPORT
NATIONAL WEATHER SERVICE CLEVELAND OH
127 AM EDT SUN MAR 29 2015


...................................

...THE TOLEDO OH CLIMATE SUMMARY FOR MARCH 28 2015...

CLIMATE NORMAL PERIOD 1981 TO 2010
CLIMATE RECORD PERIOD 1873 TO 2015


WEATHER ITEM   OBSERVED TIME   RECORD YEAR NORMAL DEPARTURE LAST
                VALUE   (LST)  VALUE       VALUE  FROM      YEAR
                                                  NORMAL
..................................................................
TEMPERATURE (F)
 YESTERDAY
  MAXIMUM         36    507 PM  81    1910  52    -16       51
  MINIMUM         14    623 AM  11    1934  32    -18       38
  AVERAGE         25                        42    -17       45

PRECIPITATION (IN)
  YESTERDAY        0.00                      0.09  -0.09     0.01
  MONTH TO DATE    1.27                      2.20  -0.93     1.36
  SINCE MAR 1      1.27                      2.20  -0.93     1.36
  SINCE JAN 1      4.89                      6.32  -1.43     8.54

SNOWFALL (IN)
  YESTERDAY        0.0                       0.1   -0.1      0.0
  MONTH TO DATE    5.4                       5.4    0.0     11.6
  SINCE MAR 1      5.4                       5.4    0.0     11.6
  SINCE JUL 1     45.7                      35.9    9.8     85.1
  SNOW DEPTH       0

DEGREE DAYS
 HEATING
  YESTERDAY       40                        23     17       20
  MONTH TO DATE  914                       784    130     1042
  SINCE MAR 1    914                       784    130     1042
  SINCE JUL 1   6170                      5360    810     6368

 COOLING
  YESTERDAY        0                         0      0        0
  MONTH TO DATE    0                         0      0        0
  SINCE MAR 1      0                         0      0        0
  SINCE JAN 1      0                         0      0        0
..................................................................


WIND (MPH)
  HIGHEST WIND SPEED    17   HIGHEST WIND DIRECTION     N (10)
  HIGHEST GUST SPEED    23   HIGHEST GUST DIRECTION     N (360)
  AVERAGE WIND SPEED     6.7


SKY COVER
  POSSIBLE SUNSHINE  MM
  AVERAGE SKY COVER 0.1


WEATHER CONDITIONS
 THE FOLLOWING WEATHER WAS RECORDED YESTERDAY.
  NO SIGNIFICANT WEATHER WAS OBSERVED.


RELATIVE HUMIDITY (PERCENT)
 HIGHEST    67           300 AM
 LOWEST     32           500 PM
 AVERAGE    50

..........................................................


THE TOLEDO OH CLIMATE NORMALS FOR TODAY
                         NORMAL    RECORD    YEAR
 MAXIMUM TEMPERATURE (F)   53        80      1963
                                             1910
 MINIMUM TEMPERATURE (F)   33         8      1887


SUNRISE AND SUNSET
MARCH 29 2015.........SUNRISE   724 AM EDT   SUNSET   757 PM EDT
MARCH 30 2015.........SUNRISE   722 AM EDT   SUNSET   758 PM EDT


-  INDICATES NEGATIVE NUMBERS.
R  INDICATES RECORD WAS SET OR TIED.
MM INDICATES DATA IS MISSING.
T  INDICATES TRACE AMOUNT.




$$
