000
CDUS41 KCLE 230536
CLITOL


CLIMATE REPORT
NATIONAL WEATHER SERVICE CLEVELAND OH
126 AM EDT THU OCT 23 2014


...................................

...THE TOLEDO OH CLIMATE SUMMARY FOR OCTOBER 22 2014...

CLIMATE NORMAL PERIOD 1981 TO 2010
CLIMATE RECORD PERIOD 1873 TO 2014


WEATHER ITEM   OBSERVED TIME   RECORD YEAR NORMAL DEPARTURE LAST
                VALUE   (LST)  VALUE       VALUE  FROM      YEAR
                                                  NORMAL
..................................................................
TEMPERATURE (F)
 YESTERDAY
  MAXIMUM         55    342 PM  83    1920  61     -6       49
  MINIMUM         39   1159 PM  22    1976  40     -1       32
  AVERAGE         47                        50     -3       41

PRECIPITATION (IN)
  YESTERDAY        0.00                      0.09  -0.09      T
  MONTH TO DATE    1.72                      1.87  -0.15     2.33
  SINCE SEP 1      7.09                      4.65   2.44     4.30
  SINCE JAN 1     28.28                     27.97   0.31    31.09

SNOWFALL (IN)
  YESTERDAY        0.0                       0.0    0.0      0.0
  MONTH TO DATE    0.0                       0.1   -0.1      0.0
  SINCE SEP 1      0.0                       0.1   -0.1      0.0
  SINCE JUL 1      0.0                       0.1   -0.1      0.0
  SNOW DEPTH       0

DEGREE DAYS
 HEATING
  YESTERDAY       18                        15      3       24
  MONTH TO DATE  267                       256     11      202
  SINCE SEP 1    392                       366     26      320
  SINCE JUL 1    406                       380     26      349

 COOLING
  YESTERDAY        0                         0      0        0
  MONTH TO DATE    0                         8     -8       21
  SINCE SEP 1     56                        90    -34      111
  SINCE JAN 1    654                       792   -138      793
..................................................................


WIND (MPH)
  HIGHEST WIND SPEED    16   HIGHEST WIND DIRECTION     N (10)
  HIGHEST GUST SPEED    21   HIGHEST GUST DIRECTION     N (360)
  AVERAGE WIND SPEED     6.9


SKY COVER
  POSSIBLE SUNSHINE  MM
  AVERAGE SKY COVER 0.9


WEATHER CONDITIONS
 THE FOLLOWING WEATHER WAS RECORDED YESTERDAY.
  NO SIGNIFICANT WEATHER WAS OBSERVED.


RELATIVE HUMIDITY (PERCENT)
 HIGHEST    86          1100 PM
 LOWEST     63           200 PM
 AVERAGE    75

..........................................................


THE TOLEDO OH CLIMATE NORMALS FOR TODAY
                         NORMAL    RECORD    YEAR
 MAXIMUM TEMPERATURE (F)   60        83      1963
 MINIMUM TEMPERATURE (F)   40        21      1976
                                             1969


SUNRISE AND SUNSET
OCTOBER 23 2014.......SUNRISE   756 AM EDT   SUNSET   642 PM EDT
OCTOBER 24 2014.......SUNRISE   758 AM EDT   SUNSET   641 PM EDT


-  INDICATES NEGATIVE NUMBERS.
R  INDICATES RECORD WAS SET OR TIED.
MM INDICATES DATA IS MISSING.
T  INDICATES TRACE AMOUNT.




$$
