000
CDUS41 KCLE 200528
CLITOL


CLIMATE REPORT
NATIONAL WEATHER SERVICE CLEVELAND OH
1228 AM EST SAT JAN 20 2018


...................................

...THE TOLEDO OH CLIMATE SUMMARY FOR JANUARY 19 2018...

CLIMATE NORMAL PERIOD 1981 TO 2010
CLIMATE RECORD PERIOD 1873 TO 2018


WEATHER ITEM   OBSERVED TIME   RECORD YEAR NORMAL DEPARTURE LAST
                VALUE   (LST)  VALUE       VALUE  FROM      YEAR
                                                  NORMAL
..................................................................
TEMPERATURE (F)
 YESTERDAY
  MAXIMUM         36   1159 PM  65    1907  32      4       39
  MINIMUM         23    808 AM -18    1994  18      5       33
  AVERAGE         30                        25      5       36

PRECIPITATION (IN)
  YESTERDAY        0.00                      0.06  -0.06     0.00
  MONTH TO DATE    0.85                      1.32  -0.47     3.37
  SINCE DEC 1      1.97                      4.00  -2.03     5.85
  SINCE JAN 1      0.85                      1.32  -0.47     3.37

SNOWFALL (IN)
  YESTERDAY        0.0                       0.4   -0.4      0.0
  MONTH TO DATE    5.3                       6.9   -1.6      1.1
  SINCE DEC 1     19.2                      14.3    4.9     14.3
  SINCE JUL 1     19.2                      16.4    2.8     14.3
  SNOW DEPTH       3

DEGREE DAYS
 HEATING
  YESTERDAY       35                        40     -5       29
  MONTH TO DATE  882                       751    131      692
  SINCE DEC 1   2069                      1843    226     1850
  SINCE JUL 1   3117                      3076     41     2774

 COOLING
  YESTERDAY        0                         0      0        0
  MONTH TO DATE    0                         0      0        0
  SINCE DEC 1      0                         0      0        0
  SINCE JAN 1      0                         0      0        0
..................................................................


WIND (MPH)
  HIGHEST WIND SPEED    23   HIGHEST WIND DIRECTION    SW (220)
  HIGHEST GUST SPEED    33   HIGHEST GUST DIRECTION    SW (240)
  AVERAGE WIND SPEED    15.8


SKY COVER
  POSSIBLE SUNSHINE  MM
  AVERAGE SKY COVER 0.0


WEATHER CONDITIONS
 THE FOLLOWING WEATHER WAS RECORDED YESTERDAY.
  NO SIGNIFICANT WEATHER WAS OBSERVED.


RELATIVE HUMIDITY (PERCENT)
 HIGHEST    69           600 PM
 LOWEST     56           100 PM
 AVERAGE    63

..........................................................


THE TOLEDO OH CLIMATE NORMALS FOR TODAY
                         NORMAL    RECORD    YEAR
 MAXIMUM TEMPERATURE (F)   32        67      1906
 MINIMUM TEMPERATURE (F)   18       -17      1985


SUNRISE AND SUNSET
JANUARY 20 2018.......SUNRISE   757 AM EST   SUNSET   536 PM EST
JANUARY 21 2018.......SUNRISE   756 AM EST   SUNSET   537 PM EST


-  INDICATES NEGATIVE NUMBERS.
R  INDICATES RECORD WAS SET OR TIED.
MM INDICATES DATA IS MISSING.
T  INDICATES TRACE AMOUNT.




$$
