000
CDUS41 KCLE 260545
CLITOL


CLIMATE REPORT
NATIONAL WEATHER SERVICE CLEVELAND OH
145 AM EDT TUE MAY 26 2015


...................................

...THE TOLEDO OH CLIMATE SUMMARY FOR MAY 25 2015...

CLIMATE NORMAL PERIOD 1981 TO 2010
CLIMATE RECORD PERIOD 1873 TO 2015


WEATHER ITEM   OBSERVED TIME   RECORD YEAR NORMAL DEPARTURE LAST
                VALUE   (LST)  VALUE       VALUE  FROM      YEAR
                                                  NORMAL
..................................................................
TEMPERATURE (F)
 YESTERDAY
  MAXIMUM         81    417 PM  92    2012  74      7       82
  MINIMUM         65    406 AM  33    1963  51     14       50
  AVERAGE         73                        63     10       66

PRECIPITATION (IN)
  YESTERDAY        T                         0.12  -0.12     0.00
  MONTH TO DATE    1.54                      2.85  -1.31     1.77
  SINCE MAR 1      5.57                      8.52  -2.95     6.47
  SINCE JAN 1      9.19                     12.64  -3.45    13.65

SNOWFALL (IN)
  YESTERDAY        0.0                       0.0    0.0      0.0
  MONTH TO DATE    0.0                       0.1   -0.1      0.0
  SINCE MAR 1      5.4                       7.1   -1.7     12.8
  SINCE JUL 1     45.7                      37.6    8.1     86.3
  SNOW DEPTH       0

DEGREE DAYS
 HEATING
  YESTERDAY        0                         5     -5        0
  MONTH TO DATE  119                       185    -66      190
  SINCE MAR 1   1592                      1511     81     1789
  SINCE JUL 1   6848                      6087    761     7115

 COOLING
  YESTERDAY        8                         2      6        1
  MONTH TO DATE   62                        29     33       35
  SINCE MAR 1     62                        37     25       37
  SINCE JAN 1     62                        37     25       37
..................................................................


WIND (MPH)
  HIGHEST WIND SPEED    26   HIGHEST WIND DIRECTION    SW (220)
  HIGHEST GUST SPEED    38   HIGHEST GUST DIRECTION    SW (230)
  AVERAGE WIND SPEED    12.9


SKY COVER
  POSSIBLE SUNSHINE  MM
  AVERAGE SKY COVER 0.3


WEATHER CONDITIONS
 THE FOLLOWING WEATHER WAS RECORDED YESTERDAY.
  LIGHT RAIN


RELATIVE HUMIDITY (PERCENT)
 HIGHEST    73          1100 PM
 LOWEST     49           500 PM
 AVERAGE    61

..........................................................


THE TOLEDO OH CLIMATE NORMALS FOR TODAY
                         NORMAL    RECORD    YEAR
 MAXIMUM TEMPERATURE (F)   74        93      1911
 MINIMUM TEMPERATURE (F)   52        36      1983
                                             1969


SUNRISE AND SUNSET
MAY 26 2015...........SUNRISE   607 AM EDT   SUNSET   858 PM EDT
MAY 27 2015...........SUNRISE   606 AM EDT   SUNSET   859 PM EDT


-  INDICATES NEGATIVE NUMBERS.
R  INDICATES RECORD WAS SET OR TIED.
MM INDICATES DATA IS MISSING.
T  INDICATES TRACE AMOUNT.




$$
