000
CDUS41 KCLE 220545
CLITOL


CLIMATE REPORT
NATIONAL WEATHER SERVICE CLEVELAND OH
145 AM EDT MON MAY 22 2017


...................................

...THE TOLEDO OH CLIMATE SUMMARY FOR MAY 21 2017...

CLIMATE NORMAL PERIOD 1981 TO 2010
CLIMATE RECORD PERIOD 1873 TO 2017


WEATHER ITEM   OBSERVED TIME   RECORD YEAR NORMAL DEPARTURE LAST
                VALUE   (LST)  VALUE       VALUE  FROM      YEAR
                                                  NORMAL
..................................................................
TEMPERATURE (F)
 YESTERDAY
  MAXIMUM         76    326 PM  93    1941  73      3       71
  MINIMUM         55    400 AM  32    1967  50      5       50
                                      1964
                                      1883
  AVERAGE         66                        61      5       61

PRECIPITATION (IN)
  YESTERDAY        0.13                      0.12   0.01     0.02
  MONTH TO DATE    3.92                      2.36   1.56     1.43
  SINCE MAR 1     11.03                      8.03   3.00    10.53
  SINCE JAN 1     16.80                     12.15   4.65    13.75

SNOWFALL (IN)
  YESTERDAY        0.0                       0.0    0.0      0.0
  MONTH TO DATE    0.0                       0.1   -0.1      0.0
  SINCE MAR 1      5.4                       7.1   -1.7     11.4
  SINCE JUL 1     22.4                      37.6  -15.2     26.4
  SNOW DEPTH       0

DEGREE DAYS
 HEATING
  YESTERDAY        0                         5     -5        4
  MONTH TO DATE  217                       165     52      214
  SINCE MAR 1   1427                      1491    -64     1436
  SINCE JUL 1   5272                      6067   -795     5334

 COOLING
  YESTERDAY        1                         2     -1        0
  MONTH TO DATE   31                        21     10        2
  SINCE MAR 1     39                        29     10        2
  SINCE JAN 1     39                        29     10        2
..................................................................


WIND (MPH)
  HIGHEST WIND SPEED    26   HIGHEST WIND DIRECTION     W (250)
  HIGHEST GUST SPEED    36   HIGHEST GUST DIRECTION     W (250)
  AVERAGE WIND SPEED     9.9


SKY COVER
  POSSIBLE SUNSHINE  MM
  AVERAGE SKY COVER 0.7


WEATHER CONDITIONS
 THE FOLLOWING WEATHER WAS RECORDED YESTERDAY.
  THUNDERSTORM
  HEAVY RAIN
  RAIN
  LIGHT RAIN
  FOG


RELATIVE HUMIDITY (PERCENT)
 HIGHEST   100          1200 AM
 LOWEST     57           600 PM
 AVERAGE    79

..........................................................


THE TOLEDO OH CLIMATE NORMALS FOR TODAY
                         NORMAL    RECORD    YEAR
 MAXIMUM TEMPERATURE (F)   73        91      1964
 MINIMUM TEMPERATURE (F)   50        33      2002
                                             1883


SUNRISE AND SUNSET
MAY 22 2017...........SUNRISE   609 AM EDT   SUNSET   855 PM EDT
MAY 23 2017...........SUNRISE   609 AM EDT   SUNSET   856 PM EDT


-  INDICATES NEGATIVE NUMBERS.
R  INDICATES RECORD WAS SET OR TIED.
MM INDICATES DATA IS MISSING.
T  INDICATES TRACE AMOUNT.




$$
