000
CDUS41 KCLE 300527
CLITOL


CLIMATE REPORT
NATIONAL WEATHER SERVICE CLEVELAND OH
127 AM EDT SUN AUG 30 2015


...................................

...THE TOLEDO OH CLIMATE SUMMARY FOR AUGUST 29 2015...

CLIMATE NORMAL PERIOD 1981 TO 2010
CLIMATE RECORD PERIOD 1873 TO 2015


WEATHER ITEM   OBSERVED TIME   RECORD YEAR NORMAL DEPARTURE LAST
                VALUE   (LST)  VALUE       VALUE  FROM      YEAR
                                                  NORMAL
..................................................................
TEMPERATURE (F)
 YESTERDAY
  MAXIMUM         79   1243 PM  96    1953  81     -2       84
  MINIMUM         59    635 AM  34    1982  59      0       55
  AVERAGE         69                        70     -1       70

PRECIPITATION (IN)
  YESTERDAY        0.04                      0.10  -0.06     0.00
  MONTH TO DATE    2.86                      2.96  -0.10     2.53
  SINCE JUN 1     16.24                      9.76   6.48     7.34
  SINCE JAN 1     28.14                     23.13   5.01    21.19

SNOWFALL (IN)
  YESTERDAY        0.0                       0.0    0.0      0.0
  MONTH TO DATE    0.0                       0.0    0.0      0.0
  SINCE JUN 1      0.0                       0.0    0.0      0.0
  SINCE JUL 1      0.0                       0.0    0.0      0.0
  SNOW DEPTH       0

DEGREE DAYS
 HEATING
  YESTERDAY        0                         1     -1        0
  MONTH TO DATE   10                         5      5        5
  SINCE JUN 1     47                        43      4       30
  SINCE JUL 1     12                         8      4       14

 COOLING
  YESTERDAY        4                         6     -2        5
  MONTH TO DATE  149                       205    -56      182
  SINCE JUN 1    467                       640   -173      510
  SINCE JAN 1    560                       693   -133      572
..................................................................


WIND (MPH)
  HIGHEST WIND SPEED     7   HIGHEST WIND DIRECTION    NW (330)
  HIGHEST GUST SPEED    13   HIGHEST GUST DIRECTION    SE (140)
  AVERAGE WIND SPEED     2.2


SKY COVER
  POSSIBLE SUNSHINE  MM
  AVERAGE SKY COVER 0.5


WEATHER CONDITIONS
 THE FOLLOWING WEATHER WAS RECORDED YESTERDAY.
  LIGHT RAIN
  FOG


RELATIVE HUMIDITY (PERCENT)
 HIGHEST    97           800 PM
 LOWEST     60          1200 PM
 AVERAGE    79

..........................................................


THE TOLEDO OH CLIMATE NORMALS FOR TODAY
                         NORMAL    RECORD    YEAR
 MAXIMUM TEMPERATURE (F)   81        98      1953
 MINIMUM TEMPERATURE (F)   59        41      1986
                                             1976
                                             1946


SUNRISE AND SUNSET
AUGUST 30 2015........SUNRISE   659 AM EDT   SUNSET   812 PM EDT
AUGUST 31 2015........SUNRISE   700 AM EDT   SUNSET   810 PM EDT


-  INDICATES NEGATIVE NUMBERS.
R  INDICATES RECORD WAS SET OR TIED.
MM INDICATES DATA IS MISSING.
T  INDICATES TRACE AMOUNT.




$$
