000
CDUS41 KCLE 190525
CLITOL


CLIMATE REPORT
NATIONAL WEATHER SERVICE CLEVELAND OH
1225 AM EST FRI JAN 19 2018


...................................

...THE TOLEDO OH CLIMATE SUMMARY FOR JANUARY 18 2018...

CLIMATE NORMAL PERIOD 1981 TO 2010
CLIMATE RECORD PERIOD 1873 TO 2018


WEATHER ITEM   OBSERVED TIME   RECORD YEAR NORMAL DEPARTURE LAST
                VALUE   (LST)  VALUE       VALUE  FROM      YEAR
                                                  NORMAL
..................................................................
TEMPERATURE (F)
 YESTERDAY
  MAXIMUM         26        MM  62    1996  32     -6       39
  MINIMUM         14        MM -16    1994  18     -4       34
  AVERAGE         20                        25     -5       37

PRECIPITATION (IN)
  YESTERDAY        0.00                      0.06  -0.06     0.01
  MONTH TO DATE    0.85                      1.26  -0.41     3.37
  SINCE DEC 1      1.97                      3.94  -1.97     5.85
  SINCE JAN 1      0.85                      1.26  -0.41     3.37

SNOWFALL (IN)
  YESTERDAY        0.0                       0.4   -0.4      0.0
  MONTH TO DATE    5.3                       6.5   -1.2      1.1
  SINCE DEC 1     19.2                      13.9    5.3     14.3
  SINCE JUL 1     19.2                      16.0    3.2     14.3
  SNOW DEPTH       3

DEGREE DAYS
 HEATING
  YESTERDAY       45                        40      5       28
  MONTH TO DATE  847                       711    136      663
  SINCE DEC 1   2034                      1803    231     1821
  SINCE JUL 1   3082                      3036     46     2745

 COOLING
  YESTERDAY        0                         0      0        0
  MONTH TO DATE    0                         0      0        0
  SINCE DEC 1      0                         0      0        0
  SINCE JAN 1      0                         0      0        0
..................................................................


WIND (MPH)
  HIGHEST WIND SPEED    23   HIGHEST WIND DIRECTION    SW (230)
  HIGHEST GUST SPEED    32   HIGHEST GUST DIRECTION    SW (240)
  AVERAGE WIND SPEED    15.3


SKY COVER
  POSSIBLE SUNSHINE  MM
  AVERAGE SKY COVER 0.0


WEATHER CONDITIONS
 THE FOLLOWING WEATHER WAS RECORDED YESTERDAY.
  NO SIGNIFICANT WEATHER WAS OBSERVED.


RELATIVE HUMIDITY (PERCENT)
 HIGHEST    80           200 AM
 LOWEST     63           400 PM
 AVERAGE    72

..........................................................


THE TOLEDO OH CLIMATE NORMALS FOR TODAY
                         NORMAL    RECORD    YEAR
 MAXIMUM TEMPERATURE (F)   32        65      1907
 MINIMUM TEMPERATURE (F)   18       -18      1994


SUNRISE AND SUNSET
JANUARY 19 2018.......SUNRISE   757 AM EST   SUNSET   535 PM EST
JANUARY 20 2018.......SUNRISE   757 AM EST   SUNSET   536 PM EST


-  INDICATES NEGATIVE NUMBERS.
R  INDICATES RECORD WAS SET OR TIED.
MM INDICATES DATA IS MISSING.
T  INDICATES TRACE AMOUNT.




$$
