000
CDUS41 KCLE 170526
CLITOL


CLIMATE REPORT
NATIONAL WEATHER SERVICE CLEVELAND OH
126 AM EDT WED SEP 17 2014


...................................

...THE TOLEDO OH CLIMATE SUMMARY FOR SEPTEMBER 16 2014...

CLIMATE NORMAL PERIOD 1981 TO 2010
CLIMATE RECORD PERIOD 1873 TO 2014


WEATHER ITEM   OBSERVED TIME   RECORD YEAR NORMAL DEPARTURE LAST
                VALUE   (LST)  VALUE       VALUE  FROM      YEAR
                                                  NORMAL
..................................................................
TEMPERATURE (F)
 YESTERDAY
  MAXIMUM         66    447 PM  97    1939  76    -10       66
  MINIMUM         48   1014 PM  35    2007  53     -5       47
                                      1966
  AVERAGE         57                        64     -7       57

PRECIPITATION (IN)
  YESTERDAY        0.00                      0.09  -0.09     0.00
  MONTH TO DATE    4.99                      1.51   3.48     1.24
  SINCE SEP 1      4.99                      1.51   3.48     1.24
  SINCE JAN 1     26.18                     24.83   1.35    28.03

SNOWFALL (IN)
  YESTERDAY        0.0                       0.0    0.0      0.0
  MONTH TO DATE    0.0                       0.0    0.0      0.0
  SINCE SEP 1      0.0                       0.0    0.0      0.0
  SINCE JUL 1      0.0                       0.0    0.0      0.0
  SNOW DEPTH       0

DEGREE DAYS
 HEATING
  YESTERDAY        8                         3      5        8
  MONTH TO DATE   55                        30     25       43
  SINCE SEP 1     55                        30     25       43
  SINCE JUL 1     69                        44     25       72

 COOLING
  YESTERDAY        0                         2     -2        0
  MONTH TO DATE   55                        61     -6       73
  SINCE SEP 1     55                        61     -6       73
  SINCE JAN 1    653                       763   -110      755
..................................................................


WIND (MPH)
  HIGHEST WIND SPEED    10   HIGHEST WIND DIRECTION     W (260)
  HIGHEST GUST SPEED    29   HIGHEST GUST DIRECTION    NW (330)
  AVERAGE WIND SPEED     3.8


SKY COVER
  POSSIBLE SUNSHINE  MM
  AVERAGE SKY COVER 0.4


WEATHER CONDITIONS
 THE FOLLOWING WEATHER WAS RECORDED YESTERDAY.
  FOG


RELATIVE HUMIDITY (PERCENT)
 HIGHEST   100          1200 AM
 LOWEST     44           300 PM
 AVERAGE    72

..........................................................


THE TOLEDO OH CLIMATE NORMALS FOR TODAY
                         NORMAL    RECORD    YEAR
 MAXIMUM TEMPERATURE (F)   75        96      1955
 MINIMUM TEMPERATURE (F)   52        34      1959


SUNRISE AND SUNSET
SEPTEMBER 17 2014.....SUNRISE   717 AM EDT   SUNSET   741 PM EDT
SEPTEMBER 18 2014.....SUNRISE   718 AM EDT   SUNSET   739 PM EDT


-  INDICATES NEGATIVE NUMBERS.
R  INDICATES RECORD WAS SET OR TIED.
MM INDICATES DATA IS MISSING.
T  INDICATES TRACE AMOUNT.




$$
