000
CDUS41 KCLE 210527
CLITOL


CLIMATE REPORT
NATIONAL WEATHER SERVICE CLEVELAND OH
126 AM EDT TUE MAR 21 2017


...................................

...THE TOLEDO OH CLIMATE SUMMARY FOR MARCH 20 2017...

CLIMATE NORMAL PERIOD 1981 TO 2010
CLIMATE RECORD PERIOD 1873 TO 2017


WEATHER ITEM   OBSERVED TIME   RECORD YEAR NORMAL DEPARTURE LAST
                VALUE   (LST)  VALUE       VALUE  FROM      YEAR
                                                  NORMAL
..................................................................
TEMPERATURE (F)
 YESTERDAY
  MAXIMUM         51    131 PM  82    2012  49      2       45
  MINIMUM         31    320 AM  -2    1885  30      1       25
  AVERAGE         41                        39      2       35

PRECIPITATION (IN)
  YESTERDAY        0.13                      0.08   0.05     0.00
  MONTH TO DATE    1.16                      1.52  -0.36     1.64
  SINCE MAR 1      1.16                      1.52  -0.36     1.64
  SINCE JAN 1      6.93                      5.64   1.29     4.86

SNOWFALL (IN)
  YESTERDAY        0.0                       0.2   -0.2      0.0
  MONTH TO DATE    4.7                       4.3    0.4      2.7
  SINCE MAR 1      4.7                       4.3    0.4      2.7
  SINCE JUL 1     21.7                      34.8  -13.1     17.7
  SNOW DEPTH       0

DEGREE DAYS
 HEATING
  YESTERDAY       24                        26     -2       30
  MONTH TO DATE  644                       590     54      457
  SINCE MAR 1    644                       590     54      457
  SINCE JUL 1   4489                      5166   -677     4355

 COOLING
  YESTERDAY        0                         0      0        0
  MONTH TO DATE    0                         0      0        0
  SINCE MAR 1      0                         0      0        0
  SINCE JAN 1      0                         0      0        0
..................................................................


WIND (MPH)
  HIGHEST WIND SPEED    13   HIGHEST WIND DIRECTION    SW (210)
  HIGHEST GUST SPEED    22   HIGHEST GUST DIRECTION     S (190)
  AVERAGE WIND SPEED     4.8


SKY COVER
  POSSIBLE SUNSHINE  MM
  AVERAGE SKY COVER 0.8


WEATHER CONDITIONS
 THE FOLLOWING WEATHER WAS RECORDED YESTERDAY.
  THUNDERSTORM
  RAIN
  LIGHT RAIN
  FOG
  FOG W/VISIBILITY <= 1/4 MILE


RELATIVE HUMIDITY (PERCENT)
 HIGHEST   100           500 AM
 LOWEST     74           200 PM
 AVERAGE    87

..........................................................


THE TOLEDO OH CLIMATE NORMALS FOR TODAY
                         NORMAL    RECORD    YEAR
 MAXIMUM TEMPERATURE (F)   49        85      2012
 MINIMUM TEMPERATURE (F)   30         0      1885


SUNRISE AND SUNSET
MARCH 21 2017.........SUNRISE   736 AM EDT   SUNSET   749 PM EDT
MARCH 22 2017.........SUNRISE   735 AM EDT   SUNSET   750 PM EDT


-  INDICATES NEGATIVE NUMBERS.
R  INDICATES RECORD WAS SET OR TIED.
MM INDICATES DATA IS MISSING.
T  INDICATES TRACE AMOUNT.




$$
