000
CXUS51 KCLE 011648
CLMTOL
CLIMATE REPORT
NATIONAL WEATHER SERVICE CLEVELAND, OH
1248 PM EDT SAT JUL 01 2023
...................................
...THE TOLEDO OH CLIMATE SUMMARY FOR THE MONTH OF JUNE 2023...
CLIMATE NORMAL PERIOD 1991 TO 2020
CLIMATE RECORD PERIOD 1873 TO 2023
WEATHER OBSERVED NORMAL DEPART LAST YEAR`S
VALUE DATE(S) VALUE FROM VALUE
NORMAL
..............................................................
TEMPERATURE (F)
RECORD
HIGH 104 06/25/1988
LOW 32 06/11/1972
HIGHEST 92 06/01
06/02
LOWEST 47 06/07
AVG. MAXIMUM 81.7 82.7 -1.0 85.7
AVG. MINIMUM 57.6 60.5 -2.9 61.0
MEAN 69.6 71.6 -2.0 73.3
DAYS MAX >= 90 2 4.6 -2.6 8
DAYS MAX <= 32 0 0.0 0.0 0
DAYS MIN <= 32 0 0.0 0.0 0
DAYS MIN <= 0 0 0.0 0.0 0
PRECIPITATION (INCHES)
RECORD
MAXIMUM 8.48 1981
MINIMUM 0.12 1952
TOTALS 2.29 3.45 -1.16 2.99
DAYS >= .01 6 10.6 -4.6 7
DAYS >= .10 5 6.3 -1.3 6
DAYS >= .50 2 2.1 -0.1 2
DAYS >= 1.00 0 0.8 -0.8 0
GREATEST
24 HR. TOTAL 0.90 06/25 TO 06/26 1.41
SNOWFALL (INCHES)
RECORDS
TOTAL T MM
TOTALS 0.0 0.0 0.0 0.0
SINCE 7/1 14.3 37.4 -23.1 30.8
DAYS >= 1.0 0 0.0 0.0 0
GREATEST
24 HR TOTAL 0.0
DEGREE DAYS
HEATING TOTAL 14 20 -6 2
SINCE 7/1 5016 5638 -622 5317
COOLING TOTAL 158 218 -60 259
SINCE 1/1 210 299 -89 414
..............................................................
WIND (MPH)
AVERAGE WIND SPEED 6.9
HIGHEST WIND SPEED/DIRECTION 40/270 DATE 06/25
HIGHEST GUST SPEED/DIRECTION 53/280 DATE 06/25
SKY COVER
AVERAGE SKY COVER 0.36
AVERAGE RH (PERCENT) 61
WEATHER CONDITIONS. NUMBER OF DAYS WITH
THUNDERSTORM 4 MIXED PRECIP 0
HEAVY RAIN 4 RAIN 5
LIGHT RAIN 5 FREEZING RAIN 0
LT FREEZING RAIN 0 HAIL 0
HEAVY SNOW 0 SNOW 0
LIGHT SNOW 0 SLEET 0
FOG 17 FOG W/VIS <= 1/4 MILE 1
HAZE 19
- INDICATES NEGATIVE NUMBERS.
R INDICATES RECORD WAS SET OR TIED.
MM INDICATES DATA IS MISSING.
T INDICATES TRACE AMOUNT.
$$