000
CXUS51 KCLE 012137
CLMTOL


CLIMATE REPORT
NATIONAL WEATHER SERVICE CLEVELAND OH
432 PM EST TUE DEC 1 2015

...................................

...THE TOLEDO OH CLIMATE SUMMARY FOR THE MONTH OF NOVEMBER 2015...

CLIMATE NORMAL PERIOD 1981 TO 2010
CLIMATE RECORD PERIOD 1873 TO 2015

WEATHER         OBSERVED          NORMAL  DEPART  LAST YEAR`S
                 VALUE   DATE(S)  VALUE   FROM    VALUE
                                          NORMAL
.............................................................
TEMPERATURE (F)
RECORD
 HIGH              80   11/04/2003
                        11/01/1950
 LOW                2   11/30/1958
HIGHEST            76   11/04
LOWEST             18   11/23
                        11/22
AVG. MAXIMUM     55.1              49.7     5.4     42.8
AVG. MINIMUM     34.9              33.2     1.7     27.5
MEAN             45.0              41.4     3.6     35.1
DAYS MAX >= 90      0               0.0     0.0        0
DAYS MAX <= 32      1               1.1    -0.1        6
DAYS MIN <= 32     13              14.7    -1.7       19
DAYS MIN <= 0       0               0.0     0.0        0

PRECIPITATION (INCHES)
RECORD
 MAXIMUM         7.15   2011
 MINIMUM         0.04   1904
TOTALS           1.75              2.86   -1.11     1.83
DAYS >= .01        10              11.4    -1.4       12
DAYS >= .10         5               6.2    -1.2        5
DAYS >= .50         1               1.8    -0.8        1
DAYS >= 1.00        0               0.6    -0.6        0
GREATEST
 24 HR. TOTAL    0.54   11/27 TO 11/28              0.90

SNOWFALL (INCHES)
RECORDS
 TOTAL           17.9   5
                        0

TOTALS            3.5               1.9     1.6      2.8
SINCE 7/1         3.5               2.1     1.4      2.8
DAYS >= 1.0         1               0.7     0.3        1
GREATEST
 24 HR TOTAL      3.5R  11/21 TO 11/21

DEGREE_DAYS
HEATING TOTAL     595               707    -112      887
 SINCE 7/1       1010              1233    -223     1438
COOLING TOTAL       0                 0       0        0
 SINCE 1/1        719               793     -74      654
..............................................................

WIND (MPH)
AVERAGE WIND SPEED              8.9
HIGHEST WIND SPEED/DIRECTION    40/250    DATE  11/12
HIGHEST GUST SPEED/DIRECTION    53/230    DATE  11/12

SKY COVER
AVERAGE SKY COVER           0.40

AVERAGE RH (PERCENT)     68

WEATHER CONDITIONS. NUMBER OF DAYS WITH
THUNDERSTORM              0     MIXED PRECIP               0
HEAVY RAIN                2     RAIN                       5
LIGHT RAIN               13     FREEZING RAIN              0
LT FREEZING RAIN          0     HAIL                       0
HEAVY SNOW                0     SNOW                       1
LIGHT SNOW                1     SLEET                      0
FOG                      17     FOG W/VIS <= 1/4 MILE      1
HAZE                      4

-  INDICATES NEGATIVE NUMBERS.
R  INDICATES RECORD WAS SET OR TIED.
MM INDICATES DATA IS MISSING.
T  INDICATES TRACE AMOUNT.

$$
