000
CXUS51 KCLE 021924
CLMTOL


CLIMATE REPORT
NATIONAL WEATHER SERVICE CLEVELAND OH
322 PM EDT TUE JUL 2 2013

...................................

...THE TOLEDO OH CLIMATE SUMMARY FOR THE MONTH OF JUNE 2013...

CLIMATE NORMAL PERIOD 1981 TO 2010
CLIMATE RECORD PERIOD 1873 TO 2013

WEATHER         OBSERVED          NORMAL  DEPART  LAST YEAR`S
                 VALUE   DATE(S)  VALUE   FROM    VALUE
                                          NORMAL
.............................................................
TEMPERATURE (F)
RECORD
 HIGH             104   06/25/1988
 LOW               32   06/11/1972
HIGHEST            91   06/23
                        06/22
LOWEST             46   06/04
AVG. MAXIMUM     79.3              80.7    -1.4     84.1
AVG. MINIMUM     58.8              58.3     0.5     58.1
MEAN             69.1              69.5    -0.4     71.1
DAYS MAX >= 90      3               3.7    -0.7       10
DAYS MAX <= 32      0               0.0     0.0        0
DAYS MIN <= 32      0               0.0     0.0        0
DAYS MIN <= 0       0               0.0     0.0        0

PRECIPITATION (INCHES)
RECORD
 MAXIMUM         8.48   1981
 MINIMUM         0.12   1952
TOTALS           6.35              3.57    2.78     2.92
DAYS >= .01        13              10.2     2.8        7
DAYS >= .10        11               6.2     4.8        5
DAYS >= .50         5               2.3     2.7        2
DAYS >= 1.00        2               0.8     1.2        1
GREATEST
 24 HR. TOTAL    1.40   06/12 TO 06/13              1.48

SNOWFALL (INCHES)
RECORDS
 TOTAL             MM   5
TOTALS            0.0               0.0     0.0      0.0
SINCE 7/1        22.4              37.6   -15.2     20.8
DAYS >= 1.0         0               0.0     0.0        0
GREATEST
 24 HR TOTAL      0.0   06/30 TO 06/30

DEGREE_DAYS
HEATING TOTAL      31                35      -4       26
 SINCE 7/1       6165              6145      20     5043
COOLING TOTAL     162               170      -8      218
 SINCE 1/1        256               223      33      338
..............................................................

WIND (MPH)
AVERAGE WIND SPEED              6.8
HIGHEST WIND SPEED/DIRECTION    43/010    DATE  06/27
HIGHEST GUST SPEED/DIRECTION    56/310    DATE  06/22

SKY COVER
AVERAGE SKY COVER           0.40

AVERAGE RH (PERCENT)     69

WEATHER CONDITIONS. NUMBER OF DAYS WITH
THUNDERSTORM              0     MIXED PRECIP               0
HEAVY RAIN               10     RAIN                       9
LIGHT RAIN               16     FREEZING RAIN              0
LT FREEZING RAIN          0     HAIL                       0
HEAVY SNOW                0     SNOW                       0
LIGHT SNOW                0     SLEET                      0
FOG                      18     FOG W/VIS <= 1/4 MILE      1
HAZE                      4

-  INDICATES NEGATIVE NUMBERS.
R  INDICATES RECORD WAS SET OR TIED.
MM INDICATES DATA IS MISSING.
T  INDICATES TRACE AMOUNT.

$$
