000
CXUS51 KCLE 021644
CLMTOL


CLIMATE REPORT...CORRECTED
NATIONAL WEATHER SERVICE CLEVELAND OH
1242 PM EDT FRI JUN 2 2017

...................................

...THE TOLEDO OH CLIMATE SUMMARY FOR THE MONTH OF MAY 2017...

CLIMATE NORMAL PERIOD 1981 TO 2010
CLIMATE RECORD PERIOD 1873 TO 2017

WEATHER         OBSERVED          NORMAL  DEPART  LAST YEAR`S
                 VALUE   DATE(S)  VALUE   FROM    VALUE
                                          NORMAL
.............................................................
TEMPERATURE (F)
RECORD
 HIGH              96   05/28/2012
 LOW               25   05/04/2005
                        05/07/1974
HIGHEST            88   05/18
LOWEST             33   05/09
                        05/08
AVG. MAXIMUM     68.1              71.0    -2.9     71.4
AVG. MINIMUM     48.3              48.5    -0.2     48.2
MEAN             58.2              59.8    -1.6     59.8
DAYS MAX >= 90      0               0.8    -0.8        2
DAYS MAX <= 32      0               0.0     0.0        0
DAYS MIN <= 32      0               0.4    -0.4        0
DAYS MIN <= 0       0               0.0     0.0        0

PRECIPITATION (INCHES)
RECORD
 MAXIMUM         8.04   1943
 MINIMUM         0.45   1881
TOTALS           4.98              3.58    1.40     1.44
DAYS >= .01        16              12.0     4.0       12
DAYS >= .10        11               7.2     3.8        5
DAYS >= .50         2               2.3    -0.3        0
DAYS >= 1.00        1               0.9     0.1        0
GREATEST
 24 HR. TOTAL    1.79   05/04 TO 05/05              0.71

SNOWFALL (INCHES)
RECORDS
 TOTAL            4.0   1923
TOTALS            0.0               0.1    -0.1      0.0
SINCE 7/1        22.4              37.6   -15.2     26.4
DAYS >= 1.0         0               0.0     0.0        0
GREATEST
 24 HR TOTAL      0.0   05/31 TO 05/31

DEGREE_DAYS
HEATING TOTAL     239               208      31      224
 SINCE 7/1       5294              6110    -816     5344
COOLING TOTAL      37                45      -8       69
 SINCE 1/1         45                53      -8       69
..............................................................

WIND (MPH)
AVERAGE WIND SPEED              9.6
HIGHEST WIND SPEED/DIRECTION    37/240    DATE  05/02
HIGHEST GUST SPEED/DIRECTION    43/250    DATE  05/18

SKY COVER
AVERAGE SKY COVER           0.50

AVERAGE RH (PERCENT)     68

WEATHER CONDITIONS. NUMBER OF DAYS WITH
THUNDERSTORM              0     MIXED PRECIP               0
HEAVY RAIN                6     RAIN                      11
LIGHT RAIN               17     FREEZING RAIN              0
LT FREEZING RAIN          0     HAIL                       0
HEAVY SNOW                0     SNOW                       0
LIGHT SNOW                0     SLEET                      0
FOG                      15     FOG W/VIS <= 1/4 MILE      0
HAZE                      1

-  INDICATES NEGATIVE NUMBERS.
R  INDICATES RECORD WAS SET OR TIED.
MM INDICATES DATA IS MISSING.
T  INDICATES TRACE AMOUNT.

$$
