000
CXUS51 KCLE 022344
CLMTOL


CLIMATE REPORT
NATIONAL WEATHER SERVICE CLEVELAND OH
739 PM EDT MON SEP 2 2013

...................................

...THE TOLEDO OH CLIMATE SUMMARY FOR THE MONTH OF AUGUST 2013...

CLIMATE NORMAL PERIOD 1981 TO 2010
CLIMATE RECORD PERIOD 1873 TO 2013

WEATHER         OBSERVED          NORMAL  DEPART  LAST YEAR`S
                 VALUE   DATE(S)  VALUE   FROM    VALUE
                                          NORMAL
.............................................................
TEMPERATURE (F)
RECORD
 HIGH             103   08/06/1918
 LOW               34   08/29/1982
HIGHEST            89   08/26
LOWEST             46   08/15
AVG. MAXIMUM     80.8              82.2    -1.4     82.6
AVG. MINIMUM     59.5              60.9    -1.4     58.5
MEAN             70.1              71.5    -1.4     70.5
DAYS MAX >= 90      0               3.2    -3.2        6
DAYS MAX <= 32      0               0.0     0.0        0
DAYS MIN <= 32      0               0.0     0.0        0
DAYS MIN <= 0       0               0.0     0.0        0

PRECIPITATION (INCHES)
RECORD
 MAXIMUM         8.47   1965
 MINIMUM         0.40   1976
TOTALS           2.00              3.15   -1.15     4.91
DAYS >= .01         7               9.2    -2.2        9
DAYS >= .10         2               5.9    -3.9        7
DAYS >= .50         1               2.2    -1.2        3
DAYS >= 1.00        1               0.7     0.3        2
GREATEST
 24 HR. TOTAL    1.42   08/07 TO 08/07              2.05
                        08/06 TO 08/07
                        08/07 TO 08/07

SNOWFALL (INCHES)
RECORDS
 TOTAL             MM   5
TOTALS            0.0               0.0     0.0      0.0
SINCE 7/1         0.0               0.0     0.0      0.0
DAYS >= 1.0         0               0.0     0.0        0
GREATEST
 24 HR TOTAL      0.0   08/31 TO 08/31

DEGREE_DAYS
HEATING TOTAL      16                11       5        3
 SINCE 7/1         29                14      15        3
COOLING TOTAL     181               214     -33      184
 SINCE 1/1        682               702     -20      925
..............................................................

WIND (MPH)
AVERAGE WIND SPEED              4.8
HIGHEST WIND SPEED/DIRECTION    31/240    DATE  08/28
HIGHEST GUST SPEED/DIRECTION    36/250    DATE  08/28

SKY COVER
AVERAGE SKY COVER           0.30

AVERAGE RH (PERCENT)     72

WEATHER CONDITIONS. NUMBER OF DAYS WITH
THUNDERSTORM              0     MIXED PRECIP               0
HEAVY RAIN                2     RAIN                       2
LIGHT RAIN                9     FREEZING RAIN              0
LT FREEZING RAIN          0     HAIL                       0
HEAVY SNOW                0     SNOW                       0
LIGHT SNOW                0     SLEET                      0
FOG                      19     FOG W/VIS <= 1/4 MILE      3
HAZE                      8

-  INDICATES NEGATIVE NUMBERS.
R  INDICATES RECORD WAS SET OR TIED.
MM INDICATES DATA IS MISSING.
T  INDICATES TRACE AMOUNT.

$$
