000
CXUS51 KCLE 011758
CLMTOL


CLIMATE REPORT
NATIONAL WEATHER SERVICE CLEVELAND OH
1248 PM EST SUN NOV 1 2015

...................................

...THE TOLEDO OH CLIMATE SUMMARY FOR THE MONTH OF OCTOBER 2015...

CLIMATE NORMAL PERIOD 1981 TO 2010
CLIMATE RECORD PERIOD 1873 TO 2015

WEATHER         OBSERVED          NORMAL  DEPART  LAST YEAR`S
                 VALUE   DATE(S)  VALUE   FROM    VALUE
                                          NORMAL
.............................................................
TEMPERATURE (F)
RECORD
 HIGH              92   10/04/1951
 LOW                0   10/10/2008
HIGHEST            79   10/12
LOWEST             27   10/18
AVG. MAXIMUM     63.4              62.8     0.6     61.0
AVG. MINIMUM     43.4              41.8     1.6     41.9
MEAN             53.4              52.3     1.1     51.5
DAYS MAX >= 90      0               0.0     0.0        0
DAYS MAX <= 32      0               0.0     0.0        0
DAYS MIN <= 32      2               3.9    -1.9        3
DAYS MIN <= 0       0               0.0     0.0        0

PRECIPITATION (INCHES)
RECORD
 MAXIMUM         8.49   1881
 MINIMUM         0.27   2005
TOTALS           2.17              2.60   -0.43     2.22
DAYS >= .01         9              10.0    -1.0       13
DAYS >= .10         4               5.3    -1.3        8
DAYS >= .50         1               1.5    -0.5        0
DAYS >= 1.00        1               0.5     0.5        0
GREATEST
 24 HR. TOTAL    1.45   10/27 TO 10/28              0.65

SNOWFALL (INCHES)
RECORDS
 TOTAL            2.0   5
                        0

TOTALS            0.0               0.2    -0.2        T
SINCE 7/1         0.0               0.2    -0.2        T
DAYS >= 1.0         0               0.1    -0.1        0
GREATEST
 24 HR TOTAL      0.0

DEGREE_DAYS
HEATING TOTAL     355               402     -47      412
 SINCE 7/1        415               526    -111      551
COOLING TOTAL       0                 9      -9        0
 SINCE 1/1        719               793     -74      654
..............................................................

WIND (MPH)
AVERAGE WIND SPEED              9.2
HIGHEST WIND SPEED/DIRECTION    37/250    DATE  10/28
HIGHEST GUST SPEED/DIRECTION    45/250    DATE  10/28

SKY COVER
AVERAGE SKY COVER           0.50

AVERAGE RH (PERCENT)     69

WEATHER CONDITIONS. NUMBER OF DAYS WITH
THUNDERSTORM              0     MIXED PRECIP               0
HEAVY RAIN                2     RAIN                       2
LIGHT RAIN               15     FREEZING RAIN              0
LT FREEZING RAIN          0     HAIL                       0
HEAVY SNOW                0     SNOW                       0
LIGHT SNOW                0     SLEET                      0
FOG                      12     FOG W/VIS <= 1/4 MILE      2
HAZE                      3

-  INDICATES NEGATIVE NUMBERS.
R  INDICATES RECORD WAS SET OR TIED.
MM INDICATES DATA IS MISSING.
T  INDICATES TRACE AMOUNT.

$$
