000
CXUS51 KCLE 052148
CLMTOL


CLIMATE REPORT
NATIONAL WEATHER SERVICE CLEVELAND OH
425 PM EST MON JAN 5 2015

...................................

...THE TOLEDO OH CLIMATE SUMMARY FOR THE MONTH OF DECEMBER 2014...

CLIMATE NORMAL PERIOD 1981 TO 2010
CLIMATE RECORD PERIOD 1873 TO 2015

WEATHER         OBSERVED          NORMAL  DEPART  LAST YEAR`S
                 VALUE   DATE(S)  VALUE   FROM    VALUE
                                          NORMAL
.............................................................
TEMPERATURE (F)
RECORD
 HIGH              70   12/05/2001
                        12/29/1889
 LOW              -19   12/22/1989
HIGHEST            54   12/24
                        12/23
LOWEST             12   12/31
AVG. MAXIMUM     39.0              36.4     2.6     34.5
AVG. MINIMUM     27.0              23.1     3.9     20.7
MEAN             33.0              29.7     3.3     27.6
DAYS MAX >= 90      0               0.0     0.0        0
DAYS MAX <= 32      7              10.5    -3.5       18
DAYS MIN <= 32     24              24.8    -0.8       26
DAYS MIN <= 0       0               1.0    -1.0        1

PRECIPITATION (INCHES)
RECORD
 MAXIMUM         6.81   1967
 MINIMUM         0.33   1919
TOTALS           1.09              2.68   -1.59     3.07
DAYS >= .01         8              13.1    -5.1       12
DAYS >= .10         4               6.6    -2.6        4
DAYS >= .50         0               1.5    -1.5        2
DAYS >= 1.00        0               0.3    -0.3        1
GREATEST
 24 HR. TOTAL    0.48   12/23 TO 12/24              1.62

SNOWFALL (INCHES)
RECORDS
 TOTAL           26.0   2000
TOTALS              T               7.4    -7.4     11.2
SINCE 7/1         2.8               9.5    -6.7     11.7
DAYS >= 1.0         0               2.3    -2.3        1
GREATEST
 24 HR TOTAL        T   12/30 TO 12/30

DEGREE_DAYS
HEATING TOTAL     988              1092    -104     1151
 SINCE 7/1       2426              2325     101     2499
COOLING TOTAL       0                 0       0        0
 SINCE 1/1        654               793    -139      793
..............................................................

WIND (MPH)
AVERAGE WIND SPEED              8.1
HIGHEST WIND SPEED/DIRECTION    30/270    DATE  12/24
HIGHEST GUST SPEED/DIRECTION    38/260    DATE  12/24

SKY COVER
AVERAGE SKY COVER           0.60

AVERAGE RH (PERCENT)     77

WEATHER CONDITIONS. NUMBER OF DAYS WITH
THUNDERSTORM              0     MIXED PRECIP               0
HEAVY RAIN                0     RAIN                       3
LIGHT RAIN               12     FREEZING RAIN              0
LT FREEZING RAIN          0     HAIL                       0
HEAVY SNOW                0     SNOW                       0
LIGHT SNOW                1     SLEET                      0
FOG                      20     FOG W/VIS <= 1/4 MILE      2
HAZE                     11

-  INDICATES NEGATIVE NUMBERS.
R  INDICATES RECORD WAS SET OR TIED.
MM INDICATES DATA IS MISSING.
T  INDICATES TRACE AMOUNT.

$$
