000
CXUS51 KCLE 020229
CLMTOL


CLIMATE REPORT
NATIONAL WEATHER SERVICE CLEVELAND OH
1025 PM EDT MON MAY 1 2017

...................................

...THE TOLEDO OH CLIMATE SUMMARY FOR THE MONTH OF APRIL 2017...

CLIMATE NORMAL PERIOD 1981 TO 2010
CLIMATE RECORD PERIOD 1873 TO 2017

WEATHER         OBSERVED          NORMAL  DEPART  LAST YEAR`S
                 VALUE   DATE(S)  VALUE   FROM    VALUE
                                          NORMAL
.............................................................
TEMPERATURE (F)
RECORD
 HIGH              89   04/30/1942
                        04/26/1915
 LOW                8   04/07/1982
HIGHEST            85   04/26
LOWEST             29   04/08
AVG. MAXIMUM     64.4              60.1     4.3     57.4
AVG. MINIMUM     43.2              38.7     4.5     35.7
MEAN             53.8              49.4     4.4     46.5
DAYS MAX >= 90      0               0.0     0.0        0
DAYS MAX <= 32      0               0.1    -0.1        1
DAYS MIN <= 32      3               6.7    -3.7       11
DAYS MIN <= 0       0               0.0     0.0        0

PRECIPITATION (INCHES)
RECORD
 MAXIMUM         7.13   1929
 MINIMUM         0.55   1876
TOTALS           3.47              3.19    0.28     4.00
DAYS >= .01        14              12.0     2.0       13
DAYS >= .10         8               7.0     1.0       12
DAYS >= .50         2               1.9     0.1        3
DAYS >= 1.00        0               0.4    -0.4        0
GREATEST
 24 HR. TOTAL    1.03   04/19 TO 04/20              0.81

SNOWFALL (INCHES)
RECORDS
 TOTAL           12.0   1957
TOTALS            0.7               1.3    -0.6      8.7
SINCE 7/1        22.4              37.5   -15.1     26.4
DAYS >= 1.0         0               0.3    -0.3        2
GREATEST
 24 HR TOTAL      0.7   04/06 TO 04/07

DEGREE_DAYS
HEATING TOTAL     338               476    -138      548
 SINCE 7/1       5055              5902    -847     5120
COOLING TOTAL       8                 8       0        0
 SINCE 1/1          8                 8       0        0
..............................................................

WIND (MPH)
AVERAGE WIND SPEED              10.4
HIGHEST WIND SPEED/DIRECTION    40/250    DATE  04/20
HIGHEST GUST SPEED/DIRECTION    53/260    DATE  04/20

SKY COVER
AVERAGE SKY COVER           0.40

AVERAGE RH (PERCENT)     69

WEATHER CONDITIONS. NUMBER OF DAYS WITH
THUNDERSTORM              0     MIXED PRECIP               0
HEAVY RAIN                4     RAIN                       7
LIGHT RAIN               13     FREEZING RAIN              0
LT FREEZING RAIN          0     HAIL                       0
HEAVY SNOW                0     SNOW                       0
LIGHT SNOW                2     SLEET                      0
FOG                      14     FOG W/VIS <= 1/4 MILE      0
HAZE                      1

-  INDICATES NEGATIVE NUMBERS.
R  INDICATES RECORD WAS SET OR TIED.
MM INDICATES DATA IS MISSING.
T  INDICATES TRACE AMOUNT.

$$
