000
CXUS51 KCLE 272003
CLMTOL


CLIMATE REPORT
NATIONAL WEATHER SERVICE CLEVELAND OH
400 PM EDT MON JUN 27 2016

...................................

...THE TOLEDO OH CLIMATE SUMMARY FOR THE SEASON, FROM
3/1/2016 TO 5/31/2016...

CLIMATE NORMAL PERIOD 1981 TO 2010
CLIMATE RECORD PERIOD 1873 TO 2016

WEATHER         OBSERVED          NORMAL  DEPART
                 VALUE   DATE(S)  VALUE   FROM
                                          NORMAL
................................................
TEMPERATURE (F)
RECORD
 HIGH              96   05/28/2012
 LOW              -10   03/12/1948
HIGHEST            91   05/28
LOWEST             16   03/03
                        03/02
AVG. MAXIMUM     60.4              59.3     1.1
AVG. MINIMUM     39.2              38.5     0.7
MEAN             49.8              48.9     0.9
DAYS MAX >= 90      2               0.8
DAYS MAX <= 32      3               3.5
DAYS MIN <= 32     28              27.2
DAYS MIN <= 0       0               0.0

PRECIPITATION (INCHES)
RECORD
 MAXIMUM        17.75   1913
 MINIMUM         4.11   1981
TOTALS          10.54              9.25    1.29
DAYS >= .01        41              35.8
DAYS >= .10        26              20.8
DAYS >= .50         7               5.5
DAYS >= 1.00        2               1.6

SNOWFALL (INCHES)
RECORDS
 TOTAL           20.9   1916
TOTALS           11.4               7.1
DAYS >= TRACE      10
DAYS >= 1.0         3               2.1

DEGREE_DAYS
HEATING TOTAL    1446              1534     -88
COOLING TOTAL      69                53      16
.................................................

WIND (MPH)
HIGHEST GUST SPEED/DIRECTION    54/260    DATE  03/16

SKY COVER
POSSIBLE SUNSHINE (PERCENT)   MM
NUMBER OF DAYS FAIR           38
NUMBER OF DAYS PC             26
NUMBER OF DAYS CLOUDY         28


WEATHER CONDITIONS. NUMBER OF DAYS WITH
THUNDERSTORM              0     MIXED PRECIP               0
HEAVY RAIN                9     RAIN                      15
LIGHT RAIN               38     FREEZING RAIN              0
LT FREEZING RAIN          0     HAIL                       0
HEAVY SNOW                2     SNOW                       4
LIGHT SNOW               10     SLEET                      0
FOG                      45     FOG W/VIS <= 1/4 MILE      2
HAZE                      5

-  INDICATES NEGATIVE NUMBERS.
R  INDICATES RECORD WAS SET OR TIED.
MM INDICATES DATA IS MISSING.
T  INDICATES TRACE AMOUNT.

$$
