000
CXUS51 KCLE 011743
CLMTOL


CLIMATE REPORT
NATIONAL WEATHER SERVICE CLEVELAND OH
141 PM EDT WED MAY 1 2013

...................................

...THE TOLEDO OH CLIMATE SUMMARY FOR THE MONTH OF APRIL 2013...

CLIMATE NORMAL PERIOD 1981 TO 2010
CLIMATE RECORD PERIOD 1873 TO 2013

WEATHER         OBSERVED          NORMAL  DEPART  LAST YEAR`S
                 VALUE   DATE(S)  VALUE   FROM    VALUE
                                          NORMAL
.............................................................
TEMPERATURE (F)
RECORD
 HIGH              89   04/30/1942
                        04/26/1915
 LOW                8   04/07/1982
HIGHEST            80   04/18
LOWEST             21   04/04
                        04/03
                        04/02
AVG. MAXIMUM     57.0              60.1    -3.1     61.1
AVG. MINIMUM     35.9              38.7    -2.8     37.8
MEAN             46.4              49.4    -3.0     49.5
DAYS MAX >= 90      0               0.0     0.0        0
DAYS MAX <= 32      0               0.1    -0.1        0
DAYS MIN <= 32     10               6.7     3.3        7
DAYS MIN <= 0       0               0.0     0.0        0

PRECIPITATION (INCHES)
RECORD
 MAXIMUM         7.13   1929
 MINIMUM         0.55   1876
TOTALS           4.72              3.19    1.53     1.74
DAYS >= .01        14              12.0     2.0       10
DAYS >= .10         9               7.0     2.0        6
DAYS >= .50         5               1.9     3.1        1
DAYS >= 1.00        1               0.4     0.6        0
GREATEST
 24 HR. TOTAL    1.50   04/10 TO 04/11              0.52

SNOWFALL (INCHES)
RECORDS
 TOTAL           12.0   5
                        0
                        -26215
TOTALS            0.3               1.3    -1.0        T
SINCE 7/1        22.4              37.5   -15.1     20.8
DAYS >= 1.0         0               0.3    -0.3        0
GREATEST
 24 HR TOTAL      0.3   MM

DEGREE_DAYS
HEATING TOTAL     550               476      74      464
 SINCE 7/1       5977              5902      75     4927
COOLING TOTAL       0                 8      -8        4
 SINCE 1/1          0                 8      -8       23
..............................................................

WIND (MPH)
AVERAGE WIND SPEED              9.5
HIGHEST WIND SPEED/DIRECTION    38/250    DATE  04/19
HIGHEST GUST SPEED/DIRECTION    52/190    DATE  04/18

SKY COVER
AVERAGE SKY COVER           0.50

AVERAGE RH (PERCENT)     64

WEATHER CONDITIONS. NUMBER OF DAYS WITH
THUNDERSTORM              0     MIXED PRECIP               0
HEAVY RAIN                6     RAIN                       9
LIGHT RAIN               15     FREEZING RAIN              0
LT FREEZING RAIN          0     HAIL                       0
HEAVY SNOW                0     SNOW                       0
LIGHT SNOW                2     SLEET                      0
FOG                      15     FOG W/VIS <= 1/4 MILE      0
HAZE                      6

-  INDICATES NEGATIVE NUMBERS.
R  INDICATES RECORD WAS SET OR TIED.
MM INDICATES DATA IS MISSING.
T  INDICATES TRACE AMOUNT.

$$
