000
CXUS51 KCLE 012051
CLMTOL


CLIMATE REPORT
NATIONAL WEATHER SERVICE CLEVELAND OH
451 PM EDT THU AUG 1 2013

...................................

...THE TOLEDO OH CLIMATE SUMMARY FOR THE MONTH OF JULY 2013...

CLIMATE NORMAL PERIOD 1981 TO 2010
CLIMATE RECORD PERIOD 1873 TO 2013

WEATHER         OBSERVED          NORMAL  DEPART  LAST YEAR`S
                 VALUE   DATE(S)  VALUE   FROM    VALUE
                                          NORMAL
.............................................................
TEMPERATURE (F)
RECORD
 HIGH             105   07/14/1936
 LOW               40   07/01/1988
HIGHEST            94   07/19
                        07/18
LOWEST             50   07/28
AVG. MAXIMUM     81.5              84.5    -3.0     89.8
AVG. MINIMUM     62.9              62.4     0.5     65.9
MEAN             72.2              73.5    -1.3     77.9
DAYS MAX >= 90      5               5.7    -0.7       12
DAYS MAX <= 32      0               0.0     0.0        0
DAYS MIN <= 32      0               0.0     0.0        0
DAYS MIN <= 0       0               0.0     0.0        0

PRECIPITATION (INCHES)
RECORD
 MAXIMUM         9.19   2006
 MINIMUM         0.34   1995
TOTALS           3.94              3.23    0.71     3.45
DAYS >= .01        15               9.8     5.2       12
DAYS >= .10         8               5.8     2.2        7
DAYS >= .50         4               2.3     1.7        2
DAYS >= 1.00        0               0.7    -0.7        1
GREATEST
 24 HR. TOTAL    0.96   07/08 TO 07/09              1.51

SNOWFALL (INCHES)
RECORDS
 TOTAL             MM   5
TOTALS            0.0               0.0     0.0      0.0
SINCE 7/1         0.0               0.0     0.0      0.0
DAYS >= 1.0         0               0.0     0.0        0
GREATEST
 24 HR TOTAL      0.0   07/31 TO 07/31

DEGREE_DAYS
HEATING TOTAL      13                 3      10        0
 SINCE 7/1         13                 3      10        0
COOLING TOTAL     245               265     -20      403
 SINCE 1/1        501               488      13      741
..............................................................

WIND (MPH)
AVERAGE WIND SPEED              5.7
HIGHEST WIND SPEED/DIRECTION    28/250    DATE  07/27
HIGHEST GUST SPEED/DIRECTION    33/240    DATE  07/19

SKY COVER
AVERAGE SKY COVER           0.40

AVERAGE RH (PERCENT)     74

WEATHER CONDITIONS. NUMBER OF DAYS WITH
THUNDERSTORM              0     MIXED PRECIP               0
HEAVY RAIN                6     RAIN                       9
LIGHT RAIN               16     FREEZING RAIN              0
LT FREEZING RAIN          0     HAIL                       0
HEAVY SNOW                0     SNOW                       0
LIGHT SNOW                0     SLEET                      0
FOG                      18     FOG W/VIS <= 1/4 MILE      1
HAZE                      8

-  INDICATES NEGATIVE NUMBERS.
R  INDICATES RECORD WAS SET OR TIED.
MM INDICATES DATA IS MISSING.
T  INDICATES TRACE AMOUNT.

$$
