047
CXUS51 KCLE 051724
CLMTOL


CLIMATE REPORT
NATIONAL WEATHER SERVICE CLEVELAND OH
124 PM EDT TUE APR 5 2016

...................................

...THE TOLEDO OH CLIMATE SUMMARY FOR THE MONTH OF MARCH 2016...

CLIMATE NORMAL PERIOD 1981 TO 2010
CLIMATE RECORD PERIOD 1873 TO 2016

WEATHER         OBSERVED          NORMAL  DEPART  LAST YEAR`S
                 VALUE   DATE(S)  VALUE   FROM    VALUE
                                          NORMAL
.............................................................
TEMPERATURE (F)
RECORD
 HIGH              85   03/21/2012
 LOW              -10   03/12/1948
HIGHEST            75   03/27
LOWEST             16   03/03
                        03/02
AVG. MAXIMUM     52.4              46.9     5.5     42.3
AVG. MINIMUM     33.8              28.3     5.5     23.3
MEAN             43.1              37.6     5.5     32.8
DAYS MAX >= 90      0               0.0     0.0        0
DAYS MAX <= 32      2               3.4    -1.4        5
DAYS MIN <= 32     17              20.2    -3.2       27
DAYS MIN <= 0       0               0.0     0.0        1

PRECIPITATION (INCHES)
RECORD
 MAXIMUM         7.99   1913
 MINIMUM         0.05   1910
TOTALS           5.10              2.48    2.62     1.34
DAYS >= .01        16              11.8     4.2        7
DAYS >= .10         9               6.6     2.4        3
DAYS >= .50         4               1.3     2.7        1
DAYS >= 1.00        2               0.3     1.7        0
GREATEST
 24 HR. TOTAL    1.30   03/24 TO 03/24              0.60
                        03/23 TO 03/24
                        03/24 TO 03/25

SNOWFALL (INCHES)
RECORDS
 TOTAL           17.7   1993
TOTALS            2.7               5.7    -3.0      5.4
SINCE 7/1        17.7              36.2   -18.5     45.7
DAYS >= 1.0         1               1.8    -0.8        2
GREATEST
 24 HR TOTAL      1.0   03/05 TO 03/05

DEGREE_DAYS
HEATING TOTAL     674               850    -176      990
 SINCE 7/1       4572              5426    -854     6246
COOLING TOTAL       0                 0       0        0
 SINCE 1/1          0                 0       0        0
..............................................................

WIND (MPH)
AVERAGE WIND SPEED              9.0
HIGHEST WIND SPEED/DIRECTION    40/250    DATE  03/16
HIGHEST GUST SPEED/DIRECTION    54/260    DATE  03/16

SKY COVER
AVERAGE SKY COVER           0.60

AVERAGE RH (PERCENT)     71

WEATHER CONDITIONS. NUMBER OF DAYS WITH
THUNDERSTORM              0     MIXED PRECIP               0
HEAVY RAIN                3     RAIN                       5
LIGHT RAIN               13     FREEZING RAIN              0
LT FREEZING RAIN          0     HAIL                       0
HEAVY SNOW                0     SNOW                       1
LIGHT SNOW                5     SLEET                      0
FOG                      21     FOG W/VIS <= 1/4 MILE      1
HAZE                      4

-  INDICATES NEGATIVE NUMBERS.
R  INDICATES RECORD WAS SET OR TIED.
MM INDICATES DATA IS MISSING.
T  INDICATES TRACE AMOUNT.

$$
