902
CXUS51 KCLE 011418
CLMTOL


CLIMATE REPORT
NATIONAL WEATHER SERVICE CLEVELAND OH
914 AM EST THU DEC 1 2016

...................................

...THE TOLEDO OH CLIMATE SUMMARY FOR THE MONTH OF NOVEMBER 2016...

CLIMATE NORMAL PERIOD 1981 TO 2010
CLIMATE RECORD PERIOD 1873 TO 2016

WEATHER         OBSERVED          NORMAL  DEPART  LAST YEAR`S
                 VALUE   DATE(S)  VALUE   FROM    VALUE
                                          NORMAL
.............................................................
TEMPERATURE (F)
RECORD
 HIGH              80   11/04/2003
                        11/01/1950
 LOW                2   11/30/1958
HIGHEST            79   11/01
LOWEST             19   11/22
AVG. MAXIMUM     55.2              49.7     5.5     55.1
AVG. MINIMUM     35.7              33.2     2.5     34.9
MEAN             45.5              41.4     4.1     45.0
DAYS MAX >= 90      0               0.0     0.0        0
DAYS MAX <= 32      0               1.1    -1.1        1
DAYS MIN <= 32     10              14.7    -4.7       13
DAYS MIN <= 0       0               0.0     0.0        0

PRECIPITATION (INCHES)
RECORD
 MAXIMUM         7.15   2011
 MINIMUM         0.04   1904
TOTALS           1.80              2.86   -1.06     1.75
DAYS >= .01         7              11.4    -4.4       10
DAYS >= .10         3               6.2    -3.2        5
DAYS >= .50         2               1.8     0.2        1
DAYS >= 1.00        0               0.6    -0.6        0
GREATEST
 24 HR. TOTAL    0.71   11/28 TO 11/29              0.54

SNOWFALL (INCHES)
RECORDS
 TOTAL           17.9   5
                        0

TOTALS              T               1.9    -1.9      3.5
SINCE 7/1           T               2.1    -2.1      3.5
DAYS >= 1.0         0               0.7    -0.7        1
GREATEST
 24 HR TOTAL        TR  11/19 TO 11/19

DEGREE_DAYS
HEATING TOTAL     580               707    -127      595
 SINCE 7/1        924              1233    -309     1010
COOLING TOTAL       4                 0       4        0
 SINCE 1/1       1037               793     244      719
..............................................................

WIND (MPH)
AVERAGE WIND SPEED              7.9
HIGHEST WIND SPEED/DIRECTION    36/270    DATE  11/18
HIGHEST GUST SPEED/DIRECTION    46/270    DATE  11/18

SKY COVER
AVERAGE SKY COVER           0.40

AVERAGE RH (PERCENT)     75

WEATHER CONDITIONS. NUMBER OF DAYS WITH
THUNDERSTORM              0     MIXED PRECIP               0
HEAVY RAIN                1     RAIN                       3
LIGHT RAIN               10     FREEZING RAIN              0
LT FREEZING RAIN          0     HAIL                       0
HEAVY SNOW                0     SNOW                       0
LIGHT SNOW                2     SLEET                      0
FOG                      14     FOG W/VIS <= 1/4 MILE      5
HAZE                      4

-  INDICATES NEGATIVE NUMBERS.
R  INDICATES RECORD WAS SET OR TIED.
MM INDICATES DATA IS MISSING.
T  INDICATES TRACE AMOUNT.

$$
