000
CXUS51 KCLE 021729
CLMTOL
CLIMATE REPORT
NATIONAL WEATHER SERVICE CLEVELAND, OH
1229 PM EST TUE JAN 02 2024
...................................
...THE TOLEDO OH CLIMATE SUMMARY FOR THE MONTH OF DECEMBER 2023...
CLIMATE NORMAL PERIOD 1991 TO 2020
CLIMATE RECORD PERIOD 1873 TO 2024
WEATHER OBSERVED NORMAL DEPART LAST YEAR`S
VALUE DATE(S) VALUE FROM VALUE
NORMAL
..............................................................
TEMPERATURE (F)
RECORD
HIGH 70 12/05/2001
12/29/1889
LOW -19 12/22/1989
HIGHEST 65 12/09
LOWEST 23 12/13
12/14
AVG. MAXIMUM 47.7 39.4 8.3 39.8
AVG. MINIMUM 35.7 26.1 9.6 27.9
MEAN 41.7 32.8 8.9 33.9
DAYS MAX >= 90 0 0.0 0.0 0
DAYS MAX <= 32 0 9.7 -9.7 8
DAYS MIN <= 32 10 24.6 -14.6 19
DAYS MIN <= 0 0 0.8 -0.8 1
PRECIPITATION (INCHES)
RECORD
MAXIMUM 6.81 1967
MINIMUM 0.33 1919
TOTALS 1.74 2.44 -0.70 1.89
DAYS >= .01 14 12.2 1.8 10
DAYS >= .10 6 5.8 0.2 3
DAYS >= .50 0 1.4 -1.4 2
DAYS >= 1.00 0 0.2 -0.2 0
GREATEST
24 HR. TOTAL 0.43 12/01 TO 12/02 0.69
SNOWFALL (INCHES)
RECORDS
TOTAL 26.0 2000
TOTALS T 6.5 -6.5 1.2
SINCE 7/1 0.9 8.3 -7.4 1.6
DAYS >= 1.0 0 1.9 -1.9 1
GREATEST
24 HR TOTAL T 12/31 TO 12/31
12/18 TO 12/18
12/10 TO 12/10
DEGREE DAYS
HEATING TOTAL 712 1000 -288 956
SINCE 7/1 1716 2081 -365 1955
COOLING TOTAL 0 0 0 0
SINCE 1/1 861 1020 -159 1216
..............................................................
WIND (MPH)
AVERAGE WIND SPEED 7.4
HIGHEST WIND SPEED/DIRECTION 28/300 DATE 12/18
HIGHEST GUST SPEED/DIRECTION 39/320 DATE 12/18
SKY COVER
AVERAGE SKY COVER 0.73
AVERAGE RH (PERCENT) 74
WEATHER CONDITIONS. NUMBER OF DAYS WITH
THUNDERSTORM 1 MIXED PRECIP 0
HEAVY RAIN 0 RAIN 3
LIGHT RAIN 16 FREEZING RAIN 0
LT FREEZING RAIN 0 HAIL 0
HEAVY SNOW 0 SNOW 0
LIGHT SNOW 4 SLEET 0
FOG 16 FOG W/VIS <= 1/4 MILE 5
HAZE 4
- INDICATES NEGATIVE NUMBERS.
R INDICATES RECORD WAS SET OR TIED.
MM INDICATES DATA IS MISSING.
T INDICATES TRACE AMOUNT.
$$