000
CXUS51 KCLE 031456
CLMTOL
CLIMATE REPORT
NATIONAL WEATHER SERVICE CLEVELAND, OH
1056 AM EDT FRI NOV 03 2023
...................................
...THE TOLEDO OH CLIMATE SUMMARY FOR THE MONTH OF OCTOBER 2023...
CLIMATE NORMAL PERIOD 1991 TO 2020
CLIMATE RECORD PERIOD 1873 TO 2023
WEATHER OBSERVED NORMAL DEPART LAST YEAR`S
VALUE DATE(S) VALUE FROM VALUE
NORMAL
..............................................................
TEMPERATURE (F)
RECORD
HIGH 92 10/04/1951
LOW 0 10/10/2008
HIGHEST 89 10/03
LOWEST 26 10/31
AVG. MAXIMUM 64.9 65.0 -0.1 66.1
AVG. MINIMUM 47.2 44.3 2.9 42.3
MEAN 56.0 54.6 1.4 54.2
DAYS MAX >= 90 0 0.0 0.0 0
DAYS MAX <= 32 0 0.0 0.0 0
DAYS MIN <= 32 3 3.4 -0.4 0
DAYS MIN <= 0 0 0.0 0.0 0
PRECIPITATION (INCHES)
RECORD
MAXIMUM 8.49 1881
MINIMUM 0.27 2005
TOTALS 3.50 2.59 0.91 0.91
DAYS >= .01 13 10.7 2.3 9
DAYS >= .10 9 5.6 3.4 3
DAYS >= .50 3 1.6 1.4 0
DAYS >= 1.00 0 0.6 -0.6 0
GREATEST
24 HR. TOTAL 0.88 10/13 TO 10/14 0.35
SNOWFALL (INCHES)
RECORDS
TOTAL 2.0 1989
TOTALS 0.7 0.1 0.6 0.0
SINCE 7/1 0.7 0.1 0.6 0.0
DAYS >= 1.0 0 0.0 0.0 0
GREATEST
24 HR TOTAL 0.7R 10/31 TO 10/31
DEGREE DAYS
HEATING TOTAL 311 338 -27 329
SINCE 7/1 342 415 -73 396
COOLING TOTAL 39 17 22 0
SINCE 1/1 861 1019 -158 1215
..............................................................
WIND (MPH)
AVERAGE WIND SPEED 7.7
HIGHEST WIND SPEED/DIRECTION 30/290 DATE 10/06
HIGHEST GUST SPEED/DIRECTION 40/300 DATE 10/06
SKY COVER
AVERAGE SKY COVER 0.55
AVERAGE RH (PERCENT) 70
WEATHER CONDITIONS. NUMBER OF DAYS WITH
THUNDERSTORM 0 MIXED PRECIP 0
HEAVY RAIN 3 RAIN 8
LIGHT RAIN 16 FREEZING RAIN 0
LT FREEZING RAIN 0 HAIL 0
HEAVY SNOW 1 SNOW 1
LIGHT SNOW 1 SLEET 0
FOG 18 FOG W/VIS <= 1/4 MILE 2
HAZE 2
- INDICATES NEGATIVE NUMBERS.
R INDICATES RECORD WAS SET OR TIED.
MM INDICATES DATA IS MISSING.
T INDICATES TRACE AMOUNT.
$$