000
CXUS51 KCLE 011753
CLMTOL


CLIMATE REPORT
NATIONAL WEATHER SERVICE CLEVELAND OH
151 PM EDT MON JUN 1 2015

...................................

...THE TOLEDO OH CLIMATE SUMMARY FOR THE MONTH OF MAY 2015...

CLIMATE NORMAL PERIOD 1981 TO 2010
CLIMATE RECORD PERIOD 1873 TO 2015

WEATHER         OBSERVED          NORMAL  DEPART  LAST YEAR`S
                 VALUE   DATE(S)  VALUE   FROM    VALUE
                                          NORMAL
.............................................................
TEMPERATURE (F)
RECORD
 HIGH              96   05/28/2012
 LOW               25   05/04/2005
                        05/07/1974
HIGHEST            88   05/08
LOWEST             37   05/20
                        05/14
AVG. MAXIMUM     74.8              71.0     3.8     72.0
AVG. MINIMUM     52.1              48.5     3.6     49.0
MEAN             63.5              59.8     3.7     60.5
DAYS MAX >= 90      0               0.8    -0.8        0
DAYS MAX <= 32      0               0.0     0.0        0
DAYS MIN <= 32      0               0.4    -0.4        0
DAYS MIN <= 0       0               0.0     0.0        0

PRECIPITATION (INCHES)
RECORD
 MAXIMUM         8.04   1943
 MINIMUM         0.45   1881
TOTALS           4.25              3.58    0.67     1.97
DAYS >= .01        14              12.0     2.0       11
DAYS >= .10         9               7.2     1.8        8
DAYS >= .50         2               2.3    -0.3        0
DAYS >= 1.00        1               0.9     0.1        0
GREATEST
 24 HR. TOTAL    1.69   05/31 TO 05/31              0.68

SNOWFALL (INCHES)
RECORDS
 TOTAL            4.0   5
                        0
                        -26215
TOTALS            0.0               0.1    -0.1      0.0
SINCE 7/1        45.7              37.6     8.1     86.3
DAYS >= 1.0         0               0.0     0.0        0
GREATEST
 24 HR TOTAL      0.0   05/31 TO 05/31

DEGREE_DAYS
HEATING TOTAL     132               208     -76      191
 SINCE 7/1       6861              6110     751     7116
COOLING TOTAL      93                45      48       60
 SINCE 1/1         93                53      40       62
..............................................................

WIND (MPH)
AVERAGE WIND SPEED              7.6
HIGHEST WIND SPEED/DIRECTION    33/250    DATE  05/30
HIGHEST GUST SPEED/DIRECTION    40/250    DATE  05/30

SKY COVER
AVERAGE SKY COVER           0.40

AVERAGE RH (PERCENT)     69

WEATHER CONDITIONS. NUMBER OF DAYS WITH
THUNDERSTORM              0     MIXED PRECIP               0
HEAVY RAIN                7     RAIN                       9
LIGHT RAIN               18     FREEZING RAIN              0
LT FREEZING RAIN          0     HAIL                       0
HEAVY SNOW                0     SNOW                       0
LIGHT SNOW                0     SLEET                      0
FOG                      17     FOG W/VIS <= 1/4 MILE      3
HAZE                      7

-  INDICATES NEGATIVE NUMBERS.
R  INDICATES RECORD WAS SET OR TIED.
MM INDICATES DATA IS MISSING.
T  INDICATES TRACE AMOUNT.

$$
