000
CXUS51 KCLE 011930
CLMTOL


CLIMATE REPORT
NATIONAL WEATHER SERVICE CLEVELAND OH
328 PM EDT SUN JUN 1 2014

...................................

...THE TOLEDO OH CLIMATE SUMMARY FOR THE MONTH OF MAY 2014...

CLIMATE NORMAL PERIOD 1981 TO 2010
CLIMATE RECORD PERIOD 1873 TO 2014

WEATHER         OBSERVED          NORMAL  DEPART  LAST YEAR`S
                 VALUE   DATE(S)  VALUE   FROM    VALUE
                                          NORMAL
.............................................................
TEMPERATURE (F)
RECORD
 HIGH              96   05/28/2012
 LOW               25   05/04/2005
                        05/07/1974
HIGHEST            89   05/27
LOWEST             35   05/18
                        05/16
AVG. MAXIMUM     72.0              71.0     1.0     74.9
AVG. MINIMUM     49.0              48.5     0.5     50.5
MEAN             60.5              59.8     0.7     62.7
DAYS MAX >= 90      0               0.8    -0.8        1
DAYS MAX <= 32      0               0.0     0.0        0
DAYS MIN <= 32      0               0.4    -0.4        2
DAYS MIN <= 0       0               0.0     0.0        0

PRECIPITATION (INCHES)
RECORD
 MAXIMUM         8.04   1943
 MINIMUM         0.45   1881
TOTALS           1.97              3.58   -1.61     2.61
DAYS >= .01        11              12.0    -1.0        8
DAYS >= .10         8               7.2     0.8        7
DAYS >= .50         0               2.3    -2.3        2
DAYS >= 1.00        0               0.9    -0.9        0
GREATEST
 24 HR. TOTAL    0.68   05/14 TO 05/15              0.88

SNOWFALL (INCHES)
RECORDS
 TOTAL            4.0   5
                        0
                        -26215
TOTALS            0.0               0.1    -0.1      0.0
SINCE 7/1        86.3              37.6    48.7     22.4
DAYS >= 1.0         0               0.0     0.0        0
GREATEST
 24 HR TOTAL      0.0   05/31 TO 05/31

DEGREE_DAYS
HEATING TOTAL     191               208     -17      157
 SINCE 7/1       7116              6110    1006     6134
COOLING TOTAL      60                45      15       94
 SINCE 1/1         62                53       9       94
..............................................................

WIND (MPH)
AVERAGE WIND SPEED              7.9
HIGHEST WIND SPEED/DIRECTION    40/260    DATE  05/13
HIGHEST GUST SPEED/DIRECTION    49/260    DATE  05/13

SKY COVER
AVERAGE SKY COVER           0.30

AVERAGE RH (PERCENT)     65

WEATHER CONDITIONS. NUMBER OF DAYS WITH
THUNDERSTORM              0     MIXED PRECIP               0
HEAVY RAIN                4     RAIN                       4
LIGHT RAIN               14     FREEZING RAIN              0
LT FREEZING RAIN          0     HAIL                       0
HEAVY SNOW                0     SNOW                       0
LIGHT SNOW                0     SLEET                      0
FOG                       9     FOG W/VIS <= 1/4 MILE      0
HAZE                      1

-  INDICATES NEGATIVE NUMBERS.
R  INDICATES RECORD WAS SET OR TIED.
MM INDICATES DATA IS MISSING.
T  INDICATES TRACE AMOUNT.

$$
