000
CXUS51 KCLE 011557
CLMTOL


CLIMATE REPORT
NATIONAL WEATHER SERVICE CLEVELAND OH
1054 AM EST TUE MAR 1 2016

...................................

...THE TOLEDO OH CLIMATE SUMMARY FOR THE SEASON, FROM
12/1/2015 TO 2/29/2016...

CLIMATE NORMAL PERIOD 1981 TO 2010
CLIMATE RECORD PERIOD 1873 TO 2016

WEATHER         OBSERVED          NORMAL  DEPART
                 VALUE   DATE(S)  VALUE   FROM
                                          NORMAL
................................................
TEMPERATURE (F)
RECORD
 HIGH              71   02/26/2000
                        02/11/1999
                        01/25/1950
 LOW              -20   01/21/1984
HIGHEST            66   12/12
LOWEST              0   02/14
AVG. MAXIMUM     40.7              35.0     5.7
AVG. MINIMUM     25.3              20.7     4.6
MEAN             33.0              27.8     5.2
DAYS MAX >= 90      0               0.0
DAYS MAX <= 32     26              35.4
DAYS MIN <= 32     66              76.0
DAYS MIN <= 0       1               5.3

PRECIPITATION (INCHES)
RECORD
 MAXIMUM        13.35   1950
 MINIMUM         2.15   1920
TOTALS           6.20              6.80   -0.60
DAYS >= .01        34              36.0
DAYS >= .10        12              17.0
DAYS >= .50         4               3.8
DAYS >= 1.00        1               0.7

SNOWFALL (INCHES)
RECORDS
 TOTAL           73.0   2014
TOTALS           11.1              28.4
DAYS >= TRACE      24
DAYS >= 1.0         4               8.8

DEGREE_DAYS
HEATING TOTAL    2888              3344    -456
COOLING TOTAL       0                 0       0
.................................................

WIND (MPH)
HIGHEST GUST SPEED/DIRECTION    54/250    DATE  02/19

SKY COVER
POSSIBLE SUNSHINE (PERCENT)   MM
NUMBER OF DAYS FAIR           21
NUMBER OF DAYS PC             32
NUMBER OF DAYS CLOUDY         38


WEATHER CONDITIONS. NUMBER OF DAYS WITH
THUNDERSTORM              0     MIXED PRECIP               0
HEAVY RAIN                3     RAIN                       5
LIGHT RAIN               22     FREEZING RAIN              0
LT FREEZING RAIN          2     HAIL                       0
HEAVY SNOW                2     SNOW                       5
LIGHT SNOW               22     SLEET                      1
FOG                      47     FOG W/VIS <= 1/4 MILE      7
HAZE                     19

-  INDICATES NEGATIVE NUMBERS.
R  INDICATES RECORD WAS SET OR TIED.
MM INDICATES DATA IS MISSING.
T  INDICATES TRACE AMOUNT.

$$
