000
CXUS51 KCLE 011542
CLMTOL


CLIMATE REPORT
NATIONAL WEATHER SERVICE CLEVELAND OH
1037 AM EST TUE MAR 1 2016

...................................

...THE TOLEDO OH CLIMATE SUMMARY FOR THE MONTH OF FEBRUARY 2016...

CLIMATE NORMAL PERIOD 1981 TO 2010
CLIMATE RECORD PERIOD 1873 TO 2016

WEATHER         OBSERVED          NORMAL  DEPART  LAST YEAR`S
                 VALUE   DATE(S)  VALUE   FROM    VALUE
                                          NORMAL
.............................................................
TEMPERATURE (F)
RECORD
 HIGH              71   02/26/2000
                        02/11/1999
 LOW              -19   02/20/2015
HIGHEST            65   02/28
LOWEST              0   02/14
AVG. MAXIMUM     39.7              36.0     3.7     22.2
AVG. MINIMUM     23.1              20.6     2.5      2.6
MEAN             31.4              28.3     3.1     12.4
DAYS MAX >= 90      0               0.0     0.0        0
DAYS MAX <= 32      9               9.8    -0.8       24
DAYS MIN <= 32     24              24.2    -0.2       28
DAYS MIN <= 0       1               1.4    -0.4       12

PRECIPITATION (INCHES)
RECORD
 MAXIMUM         6.84   1887
 MINIMUM         0.08   1877
TOTALS           1.75              2.07   -0.32     1.57
DAYS >= .01        14              10.2     3.8       11
DAYS >= .10         3               5.0    -2.0        7
DAYS >= .50         1               1.1    -0.1        1
DAYS >= 1.00        0               0.3    -0.3        0
GREATEST
 24 HR. TOTAL    0.86   02/24 TO 02/25              0.67

SNOWFALL (INCHES)
RECORDS
 TOTAL           26.3   2011
TOTALS            5.2               9.4    -4.2     25.3
SINCE 7/1        14.6              30.5   -15.9     40.3
DAYS >= 1.0         1               3.0    -2.0        7
GREATEST
 24 HR TOTAL      2.8   MM

DEGREE_DAYS
HEATING TOTAL     966              1027     -61     1463
 SINCE 7/1       3898              4609    -711     5256
COOLING TOTAL       0                 0       0        0
 SINCE 1/1          0                 0       0        0
..............................................................

WIND (MPH)
AVERAGE WIND SPEED              10.9
HIGHEST WIND SPEED/DIRECTION    41/260    DATE  02/19
HIGHEST GUST SPEED/DIRECTION    54/250    DATE  02/19

SKY COVER
AVERAGE SKY COVER           0.60

AVERAGE RH (PERCENT)     70

WEATHER CONDITIONS. NUMBER OF DAYS WITH
THUNDERSTORM              0     MIXED PRECIP               0
HEAVY RAIN                0     RAIN                       0
LIGHT RAIN                4     FREEZING RAIN              0
LT FREEZING RAIN          1     HAIL                       0
HEAVY SNOW                0     SNOW                       4
LIGHT SNOW               11     SLEET                      0
FOG                      14     FOG W/VIS <= 1/4 MILE      0
HAZE                      8

-  INDICATES NEGATIVE NUMBERS.
R  INDICATES RECORD WAS SET OR TIED.
MM INDICATES DATA IS MISSING.
T  INDICATES TRACE AMOUNT.

$$
