000
CXUS51 KCLE 021327
CLMTOL


CLIMATE REPORT
NATIONAL WEATHER SERVICE CLEVELAND OH
827 AM EST SUN NOV 2 2014

...................................

...THE TOLEDO OH CLIMATE SUMMARY FOR THE MONTH OF OCTOBER 2014...

CLIMATE NORMAL PERIOD 1981 TO 2010
CLIMATE RECORD PERIOD 1873 TO 2014

WEATHER         OBSERVED          NORMAL  DEPART  LAST YEAR`S
                 VALUE   DATE(S)  VALUE   FROM    VALUE
                                          NORMAL
.............................................................
TEMPERATURE (F)
RECORD
 HIGH              92   10/04/1951
 LOW                0   10/10/2008
HIGHEST            78   10/27
LOWEST             31   10/30
                        10/23
                        10/12
AVG. MAXIMUM     61.0              62.8    -1.8     63.0
AVG. MINIMUM     41.9              41.8     0.1     42.7
MEAN             51.5              52.3    -0.8     52.9
DAYS MAX >= 90      0               0.0     0.0        0
DAYS MAX <= 32      0               0.0     0.0        0
DAYS MIN <= 32      3               3.9    -0.9        6
DAYS MIN <= 0       0               0.0     0.0        0

PRECIPITATION (INCHES)
RECORD
 MAXIMUM         8.49   1881
 MINIMUM         0.27   2005
TOTALS           2.22              2.60   -0.38     3.64
DAYS >= .01        13              10.0     3.0       11
DAYS >= .10         8               5.3     2.7        7
DAYS >= .50         0               1.5    -1.5        3
DAYS >= 1.00        0               0.5    -0.5        1
GREATEST
 24 HR. TOTAL    0.65   10/02 TO 10/03              1.23

SNOWFALL (INCHES)
RECORDS
 TOTAL            2.0   5
                        0
                        -26215
TOTALS            0.0               0.2    -0.2      0.0
SINCE 7/1         0.0               0.2    -0.2      0.0
DAYS >= 1.0         0               0.1    -0.1        0
GREATEST
 24 HR TOTAL      0.0   10/30 TO 10/30

DEGREE_DAYS
HEATING TOTAL     412               402      10      390
 SINCE 7/1        551               526      25      537
COOLING TOTAL       0                 9      -9       21
 SINCE 1/1        654               793    -139      793
..............................................................

WIND (MPH)
AVERAGE WIND SPEED              7.3
HIGHEST WIND SPEED/DIRECTION    32/210    DATE  10/27
HIGHEST GUST SPEED/DIRECTION    43/220    DATE  10/27

SKY COVER
AVERAGE SKY COVER           0.50

AVERAGE RH (PERCENT)     72

WEATHER CONDITIONS. NUMBER OF DAYS WITH
THUNDERSTORM              0     MIXED PRECIP               0
HEAVY RAIN                4     RAIN                       9
LIGHT RAIN               17     FREEZING RAIN              0
LT FREEZING RAIN          1     HAIL                       0
HEAVY SNOW                0     SNOW                       0
LIGHT SNOW                1     SLEET                      0
FOG                      19     FOG W/VIS <= 1/4 MILE      7
HAZE                      7

-  INDICATES NEGATIVE NUMBERS.
R  INDICATES RECORD WAS SET OR TIED.
MM INDICATES DATA IS MISSING.
T  INDICATES TRACE AMOUNT.

$$
