000
CXUS51 KCLE 011926
CLMTOL


CLIMATE REPORT
NATIONAL WEATHER SERVICE CLEVELAND OH
320 PM EDT TUE APR 1 2014

...................................

...THE TOLEDO OH CLIMATE SUMMARY FOR THE MONTH OF MARCH 2014...

CLIMATE NORMAL PERIOD 1981 TO 2010
CLIMATE RECORD PERIOD 1873 TO 2014

WEATHER         OBSERVED          NORMAL  DEPART  LAST YEAR`S
                 VALUE   DATE(S)  VALUE   FROM    VALUE
                                          NORMAL
.............................................................
TEMPERATURE (F)
RECORD
 HIGH              85   03/21/2012
 LOW              -10   03/12/1948
HIGHEST            63   03/31
LOWEST             -4   03/13
                        03/04
                        03/03
AVG. MAXIMUM     38.2              46.9    -8.7     41.0
AVG. MINIMUM     19.0              28.3    -9.3     25.8
MEAN             28.6              37.6    -9.0     33.4
DAYS MAX >= 90      0               0.0     0.0        0
DAYS MAX <= 32      9               3.4     5.6        6
DAYS MIN <= 32     28              20.2     7.8       28
DAYS MIN <= 0       3               0.0     3.0        0

PRECIPITATION (INCHES)
RECORD
 MAXIMUM         7.99   1913
 MINIMUM         0.05   1910
TOTALS           1.39              2.48   -1.09     0.73
DAYS >= .01        10              11.8    -1.8        6
DAYS >= .10         4               6.6    -2.6        3
DAYS >= .50         1               1.3    -0.3        0
DAYS >= 1.00        0               0.3    -0.3        0
GREATEST
 24 HR. TOTAL    0.73   03/12 TO 03/12              0.27

SNOWFALL (INCHES)
RECORDS
 TOTAL           17.7   5
                        0
                        -26215
TOTALS           11.8               5.7     6.1      1.4
SINCE 7/1        85.3              36.2    49.1     22.1
DAYS >= 1.0         4               1.8     2.2        1
GREATEST
 24 HR TOTAL      7.0R  03/12 TO 03/12

DEGREE_DAYS
HEATING TOTAL    1118               850     268      971
 SINCE 7/1       6444              5426    1018     5427
COOLING TOTAL       0                 0       0        0
 SINCE 1/1          0                 0       0        0
..............................................................

WIND (MPH)
AVERAGE WIND SPEED              9.0
HIGHEST WIND SPEED/DIRECTION    38/250    DATE  03/28
HIGHEST GUST SPEED/DIRECTION    48/240    DATE  03/28

SKY COVER
AVERAGE SKY COVER           0.50

AVERAGE RH (PERCENT)     69

WEATHER CONDITIONS. NUMBER OF DAYS WITH
THUNDERSTORM              0     MIXED PRECIP               1
HEAVY RAIN                0     RAIN                       0
LIGHT RAIN                6     FREEZING RAIN              0
LT FREEZING RAIN          0     HAIL                       0
HEAVY SNOW                0     SNOW                       1
LIGHT SNOW                7     SLEET                      0
FOG                      11     FOG W/VIS <= 1/4 MILE      1
HAZE                      4

-  INDICATES NEGATIVE NUMBERS.
R  INDICATES RECORD WAS SET OR TIED.
MM INDICATES DATA IS MISSING.
T  INDICATES TRACE AMOUNT.

$$
