000
CXUS51 KCLE 022020
CLMTOL


CLIMATE REPORT
NATIONAL WEATHER SERVICE CLEVELAND OH
314 PM EST MON JAN 2 2017

...................................

...THE TOLEDO OH CLIMATE SUMMARY FOR THE MONTH OF DECEMBER 2016...

CLIMATE NORMAL PERIOD 1981 TO 2010
CLIMATE RECORD PERIOD 1873 TO 2017

WEATHER         OBSERVED          NORMAL  DEPART  LAST YEAR`S
                 VALUE   DATE(S)  VALUE   FROM    VALUE
                                          NORMAL
.............................................................
TEMPERATURE (F)
RECORD
 HIGH              70   12/05/2001
                        12/29/1889
 LOW              -19   12/22/1989
HIGHEST            61   12/26
LOWEST             -6   12/19
AVG. MAXIMUM     33.3              36.4    -3.1     47.9
AVG. MINIMUM     21.6              23.1    -1.5     33.9
MEAN             27.5              29.7    -2.2     40.9
DAYS MAX >= 90      0               0.0     0.0        0
DAYS MAX <= 32     12              10.5     1.5        2
DAYS MIN <= 32     25              24.8     0.2       14
DAYS MIN <= 0       1               1.0     0.0        0

PRECIPITATION (INCHES)
RECORD
 MAXIMUM         6.81   1967
 MINIMUM         0.33   1919
TOTALS           2.48              2.68   -0.20     2.98
DAYS >= .01        15              13.1     1.9        9
DAYS >= .10         6               6.6    -0.6        6
DAYS >= .50         2               1.5     0.5        2
DAYS >= 1.00        0               0.3    -0.3        1
GREATEST
 24 HR. TOTAL    0.90   12/11 TO 12/11              1.03

SNOWFALL (INCHES)
RECORDS
 TOTAL           26.0   2000
TOTALS           13.2               7.4     5.8        T
SINCE 7/1        13.2               9.5     3.7      3.5
DAYS >= 1.0         1               2.3    -1.3        0
GREATEST
 24 HR TOTAL     10.2R  12/11

DEGREE_DAYS
HEATING TOTAL    1158              1092      66      740
 SINCE 7/1       2082              2325    -243     1750
COOLING TOTAL       0                 0       0        0
 SINCE 1/1       1037               793     244      719
..............................................................

WIND (MPH)
AVERAGE WIND SPEED              10.7
HIGHEST WIND SPEED/DIRECTION    31/230    DATE  12/31
HIGHEST GUST SPEED/DIRECTION    42/260    DATE  12/26

SKY COVER
AVERAGE SKY COVER           0.70

AVERAGE RH (PERCENT)     82

WEATHER CONDITIONS. NUMBER OF DAYS WITH
THUNDERSTORM              0     MIXED PRECIP               0
HEAVY RAIN                1     RAIN                       2
LIGHT RAIN                7     FREEZING RAIN              0
LT FREEZING RAIN          1     HAIL                       0
HEAVY SNOW                0     SNOW                       1
LIGHT SNOW               15     SLEET                      0
FOG                      23     FOG W/VIS <= 1/4 MILE      1
HAZE                      3

-  INDICATES NEGATIVE NUMBERS.
R  INDICATES RECORD WAS SET OR TIED.
MM INDICATES DATA IS MISSING.
T  INDICATES TRACE AMOUNT.

$$
