000
CXUS51 KCLE 010530
CLMTOL


CLIMATE REPORT
NATIONAL WEATHER SERVICE CLEVELAND OH
1230 AM EST SAT MAR 1 2014

...................................

...THE TOLEDO OH CLIMATE SUMMARY FOR THE MONTH OF FEBRUARY 2014...

CLIMATE NORMAL PERIOD 1981 TO 2010
CLIMATE RECORD PERIOD 1873 TO 2014

WEATHER         OBSERVED          NORMAL  DEPART  LAST YEAR`S
                 VALUE   DATE(S)  VALUE   FROM    VALUE
                                          NORMAL
.............................................................
TEMPERATURE (F)
RECORD
 HIGH              71   02/26/2000
                        02/11/1999
 LOW              -16   02/11/1885
HIGHEST            52   02/20
LOWEST            -14   02/12
AVG. MAXIMUM     26.7              36.0    -9.3     33.7
AVG. MINIMUM      8.6              20.6   -12.0     19.8
MEAN             17.7              28.3   -10.6     26.8
DAYS MAX >= 90      0               0.0     0.0        0
DAYS MAX <= 32     22               9.8    12.2       12
DAYS MIN <= 32     27              24.2     2.8       28
DAYS MIN <= 0       9               1.4     7.6        0

PRECIPITATION (INCHES)
RECORD
 MAXIMUM         6.84   1887
 MINIMUM         0.08   1877
TOTALS           3.89              2.07    1.82     2.82
DAYS >= .01        11              10.2     0.8       13
DAYS >= .10         6               5.0     1.0        7
DAYS >= .50         2               1.1     0.9        1
DAYS >= 1.00        1               0.3     0.7        1
GREATEST
 24 HR. TOTAL    1.74   02/20 TO 02/20              1.41

SNOWFALL (INCHES)
RECORDS
 TOTAL           26.3   2011
TOTALS           21.6               9.4    12.2     12.4
SINCE 7/1        73.5              30.5    43.0     22.5
DAYS >= 1.0         6               3.0     3.0        4
GREATEST
 24 HR TOTAL      7.2   MM

DEGREE_DAYS
HEATING TOTAL    1317              1027     290     1064
 SINCE 7/1       5326              4576     750     4456
COOLING TOTAL       0                 0       0        0
 SINCE 1/1          0                 0       0        0
..............................................................

WIND (MPH)
AVERAGE WIND SPEED              8.9
HIGHEST WIND SPEED/DIRECTION    35/240    DATE  02/21
HIGHEST GUST SPEED/DIRECTION    51/240    DATE  02/21

SKY COVER
AVERAGE SKY COVER           0.50

AVERAGE RH (PERCENT)     74

WEATHER CONDITIONS. NUMBER OF DAYS WITH
THUNDERSTORM              0     MIXED PRECIP               0
HEAVY RAIN                1     RAIN                       1
LIGHT RAIN                2     FREEZING RAIN              1
LT FREEZING RAIN          0     HAIL                       0
HEAVY SNOW                2     SNOW                       3
LIGHT SNOW               16     SLEET                      0
FOG                      16     FOG W/VIS <= 1/4 MILE      4
HAZE                      8

-  INDICATES NEGATIVE NUMBERS.
R  INDICATES RECORD WAS SET OR TIED.
MM INDICATES DATA IS MISSING.
T  INDICATES TRACE AMOUNT.

$$
