000
CXUS51 KCLE 021259
CLMTOL


CLIMATE REPORT
NATIONAL WEATHER SERVICE CLEVELAND OH
759 AM EST MON DEC 2 2013

...................................

...THE TOLEDO OH CLIMATE SUMMARY FOR THE MONTH OF NOVEMBER 2013...

CLIMATE NORMAL PERIOD 1981 TO 2010
CLIMATE RECORD PERIOD 1873 TO 2013

WEATHER         OBSERVED          NORMAL  DEPART  LAST YEAR`S
                 VALUE   DATE(S)  VALUE   FROM    VALUE
                                          NORMAL
.............................................................
TEMPERATURE (F)
RECORD
 HIGH              80   11/04/2003
                        11/01/1950
 LOW                2   11/30/1958
HIGHEST            66   11/17
LOWEST             13   11/24
AVG. MAXIMUM     45.2              49.7    -4.5     48.9
AVG. MINIMUM     30.3              33.2    -2.9     29.1
MEAN             37.7              41.4    -3.7     39.0
DAYS MAX >= 90      0               0.0     0.0        0
DAYS MAX <= 32      4               1.1     2.9        0
DAYS MIN <= 32     18              14.7     3.3       24
DAYS MIN <= 0       0               0.0     0.0        0

PRECIPITATION (INCHES)
RECORD
 MAXIMUM         7.15   2011
 MINIMUM         0.04   1904
TOTALS           1.36              2.86   -1.50     0.99
DAYS >= .01         8              11.4    -3.4        4
DAYS >= .10         4               6.2    -2.2        2
DAYS >= .50         0               1.8    -1.8        1
DAYS >= 1.00        0               0.6    -0.6        0
GREATEST
 24 HR. TOTAL    1.00   10/31 TO 11/01              0.79

SNOWFALL (INCHES)
RECORDS
 TOTAL           17.9   5
                        0
                        -26215
TOTALS            0.5               1.9    -1.4        T
SINCE 7/1         0.5               2.1    -1.6        T
DAYS >= 1.0         0               0.7    -0.7        0
GREATEST
 24 HR TOTAL      0.5R  11/11 TO 11/11

DEGREE_DAYS
HEATING TOTAL     811               707     104      775
 SINCE 7/1       1348              1233     115     1337
COOLING TOTAL       0                 0       0        0
 SINCE 1/1        793               793       0      998
..............................................................

WIND (MPH)
AVERAGE WIND SPEED              9.4
HIGHEST WIND SPEED/DIRECTION    41/250    DATE  11/17
HIGHEST GUST SPEED/DIRECTION    56/250    DATE  11/17

SKY COVER
AVERAGE SKY COVER           0.50

AVERAGE RH (PERCENT)     68

WEATHER CONDITIONS. NUMBER OF DAYS WITH
THUNDERSTORM              0     MIXED PRECIP               0
HEAVY RAIN                1     RAIN                       4
LIGHT RAIN                8     FREEZING RAIN              0
LT FREEZING RAIN          0     HAIL                       0
HEAVY SNOW                0     SNOW                       0
LIGHT SNOW                4     SLEET                      0
FOG                       7     FOG W/VIS <= 1/4 MILE      0
HAZE                      2

-  INDICATES NEGATIVE NUMBERS.
R  INDICATES RECORD WAS SET OR TIED.
MM INDICATES DATA IS MISSING.
T  INDICATES TRACE AMOUNT.

$$
