000
CXUS51 KCLE 031142
CLMTOL


CLIMATE REPORT
NATIONAL WEATHER SERVICE CLEVELAND OH
738 AM EDT THU OCT 3 2013

...................................

...THE TOLEDO OH CLIMATE SUMMARY FOR THE MONTH OF SEPTEMBER 2013...

CLIMATE NORMAL PERIOD 1981 TO 2010
CLIMATE RECORD PERIOD 1873 TO 2013

WEATHER         OBSERVED          NORMAL  DEPART  LAST YEAR`S
                 VALUE   DATE(S)  VALUE   FROM    VALUE
                                          NORMAL
.............................................................
TEMPERATURE (F)
RECORD
 HIGH             100   09/02/1953
                        09/01/1953
                        09/15/1939
 LOW               28   09/23/1974
HIGHEST            97   09/10
LOWEST             39   09/24
                        09/14
AVG. MAXIMUM     75.5              75.4     0.1     73.4
AVG. MINIMUM     52.1              52.8    -0.7     51.0
MEAN             63.8              64.1    -0.3     62.2
DAYS MAX >= 90      2               0.9     1.1        0
DAYS MAX <= 32      0               0.0     0.0        0
DAYS MIN <= 32      0               0.1    -0.1        0
DAYS MIN <= 0       0               0.0     0.0        0

PRECIPITATION (INCHES)
RECORD
 MAXIMUM         8.10   1972
 MINIMUM         0.37   1946
TOTALS           1.97              2.78   -0.81     2.58
DAYS >= .01         9               9.7    -0.7       13
DAYS >= .10         7               5.4     1.6       10
DAYS >= .50         1               1.7    -0.7        1
DAYS >= 1.00        0               0.5    -0.5        0
GREATEST
 24 HR. TOTAL    0.52   09/09 TO 09/09              0.64
                        09/08 TO 09/09
                        09/09 TO 09/09

SNOWFALL (INCHES)
RECORDS
 TOTAL              T   5
                        0

TOTALS            0.0               0.0     0.0      0.0
SINCE 7/1         0.0               0.0     0.0      0.0
DAYS >= 1.0         0               0.0     0.0        0
GREATEST
 24 HR TOTAL      0.0   09/30 TO 09/30

DEGREE_DAYS
HEATING TOTAL     118               110       8      145
 SINCE 7/1        147               124      23      148
COOLING TOTAL      90                82       8       67
 SINCE 1/1        772               784     -12      992
..............................................................

WIND (MPH)
AVERAGE WIND SPEED              5.1
HIGHEST WIND SPEED/DIRECTION    28/360    DATE  09/12
HIGHEST GUST SPEED/DIRECTION    37/350    DATE  09/12

SKY COVER
AVERAGE SKY COVER           0.30

AVERAGE RH (PERCENT)     72

WEATHER CONDITIONS. NUMBER OF DAYS WITH
THUNDERSTORM              0     MIXED PRECIP               0
HEAVY RAIN                3     RAIN                       5
LIGHT RAIN               11     FREEZING RAIN              0
LT FREEZING RAIN          0     HAIL                       0
HEAVY SNOW                0     SNOW                       0
LIGHT SNOW                0     SLEET                      0
FOG                      21     FOG W/VIS <= 1/4 MILE      4
HAZE                      3

-  INDICATES NEGATIVE NUMBERS.
R  INDICATES RECORD WAS SET OR TIED.
MM INDICATES DATA IS MISSING.
T  INDICATES TRACE AMOUNT.

$$
