079
CXUS51 KCLE 012307
CLMTOL


CLIMATE REPORT
NATIONAL WEATHER SERVICE CLEVELAND OH
657 PM EDT THU SEP 1 2016

...................................

...THE TOLEDO OH CLIMATE SUMMARY FOR THE MONTH OF AUGUST 2016...

CLIMATE NORMAL PERIOD 1981 TO 2010
CLIMATE RECORD PERIOD 1873 TO 2016

WEATHER         OBSERVED          NORMAL  DEPART  LAST YEAR`S
                 VALUE   DATE(S)  VALUE   FROM    VALUE
                                          NORMAL
.............................................................
TEMPERATURE (F)
RECORD
 HIGH             103   08/06/1918
 LOW               34   08/29/1982
HIGHEST            94   08/10
LOWEST             53   08/23
AVG. MAXIMUM     85.4              82.2     3.2     80.3
AVG. MINIMUM     64.7              60.9     3.8     59.6
MEAN             75.1              71.5     3.6     69.9
DAYS MAX >= 90      7               3.2     3.8        0
DAYS MAX <= 32      0               0.0     0.0        0
DAYS MIN <= 32      0               0.0     0.0        0
DAYS MIN <= 0       0               0.0     0.0        0

PRECIPITATION (INCHES)
RECORD
 MAXIMUM         8.47   1965
 MINIMUM         0.40   1976
TOTALS           4.89              3.15    1.74     3.05
DAYS >= .01        12               9.2     2.8       11
DAYS >= .10        10               5.9     4.1        7
DAYS >= .50         5               2.2     2.8        2
DAYS >= 1.00        1               0.7     0.3        0
GREATEST
 24 HR. TOTAL    1.29   08/27 TO 08/27              1.08

SNOWFALL (INCHES)
RECORDS
 TOTAL            0.0
TOTALS            0.0               0.0     0.0      0.0
SINCE 7/1         0.0               0.0     0.0      0.0
DAYS >= 1.0         0               0.0     0.0        0
GREATEST
 24 HR TOTAL      0.0

DEGREE_DAYS
HEATING TOTAL       0                11     -11       10
 SINCE 7/1          1                14     -13       12
COOLING TOTAL     321               214     107      170
 SINCE 1/1        889               702     187      581
..............................................................

WIND (MPH)
AVERAGE WIND SPEED              5.4
HIGHEST WIND SPEED/DIRECTION    47/270    DATE  08/27
HIGHEST GUST SPEED/DIRECTION    62/270    DATE  08/27

SKY COVER
AVERAGE SKY COVER           0.20

AVERAGE RH (PERCENT)     77

WEATHER CONDITIONS. NUMBER OF DAYS WITH
THUNDERSTORM              0     MIXED PRECIP               0
HEAVY RAIN                7     RAIN                       9
LIGHT RAIN               11     FREEZING RAIN              0
LT FREEZING RAIN          0     HAIL                       0
HEAVY SNOW                0     SNOW                       0
LIGHT SNOW                0     SLEET                      0
FOG                      18     FOG W/VIS <= 1/4 MILE      3
HAZE                      0

-  INDICATES NEGATIVE NUMBERS.
R  INDICATES RECORD WAS SET OR TIED.
MM INDICATES DATA IS MISSING.
T  INDICATES TRACE AMOUNT.

$$
