000
CXUS51 KCLE 012024
CLMTOL


CLIMATE REPORT
NATIONAL WEATHER SERVICE CLEVELAND OH
321 PM EST WED FEB 1 2017

...................................

...THE TOLEDO OH CLIMATE SUMMARY FOR THE MONTH OF JANUARY 2017...

CLIMATE NORMAL PERIOD 1981 TO 2010
CLIMATE RECORD PERIOD 1873 TO 2017

WEATHER         OBSERVED          NORMAL  DEPART  LAST YEAR`S
                 VALUE   DATE(S)  VALUE   FROM    VALUE
                                          NORMAL
.............................................................
TEMPERATURE (F)
RECORD
 HIGH              71   01/25/1950
                        01/13/1890
 LOW              -20   01/21/1984
HIGHEST            62   01/22
LOWEST             -2   01/07
AVG. MAXIMUM     37.9              32.6     5.3     34.4
AVG. MINIMUM     24.9              18.4     6.5     18.8
MEAN             31.4              25.5     5.9     26.6
DAYS MAX >= 90      0               0.0     0.0        0
DAYS MAX <= 32     12              15.0    -3.0       15
DAYS MIN <= 32     21              27.0    -6.0       28
DAYS MIN <= 0       1               2.9    -1.9        0

PRECIPITATION (INCHES)
RECORD
 MAXIMUM         6.63   1913
 MINIMUM         0.27   1961
TOTALS           4.15              2.05    2.10     1.47
DAYS >= .01        21              12.7     8.3       11
DAYS >= .10         6               5.4     0.6        3
DAYS >= .50         4               1.2     2.8        1
DAYS >= 1.00        1               0.1     0.9        0
GREATEST
 24 HR. TOTAL    1.01   01/11 TO 01/12              0.56

SNOWFALL (INCHES)
RECORDS
 TOTAL           40.2   2014
TOTALS            2.8              11.6    -8.8      5.9
SINCE 7/1        16.0              21.1    -5.1      9.4
DAYS >= 1.0         0               3.5    -3.5        3
GREATEST
 24 HR TOTAL      0.7   01/29 TO 01/29

DEGREE_DAYS
HEATING TOTAL    1032              1224    -192     1182
 SINCE 7/1       3114              3549    -435     2932
COOLING TOTAL       0                 0       0        0
 SINCE 1/1          0                 0       0        0
..............................................................

WIND (MPH)
AVERAGE WIND SPEED              9.8
HIGHEST WIND SPEED/DIRECTION    43/250    DATE  01/10
HIGHEST GUST SPEED/DIRECTION    55/240    DATE  01/10

SKY COVER
AVERAGE SKY COVER           0.70

AVERAGE RH (PERCENT)     85

WEATHER CONDITIONS. NUMBER OF DAYS WITH
THUNDERSTORM              0     MIXED PRECIP               0
HEAVY RAIN                3     RAIN                       6
LIGHT RAIN               15     FREEZING RAIN              1
LT FREEZING RAIN          1     HAIL                       0
HEAVY SNOW                0     SNOW                       0
LIGHT SNOW               13     SLEET                      0
FOG                      27     FOG W/VIS <= 1/4 MILE      5
HAZE                      4

-  INDICATES NEGATIVE NUMBERS.
R  INDICATES RECORD WAS SET OR TIED.
MM INDICATES DATA IS MISSING.
T  INDICATES TRACE AMOUNT.

$$
