000
CXUS51 KCLE 021816
CLMTOL


CLIMATE REPORT
NATIONAL WEATHER SERVICE CLEVELAND OH
150 PM EDT SAT SEP 2 2017

...................................

...THE TOLEDO OH CLIMATE SUMMARY FOR THE SEASON, FROM
6/1/2017 TO 8/31/2017...

CLIMATE NORMAL PERIOD 1981 TO 2010
CLIMATE RECORD PERIOD 1873 TO 2017

WEATHER         OBSERVED          NORMAL  DEPART
                 VALUE   DATE(S)  VALUE   FROM
                                          NORMAL
................................................
TEMPERATURE (F)
RECORD
 HIGH             105   07/14/1936
 LOW               32   06/11/1972
HIGHEST            96   06/13
LOWEST             47   06/28
                        06/01
                        06/08
AVG. MAXIMUM     81.3              82.5    -1.2
AVG. MINIMUM     59.4              60.6    -1.2
MEAN             70.4              71.5    -1.1
DAYS MAX >= 90      5              12.6
DAYS MAX <= 32      0               0.0
DAYS MIN <= 32      0               0.0
DAYS MIN <= 0       0               0.0

PRECIPITATION (INCHES)
RECORD
 MAXIMUM        16.64   1989
 MINIMUM         2.78   1894
TOTALS           8.94              9.95   -1.01
DAYS >= .01        29              29.2
DAYS >= .10        17              17.9
DAYS >= .50         5               6.8
DAYS >= 1.00        2               2.2

SNOWFALL (INCHES)
RECORDS
 TOTAL             MM   MM
TOTALS            0.0               0.0
DAYS >= TRACE       0
DAYS >= 1.0         0               0.0

DEGREE_DAYS
HEATING TOTAL      35                49     -14
COOLING TOTAL     548               649    -101
.................................................

WIND (MPH)
HIGHEST GUST SPEED/DIRECTION    45/190    DATE  08/03

SKY COVER
POSSIBLE SUNSHINE (PERCENT)   MM
NUMBER OF DAYS FAIR           64
NUMBER OF DAYS PC             25
NUMBER OF DAYS CLOUDY          3


WEATHER CONDITIONS. NUMBER OF DAYS WITH
THUNDERSTORM              0     MIXED PRECIP               0
HEAVY RAIN               14     RAIN                      17
LIGHT RAIN               33     FREEZING RAIN              0
LT FREEZING RAIN          0     HAIL                       0
HEAVY SNOW                0     SNOW                       0
LIGHT SNOW                0     SLEET                      0
FOG                      43     FOG W/VIS <= 1/4 MILE      2
HAZE                      2

-  INDICATES NEGATIVE NUMBERS.
R  INDICATES RECORD WAS SET OR TIED.
MM INDICATES DATA IS MISSING.
T  INDICATES TRACE AMOUNT.

$$
