770
CXUS51 KCLE 021904
CLMTOL


CLIMATE REPORT
NATIONAL WEATHER SERVICE CLEVELAND OH
302 PM EDT THU JUN 2 2016

...................................

...THE TOLEDO OH CLIMATE SUMMARY FOR THE MONTH OF MAY 2016...

CLIMATE NORMAL PERIOD 1981 TO 2010
CLIMATE RECORD PERIOD 1873 TO 2016

WEATHER         OBSERVED          NORMAL  DEPART  LAST YEAR`S
                 VALUE   DATE(S)  VALUE   FROM    VALUE
                                          NORMAL
.............................................................
TEMPERATURE (F)
RECORD
 HIGH              96   05/28/2012
 LOW               25   05/04/2005
                        05/07/1974
HIGHEST            91   05/28
LOWEST             36   05/15
AVG. MAXIMUM     71.4              71.0     0.4     74.8
AVG. MINIMUM     48.2              48.5    -0.3     52.1
MEAN             59.8              59.8     0.0     63.5
DAYS MAX >= 90      2               0.8     1.2        0
DAYS MAX <= 32      0               0.0     0.0        0
DAYS MIN <= 32      0               0.4    -0.4        0
DAYS MIN <= 0       0               0.0     0.0        0

PRECIPITATION (INCHES)
RECORD
 MAXIMUM         8.04   1943
 MINIMUM         0.45   1881
TOTALS           1.44              3.58   -2.14     4.25
DAYS >= .01        12              12.0     0.0       14
DAYS >= .10         5               7.2    -2.2        9
DAYS >= .50         0               2.3    -2.3        2
DAYS >= 1.00        0               0.9    -0.9        1
GREATEST
 24 HR. TOTAL    0.71   04/30 TO 05/01              1.69

SNOWFALL (INCHES)
RECORDS
 TOTAL            4.0   5
TOTALS            0.0               0.1    -0.1      0.0
SINCE 7/1        26.4              37.6   -11.2     45.7
DAYS >= 1.0         0               0.0     0.0        0
GREATEST
 24 HR TOTAL      0.0   05/31 TO 05/31

DEGREE_DAYS
HEATING TOTAL     224               208      16      132
 SINCE 7/1       5344              6110    -766     6861
COOLING TOTAL      69                45      24       93
 SINCE 1/1         69                53      16       93
..............................................................

WIND (MPH)
AVERAGE WIND SPEED              7.6
HIGHEST WIND SPEED/DIRECTION    28/250    DATE  05/16
HIGHEST GUST SPEED/DIRECTION    36/230    DATE  05/16

SKY COVER
AVERAGE SKY COVER           0.40

AVERAGE RH (PERCENT)     65

WEATHER CONDITIONS. NUMBER OF DAYS WITH
THUNDERSTORM              0     MIXED PRECIP               0
HEAVY RAIN                3     RAIN                       4
LIGHT RAIN               13     FREEZING RAIN              0
LT FREEZING RAIN          0     HAIL                       0
HEAVY SNOW                0     SNOW                       0
LIGHT SNOW                0     SLEET                      0
FOG                      11     FOG W/VIS <= 1/4 MILE      0
HAZE                      0

-  INDICATES NEGATIVE NUMBERS.
R  INDICATES RECORD WAS SET OR TIED.
MM INDICATES DATA IS MISSING.
T  INDICATES TRACE AMOUNT.

$$
