000
CXUS51 KCLE 051802
CLMTOL


CLIMATE REPORT
NATIONAL WEATHER SERVICE CLEVELAND OH
101 PM EST THU FEB 5 2015

...................................

...THE TOLEDO OH CLIMATE SUMMARY FOR THE MONTH OF JANUARY 2015...

CLIMATE NORMAL PERIOD 1981 TO 2010
CLIMATE RECORD PERIOD 1873 TO 2015

WEATHER         OBSERVED          NORMAL  DEPART  LAST YEAR`S
                 VALUE   DATE(S)  VALUE   FROM    VALUE
                                          NORMAL
.............................................................
TEMPERATURE (F)
RECORD
 HIGH              71   01/25/1950
                        01/13/1890
 LOW              -20   01/21/1984
HIGHEST            43   01/17
LOWEST             -6   01/13
AVG. MAXIMUM     28.0              32.6    -4.6     24.9
AVG. MINIMUM     13.4              18.4    -5.0      7.1
MEAN             20.7              25.5    -4.8     16.0
DAYS MAX >= 90      0               0.0     0.0        0
DAYS MAX <= 32     21              15.0     6.0       23
DAYS MIN <= 32     30              27.0     3.0       29
DAYS MIN <= 0       5               2.9     2.1       12

PRECIPITATION (INCHES)
RECORD
 MAXIMUM         6.63   1913
 MINIMUM         0.27   1961
TOTALS           2.05              2.05    0.00     3.29
DAYS >= .01        13              12.7     0.3       21
DAYS >= .10         7               5.4     1.6       10
DAYS >= .50         1               1.2    -0.2        1
DAYS >= 1.00        0               0.1    -0.1        0
GREATEST
 24 HR. TOTAL    0.93   01/03 TO 01/04              1.07

SNOWFALL (INCHES)
RECORDS
 TOTAL           40.2   2014
TOTALS           12.2              11.6     0.6     40.2
SINCE 7/1        15.0              21.1    -6.1     51.9
DAYS >= 1.0         5               3.5     1.5       12
GREATEST
 24 HR TOTAL      2.8   MM

DEGREE_DAYS
HEATING TOTAL    1367              1224     143     1510
 SINCE 7/1       3793              3549     244     4009
COOLING TOTAL       0                 0       0        0
 SINCE 1/1          0                 0       0        0
..............................................................

WIND (MPH)
AVERAGE WIND SPEED              9.1
HIGHEST WIND SPEED/DIRECTION    30/250    DATE  01/01
HIGHEST GUST SPEED/DIRECTION    39/290    DATE  01/09

SKY COVER
AVERAGE SKY COVER           0.60

AVERAGE RH (PERCENT)     76

WEATHER CONDITIONS. NUMBER OF DAYS WITH
THUNDERSTORM              0     MIXED PRECIP               0
HEAVY RAIN                0     RAIN                       3
LIGHT RAIN                4     FREEZING RAIN              1
LT FREEZING RAIN          2     HAIL                       0
HEAVY SNOW                2     SNOW                       4
LIGHT SNOW               17     SLEET                      0
FOG                      24     FOG W/VIS <= 1/4 MILE      5
HAZE                     13

-  INDICATES NEGATIVE NUMBERS.
R  INDICATES RECORD WAS SET OR TIED.
MM INDICATES DATA IS MISSING.
T  INDICATES TRACE AMOUNT.

$$
