000
CXUS51 KCLE 090027
CLMTOL


CLIMATE REPORT
NATIONAL WEATHER SERVICE CLEVELAND OH
826 PM EDT FRI AUG 8 2014

...................................

...THE TOLEDO OH CLIMATE SUMMARY FOR THE MONTH OF JULY 2014...

CLIMATE NORMAL PERIOD 1981 TO 2010
CLIMATE RECORD PERIOD 1873 TO 2014

WEATHER         OBSERVED          NORMAL  DEPART  LAST YEAR`S
                 VALUE   DATE(S)  VALUE   FROM    VALUE
                                          NORMAL
.............................................................
TEMPERATURE (F)
RECORD
 HIGH             105   07/14/1936
 LOW               40   07/01/1988
HIGHEST            91   07/22
LOWEST             48   07/31
AVG. MAXIMUM     80.3              84.5    -4.2     81.5
AVG. MINIMUM     57.5              62.4    -4.9     62.9
MEAN             68.9              73.5    -4.6     72.2
DAYS MAX >= 90      1               5.7    -4.7        5
DAYS MAX <= 32      0               0.0     0.0        0
DAYS MIN <= 32      0               0.0     0.0        0
DAYS MIN <= 0       0               0.0     0.0        0

PRECIPITATION (INCHES)
RECORD
 MAXIMUM         9.19   2006
 MINIMUM         0.34   1995
TOTALS           0.83              3.23   -2.40     3.94
DAYS >= .01         5               9.8    -4.8       15
DAYS >= .10         2               5.8    -3.8        8
DAYS >= .50         1               2.3    -1.3        4
DAYS >= 1.00        0               0.7    -0.7        0
GREATEST
 24 HR. TOTAL    0.52   07/23 TO 07/23              0.96

SNOWFALL (INCHES)
RECORDS
 TOTAL             MM   5
TOTALS            0.0               0.0     0.0      0.0
SINCE 7/1         0.0               0.0     0.0      0.0
DAYS >= 1.0         0               0.0     0.0        0
GREATEST
 24 HR TOTAL      0.0   07/30 TO 07/30

DEGREE_DAYS
HEATING TOTAL       9                 3       6       13
 SINCE 7/1          9                 3       6       13
COOLING TOTAL     137               265    -128      245
 SINCE 1/1        390               488     -98      501
..............................................................

WIND (MPH)
AVERAGE WIND SPEED              6.3
HIGHEST WIND SPEED/DIRECTION    23/250    DATE  07/15
HIGHEST GUST SPEED/DIRECTION    37/MM     DATE   MM

SKY COVER
AVERAGE SKY COVER           0.30

AVERAGE RH (PERCENT)     68

WEATHER CONDITIONS. NUMBER OF DAYS WITH
THUNDERSTORM              0     MIXED PRECIP               0
HEAVY RAIN                2     RAIN                       3
LIGHT RAIN                7     FREEZING RAIN              0
LT FREEZING RAIN          0     HAIL                       0
HEAVY SNOW                0     SNOW                       0
LIGHT SNOW                0     SLEET                      0
FOG                      13     FOG W/VIS <= 1/4 MILE      2
HAZE                      6

-  INDICATES NEGATIVE NUMBERS.
R  INDICATES RECORD WAS SET OR TIED.
MM INDICATES DATA IS MISSING.
T  INDICATES TRACE AMOUNT.

$$
