000
CXUS51 KCLE 010453
CLMTOL


CLIMATE REPORT...CORRECTED
NATIONAL WEATHER SERVICE CLEVELAND OH
1152 PM EST SAT NOV 30 2013

...................................

...THE TOLEDO OH CLIMATE SUMMARY FOR THE MONTH OF OCTOBER 2013...

CLIMATE NORMAL PERIOD 1981 TO 2010
CLIMATE RECORD PERIOD 1873 TO 2013

WEATHER         OBSERVED          NORMAL  DEPART  LAST YEAR`S
                 VALUE   DATE(S)  VALUE   FROM    VALUE
                                          NORMAL
.............................................................
TEMPERATURE (F)
RECORD
 HIGH              92   10/04/1951
 LOW                0   10/10/2008
HIGHEST            82   10/02
LOWEST             28   10/28
                        10/25
AVG. MAXIMUM     63.0              62.8     0.2     60.5
AVG. MINIMUM     42.7              41.8     0.9     42.6
MEAN             52.9              52.3     0.6     51.6
DAYS MAX >= 90      0               0.0     0.0        0
DAYS MAX <= 32      0               0.0     0.0        0
DAYS MIN <= 32      6               3.9     2.1        4
DAYS MIN <= 0       0               0.0     0.0        0

PRECIPITATION (INCHES)
RECORD
 MAXIMUM         8.49   1881
 MINIMUM         0.27   2005
TOTALS           3.64              2.60    1.04     2.06
DAYS >= .01        11              10.0     1.0       18
DAYS >= .10         7               5.3     1.7        7
DAYS >= .50         3               1.5     1.5        0
DAYS >= 1.00        1               0.5     0.5        0
GREATEST
 24 HR. TOTAL    1.23   10/31 TO 10/31              0.46

SNOWFALL (INCHES)
RECORDS
 TOTAL            2.0   5
                        0
                        -26215
TOTALS            0.0               0.2    -0.2        T
SINCE 7/1         0.0               0.2    -0.2        T
DAYS >= 1.0         0               0.1    -0.1        0
GREATEST
 24 HR TOTAL      0.0   10/31 TO 10/31

DEGREE_DAYS
HEATING TOTAL     390               402     -12      414
 SINCE 7/1        537               526      11      562
COOLING TOTAL      21                 9      12        6
 SINCE 1/1        793               793       0      998
..............................................................

WIND (MPH)
AVERAGE WIND SPEED              6.3
HIGHEST WIND SPEED/DIRECTION    26/240    DATE  10/31
HIGHEST GUST SPEED/DIRECTION    64/320    DATE  10/04

SKY COVER
AVERAGE SKY COVER           0.40

AVERAGE RH (PERCENT)     75

WEATHER CONDITIONS. NUMBER OF DAYS WITH
THUNDERSTORM              0     MIXED PRECIP               0
HEAVY RAIN                5     RAIN                       7
LIGHT RAIN               12     FREEZING RAIN              0
LT FREEZING RAIN          0     HAIL                       0
HEAVY SNOW                0     SNOW                       0
LIGHT SNOW                0     SLEET                      0
FOG                      20     FOG W/VIS <= 1/4 MILE      3
HAZE                      5

-  INDICATES NEGATIVE NUMBERS.
R  INDICATES RECORD WAS SET OR TIED.
MM INDICATES DATA IS MISSING.
T  INDICATES TRACE AMOUNT.

$$
...CORRECTED MOTHLY PRECIPITATION TOTAL...
