000
CXUS51 KCLE 011858
CLMTOL


CLIMATE REPORT
NATIONAL WEATHER SERVICE CLEVELAND OH
149 PM EST SAT FEB 1 2014

...................................

...THE TOLEDO OH CLIMATE SUMMARY FOR THE MONTH OF JANUARY 2014...

CLIMATE NORMAL PERIOD 1981 TO 2010
CLIMATE RECORD PERIOD 1873 TO 2014

WEATHER         OBSERVED          NORMAL  DEPART  LAST YEAR`S
                 VALUE   DATE(S)  VALUE   FROM    VALUE
                                          NORMAL
.............................................................
TEMPERATURE (F)
RECORD
 HIGH              71   01/25/1950
                        01/13/1890
 LOW              -20   01/21/1984
HIGHEST            47   01/13
LOWEST            -15   01/06
AVG. MAXIMUM     24.9              32.6    -7.7     36.1
AVG. MINIMUM      7.1              18.4   -11.3     19.9
MEAN             16.0              25.5    -9.5     28.0
DAYS MAX >= 90      0               0.0     0.0        0
DAYS MAX <= 32     23              15.0     8.0       13
DAYS MIN <= 32     29              27.0     2.0       26
DAYS MIN <= 0      12               2.9     9.1        1

PRECIPITATION (INCHES)
RECORD
 MAXIMUM         6.63   1913
 MINIMUM         0.27   1961
TOTALS           3.29              2.05    1.24     3.62
DAYS >= .01        21              12.7     8.3       11
DAYS >= .10        10               5.4     4.6        6
DAYS >= .50         1               1.2    -0.2        2
DAYS >= 1.00        0               0.1    -0.1        1
GREATEST
 24 HR. TOTAL    1.07   01/05 TO 01/06              2.01

SNOWFALL (INCHES)
RECORDS
 TOTAL           30.8   1978
TOTALS           40.2R             11.6    28.6      3.1
SINCE 7/1        51.9              21.1    30.8     10.1
DAYS >= 1.0        12               3.5     8.5        1
GREATEST
 24 HR TOTAL     13.0   01/05 TO 01/06

DEGREE_DAYS
HEATING TOTAL    1510              1224     286     1141
 SINCE 7/1       4009              3549     460     3392
COOLING TOTAL       0                 0       0        0
 SINCE 1/1          0                 0       0        0
..............................................................

WIND (MPH)
AVERAGE WIND SPEED              11.2
HIGHEST WIND SPEED/DIRECTION    36/250    DATE  01/06
HIGHEST GUST SPEED/DIRECTION    46/250    DATE  01/06

SKY COVER
AVERAGE SKY COVER           0.60

AVERAGE RH (PERCENT)     76

WEATHER CONDITIONS. NUMBER OF DAYS WITH
THUNDERSTORM              0     MIXED PRECIP               0
HEAVY RAIN                1     RAIN                       1
LIGHT RAIN                3     FREEZING RAIN              0
LT FREEZING RAIN          0     HAIL                       0
HEAVY SNOW                0     SNOW                       5
LIGHT SNOW               21     SLEET                      0
FOG                      22     FOG W/VIS <= 1/4 MILE      4
HAZE                     10

-  INDICATES NEGATIVE NUMBERS.
R  INDICATES RECORD WAS SET OR TIED.
MM INDICATES DATA IS MISSING.
T  INDICATES TRACE AMOUNT.

$$
