000
CXUS51 KCLE 011225
CLMTOL


CLIMATE REPORT
NATIONAL WEATHER SERVICE CLEVELAND OH
813 AM EDT SAT JUN 1 2013

...................................

...THE TOLEDO OH CLIMATE SUMMARY FOR THE MONTH OF MAY 2013...

CLIMATE NORMAL PERIOD 1981 TO 2010
CLIMATE RECORD PERIOD 1873 TO 2013

WEATHER         OBSERVED          NORMAL  DEPART  LAST YEAR`S
                 VALUE   DATE(S)  VALUE   FROM    VALUE
                                          NORMAL
.............................................................
TEMPERATURE (F)
RECORD
 HIGH              96   05/28/2012
 LOW               25   05/04/2005
                        05/07/1974
HIGHEST            91   05/20
LOWEST             30   05/13
                        05/12
AVG. MAXIMUM     74.9              71.0     3.9     77.5
AVG. MINIMUM     50.5              48.5     2.0     52.3
MEAN             62.7              59.8     2.9     64.9
DAYS MAX >= 90      1               0.8     0.2        4
DAYS MAX <= 32      0               0.0     0.0        0
DAYS MIN <= 32      2               0.4     1.6        0
DAYS MIN <= 0       0               0.0     0.0        0

PRECIPITATION (INCHES)
RECORD
 MAXIMUM         8.04   1943
 MINIMUM         0.45   1881
TOTALS           2.61              3.58   -0.97     1.50
DAYS >= .01         8              12.0    -4.0       10
DAYS >= .10         7               7.2    -0.2        6
DAYS >= .50         2               2.3    -0.3        1
DAYS >= 1.00        0               0.9    -0.9        0
GREATEST
 24 HR. TOTAL    0.88   05/27 TO 05/28              0.74

SNOWFALL (INCHES)
RECORDS
 TOTAL            4.0   1923
TOTALS            0.0               0.1    -0.1      0.0
SINCE 7/1        22.4              37.6   -15.2     20.8
DAYS >= 1.0         0               0.0     0.0        0
GREATEST
 24 HR TOTAL      0.0

DEGREE_DAYS
HEATING TOTAL     157               208     -51       90
 SINCE 7/1       6134              6110      24     5017
COOLING TOTAL      94                45      49       97
 SINCE 1/1         94                53      41      120
..............................................................

WIND (MPH)
AVERAGE WIND SPEED              7.8
HIGHEST WIND SPEED/DIRECTION    32/260    DATE  05/30
HIGHEST GUST SPEED/DIRECTION    43/260    DATE  05/30

SKY COVER
AVERAGE SKY COVER           0.30

AVERAGE RH (PERCENT)     60

WEATHER CONDITIONS. NUMBER OF DAYS WITH
THUNDERSTORM              0     MIXED PRECIP               0
HEAVY RAIN                5     RAIN                       6
LIGHT RAIN               10     FREEZING RAIN              0
LT FREEZING RAIN          0     HAIL                       0
HEAVY SNOW                0     SNOW                       0
LIGHT SNOW                0     SLEET                      0
FOG                       8     FOG W/VIS <= 1/4 MILE      1
HAZE                      2

-  INDICATES NEGATIVE NUMBERS.
R  INDICATES RECORD WAS SET OR TIED.
MM INDICATES DATA IS MISSING.
T  INDICATES TRACE AMOUNT.

$$
