000
CXUS51 KCLE 021325
CLMTOL


CLIMATE REPORT
NATIONAL WEATHER SERVICE CLEVELAND OH
821 AM EST WED DEC 2 2015

...................................

...THE TOLEDO OH CLIMATE SUMMARY FOR THE SEASON, FROM
9/1/2015 TO 11/30/2015...

CLIMATE NORMAL PERIOD 1981 TO 2010
CLIMATE RECORD PERIOD 1873 TO 2015

WEATHER         OBSERVED          NORMAL  DEPART
                 VALUE   DATE(S)  VALUE   FROM
                                          NORMAL
................................................
TEMPERATURE (F)
RECORD
 HIGH             100   09/02/1953
                        09/01/1953
                        09/15/1939
 LOW                0   10/10/2008
HIGHEST            91   09/07
LOWEST             18   11/23
                        11/22
AVG. MAXIMUM     65.8              62.6     3.2
AVG. MINIMUM     44.9              42.6     2.3
MEAN             55.4              52.6     2.8
DAYS MAX >= 90      4               0.9
DAYS MAX <= 32      1               1.1
DAYS MIN <= 32     15              18.7
DAYS MIN <= 0       0               0.0

PRECIPITATION (INCHES)
RECORD
 MAXIMUM        18.56   1881
 MINIMUM         2.50   1908
TOTALS           5.20              8.24   -3.04
DAYS >= .01        26              31.1
DAYS >= .10        15              16.9
DAYS >= .50         3               5.0
DAYS >= 1.00        1               1.6

SNOWFALL (INCHES)
RECORDS
 TOTAL           17.9   1996
TOTALS            3.5               2.1
DAYS >= TRACE       1
DAYS >= 1.0         1               0.8

DEGREE_DAYS
HEATING TOTAL     998              1219    -221
COOLING TOTAL     138                91      47
.................................................

WIND (MPH)
HIGHEST GUST SPEED/DIRECTION    53/230    DATE  11/12

SKY COVER
POSSIBLE SUNSHINE (PERCENT)   MM
NUMBER OF DAYS FAIR           52
NUMBER OF DAYS PC             22
NUMBER OF DAYS CLOUDY         17


WEATHER CONDITIONS. NUMBER OF DAYS WITH
THUNDERSTORM              0     MIXED PRECIP               0
HEAVY RAIN                8     RAIN                       9
LIGHT RAIN               36     FREEZING RAIN              0
LT FREEZING RAIN          0     HAIL                       0
HEAVY SNOW                0     SNOW                       1
LIGHT SNOW                1     SLEET                      0
FOG                      47     FOG W/VIS <= 1/4 MILE      5
HAZE                     10

-  INDICATES NEGATIVE NUMBERS.
R  INDICATES RECORD WAS SET OR TIED.
MM INDICATES DATA IS MISSING.
T  INDICATES TRACE AMOUNT.

$$
