000
CXUS51 KCLE 082206
CLMTOL


CLIMATE REPORT...CORRECTED
NATIONAL WEATHER SERVICE CLEVELAND OH
502 PM EST FRI JAN 8 2016

...................................

...THE TOLEDO OH CLIMATE SUMMARY FOR THE MONTH OF DECEMBER 2015...

CLIMATE NORMAL PERIOD 1981 TO 2010
CLIMATE RECORD PERIOD 1873 TO 2016

WEATHER         OBSERVED          NORMAL  DEPART  LAST YEAR`S
                 VALUE   DATE(S)  VALUE   FROM    VALUE
                                          NORMAL
.............................................................
TEMPERATURE (F)
RECORD
 HIGH              70   12/05/2001
                        12/29/1889
 LOW              -19   12/22/1989
HIGHEST            66   12/12
LOWEST             18   12/20
AVG. MAXIMUM     47.9              36.4    11.5     39.0
AVG. MINIMUM     33.9              23.1    10.8     27.0
MEAN             40.9              29.7    11.2     33.0
DAYS MAX >= 90      0               0.0     0.0        0
DAYS MAX <= 32      2              10.5    -8.5        7
DAYS MIN <= 32     14              24.8   -10.8       24
DAYS MIN <= 0       0               1.0    -1.0        0

PRECIPITATION (INCHES)
RECORD
 MAXIMUM         6.81   1967
 MINIMUM         0.33   1919
TOTALS           2.98              2.68    0.30     1.09
DAYS >= .01         9              13.1    -4.1        8
DAYS >= .10         6               6.6    -0.6        4
DAYS >= .50         2               1.5     0.5        0
DAYS >= 1.00        1               0.3     0.7        0
GREATEST
 24 HR. TOTAL    1.03   12/28 TO 12/28              0.48

SNOWFALL (INCHES)
RECORDS
 TOTAL           26.0   2000
TOTALS              T               7.4    -7.4        T
SINCE 7/1         3.5               9.5    -6.0      2.8
DAYS >= 1.0         0               2.3    -2.3        0
GREATEST
 24 HR TOTAL        T   12/28 TO 12/28

DEGREE_DAYS
HEATING TOTAL     740              1092    -352      988
 SINCE 7/1       1750              2325    -575     2426
COOLING TOTAL       0                 0       0        0
 SINCE 1/1        719               793     -74      654
..............................................................

WIND (MPH)
AVERAGE WIND SPEED              9.3
HIGHEST WIND SPEED/DIRECTION    35/240    DATE  12/24
HIGHEST GUST SPEED/DIRECTION    48/240    DATE  12/24

SKY COVER
AVERAGE SKY COVER           0.60

AVERAGE RH (PERCENT)     78

WEATHER CONDITIONS. NUMBER OF DAYS WITH
THUNDERSTORM              0     MIXED PRECIP               0
HEAVY RAIN                3     RAIN                       4
LIGHT RAIN               11     FREEZING RAIN              0
LT FREEZING RAIN          1     HAIL                       0
HEAVY SNOW                0     SNOW                       0
LIGHT SNOW                2     SLEET                      1
FOG                      17     FOG W/VIS <= 1/4 MILE      5
HAZE                      3

-  INDICATES NEGATIVE NUMBERS.
R  INDICATES RECORD WAS SET OR TIED.
MM INDICATES DATA IS MISSING.
T  INDICATES TRACE AMOUNT.

$$
...ADDED SNOWFALL DATA...
