887
CXUS51 KCLE 042341
CLMTOL


CLIMATE REPORT
NATIONAL WEATHER SERVICE CLEVELAND OH
735 PM EDT MON JUL 4 2016

...................................

...THE TOLEDO OH CLIMATE SUMMARY FOR THE MONTH OF JUNE 2016...

CLIMATE NORMAL PERIOD 1981 TO 2010
CLIMATE RECORD PERIOD 1873 TO 2016

WEATHER         OBSERVED          NORMAL  DEPART  LAST YEAR`S
                 VALUE   DATE(S)  VALUE   FROM    VALUE
                                          NORMAL
.............................................................
TEMPERATURE (F)
RECORD
 HIGH             104   06/25/1988
 LOW               32   06/11/1972
HIGHEST            95   06/11
LOWEST             44   06/09
AVG. MAXIMUM     83.1              80.7     2.4     77.3
AVG. MINIMUM     58.2              58.3    -0.1     58.7
MEAN             70.7              69.5     1.2     68.0
DAYS MAX >= 90      5               3.7     1.3        0
DAYS MAX <= 32      0               0.0     0.0        0
DAYS MIN <= 32      0               0.0     0.0        0
DAYS MIN <= 0       0               0.0     0.0        0

PRECIPITATION (INCHES)
RECORD
 MAXIMUM         8.48   1981
 MINIMUM         0.12   1952
TOTALS           1.62              3.57   -1.95     7.22
DAYS >= .01         8              10.2    -2.2       13
DAYS >= .10         5               6.2    -1.2       10
DAYS >= .50         0               2.3    -2.3        4
DAYS >= 1.00        0               0.8    -0.8        3
GREATEST
 24 HR. TOTAL    0.65   06/22 TO 06/23              3.42

SNOWFALL (INCHES)
RECORDS
 TOTAL             MM   MM
TOTALS            0.0               0.0     0.0      0.0
SINCE 7/1        26.4              37.6   -11.2     45.7
DAYS >= 1.0         0               0.0     0.0        0
GREATEST
 24 HR TOTAL      0.0   06/30 TO 06/30

DEGREE_DAYS
HEATING TOTAL      13                35     -22       35
 SINCE 7/1       5357              6145    -788     6896
COOLING TOTAL     190               170      20      133
 SINCE 1/1        259               223      36      226
..............................................................

WIND (MPH)
AVERAGE WIND SPEED              7.4
HIGHEST WIND SPEED/DIRECTION    30/270    DATE  06/05
HIGHEST GUST SPEED/DIRECTION    38/230    DATE  06/26

SKY COVER
AVERAGE SKY COVER           0.30

AVERAGE RH (PERCENT)     62

WEATHER CONDITIONS. NUMBER OF DAYS WITH
THUNDERSTORM              0     MIXED PRECIP               0
HEAVY RAIN                4     RAIN                       5
LIGHT RAIN               10     FREEZING RAIN              0
LT FREEZING RAIN          0     HAIL                       0
HEAVY SNOW                0     SNOW                       0
LIGHT SNOW                0     SLEET                      0
FOG                       9     FOG W/VIS <= 1/4 MILE      0
HAZE                      2

-  INDICATES NEGATIVE NUMBERS.
R  INDICATES RECORD WAS SET OR TIED.
MM INDICATES DATA IS MISSING.
T  INDICATES TRACE AMOUNT.

$$
